{"id":208,"date":"2024-10-02T16:34:39","date_gmt":"2024-10-02T14:34:39","guid":{"rendered":"https:\/\/riberasalud.com\/covadonga\/?page_id=208"},"modified":"2025-05-30T12:05:45","modified_gmt":"2025-05-30T10:05:45","slug":"aseguradoras-y-mutuas","status":"publish","type":"page","link":"https:\/\/riberasalud.com\/covadonga\/aseguradoras-y-mutuas\/","title":{"rendered":"Aseguradoras y mutuas"},"content":{"rendered":"\n<div class=\"wp-block-cover alignfull bannerribera\" style=\"min-height:430px;aspect-ratio:unset;\"><img loading=\"lazy\" decoding=\"async\" width=\"1354\" height=\"477\" class=\"wp-block-cover__image-background wp-image-128\" alt=\"urgencias boxes\" src=\"https:\/\/riberasalud.com\/covadonga\/wp-content\/uploads\/2024\/09\/urgencias_boxes.jpg\" data-object-fit=\"cover\" srcset=\"https:\/\/riberasalud.com\/covadonga\/wp-content\/uploads\/2024\/09\/urgencias_boxes.jpg 1354w, https:\/\/riberasalud.com\/covadonga\/wp-content\/uploads\/2024\/09\/urgencias_boxes-300x106.jpg 300w, https:\/\/riberasalud.com\/covadonga\/wp-content\/uploads\/2024\/09\/urgencias_boxes-1024x361.jpg 1024w, https:\/\/riberasalud.com\/covadonga\/wp-content\/uploads\/2024\/09\/urgencias_boxes-768x271.jpg 768w\" sizes=\"auto, (max-width: 1354px) 100vw, 1354px\" \/><span aria-hidden=\"true\" class=\"wp-block-cover__background has-contrast-background-color has-background-dim\"><\/span><div class=\"wp-block-cover__inner-container is-layout-constrained wp-block-cover-is-layout-constrained\">\n<div class=\"wp-block-columns is-layout-flex wp-container-core-columns-is-layout-9d6595d7 wp-block-columns-is-layout-flex\">\n<div class=\"wp-block-column is-layout-flow wp-block-column-is-layout-flow\">\n<h1 class=\"wp-block-heading has-text-align-center has-large-font-size\">Aseguradoras y mutuas<\/h1>\n\n\n\n<p class=\"has-text-align-center\" style=\"font-size:18px\">Trabajamos con las principales aseguradoras y mutuas para ofrecerte una atenci\u00f3n m\u00e9dica de calidad<\/p>\n<\/div>\n<\/div>\n<\/div><\/div>\n\n\n\n<div class=\"wp-block-group\"><div class=\"wp-block-group__inner-container is-layout-constrained wp-block-group-is-layout-constrained\">\n<div class=\"wp-block-columns is-layout-flex wp-container-core-columns-is-layout-9d6595d7 wp-block-columns-is-layout-flex\">\n<div class=\"wp-block-column is-layout-flow wp-block-column-is-layout-flow\">\n<p>En nuestro hospital colaboramos con una <strong>amplia red de aseguradoras y mutuas<\/strong> para garantizar que recibas la mejor atenci\u00f3n m\u00e9dica sin complicaciones. Nos esforzamos por ofrecerte un servicio integral, facilitando los tr\u00e1mites y brindando acceso a tratamientos de calidad. A continuaci\u00f3n, encontrar\u00e1s un listado de las aseguradoras y mutuas con las que trabajamos, para que puedas verificar f\u00e1cilmente si tu cobertura est\u00e1 incluida. Si tienes alguna duda sobre tu seguro o necesitas m\u00e1s informaci\u00f3n, no dudes en ponerte en contacto con nuestro equipo de atenci\u00f3n al paciente. Estamos aqu\u00ed para ayudarte en todo momento<\/p>\n<\/div>\n<\/div>\n<\/div><\/div>\n\n\n\n<div class=\"wp-block-group hasbackgroundmio\"><div class=\"wp-block-group__inner-container is-layout-constrained wp-block-group-is-layout-constrained\">\n<div class=\"wp-block-columns is-layout-flex wp-container-core-columns-is-layout-9d6595d7 wp-block-columns-is-layout-flex\">\n<div class=\"wp-block-column is-layout-flow wp-block-column-is-layout-flow\">\n<div class=\"wp-block-columns is-layout-flex wp-container-core-columns-is-layout-9d6595d7 wp-block-columns-is-layout-flex\">\n<div class=\"wp-block-column is-layout-flow wp-block-column-is-layout-flow\">\n<figure class=\"wp-block-image size-full\"><img loading=\"lazy\" decoding=\"async\" width=\"400\" height=\"300\" src=\"https:\/\/riberasalud.com\/covadonga\/wp-content\/uploads\/2024\/10\/aseguradoras_Mesa-de-trabajo-1.jpg\" alt=\"Aegon\" class=\"wp-image-209\" srcset=\"https:\/\/riberasalud.com\/covadonga\/wp-content\/uploads\/2024\/10\/aseguradoras_Mesa-de-trabajo-1.jpg 400w, https:\/\/riberasalud.com\/covadonga\/wp-content\/uploads\/2024\/10\/aseguradoras_Mesa-de-trabajo-1-300x225.jpg 300w\" sizes=\"auto, (max-width: 400px) 100vw, 400px\" \/><\/figure>\n<\/div>\n\n\n\n<div class=\"wp-block-column is-layout-flow wp-block-column-is-layout-flow\">\n<figure class=\"wp-block-image size-full\"><img loading=\"lazy\" decoding=\"async\" width=\"400\" height=\"300\" src=\"https:\/\/riberasalud.com\/covadonga\/wp-content\/uploads\/2024\/10\/aseguradoras-02.jpg\" alt=\"allianz\" class=\"wp-image-210\" srcset=\"https:\/\/riberasalud.com\/covadonga\/wp-content\/uploads\/2024\/10\/aseguradoras-02.jpg 400w, https:\/\/riberasalud.com\/covadonga\/wp-content\/uploads\/2024\/10\/aseguradoras-02-300x225.jpg 300w\" sizes=\"auto, (max-width: 400px) 100vw, 400px\" \/><\/figure>\n<\/div>\n\n\n\n<div class=\"wp-block-column is-layout-flow wp-block-column-is-layout-flow\">\n<figure class=\"wp-block-image size-full\"><img loading=\"lazy\" decoding=\"async\" width=\"400\" height=\"300\" src=\"https:\/\/riberasalud.com\/covadonga\/wp-content\/uploads\/2024\/10\/aseguradoras-03.jpg\" alt=\"Asefa\" class=\"wp-image-214\" srcset=\"https:\/\/riberasalud.com\/covadonga\/wp-content\/uploads\/2024\/10\/aseguradoras-03.jpg 400w, https:\/\/riberasalud.com\/covadonga\/wp-content\/uploads\/2024\/10\/aseguradoras-03-300x225.jpg 300w\" sizes=\"auto, (max-width: 400px) 100vw, 400px\" \/><\/figure>\n<\/div>\n\n\n\n<div class=\"wp-block-column is-layout-flow wp-block-column-is-layout-flow\">\n<figure class=\"wp-block-image size-full\"><img loading=\"lazy\" decoding=\"async\" width=\"400\" height=\"300\" src=\"https:\/\/riberasalud.com\/covadonga\/wp-content\/uploads\/2024\/10\/aseguradoras-04.jpg\" alt=\"Asisa\" class=\"wp-image-216\" srcset=\"https:\/\/riberasalud.com\/covadonga\/wp-content\/uploads\/2024\/10\/aseguradoras-04.jpg 400w, https:\/\/riberasalud.com\/covadonga\/wp-content\/uploads\/2024\/10\/aseguradoras-04-300x225.jpg 300w\" sizes=\"auto, (max-width: 400px) 100vw, 400px\" \/><\/figure>\n<\/div>\n\n\n\n<div class=\"wp-block-column is-layout-flow wp-block-column-is-layout-flow\">\n<figure class=\"wp-block-image size-full\"><img loading=\"lazy\" decoding=\"async\" width=\"400\" height=\"300\" src=\"https:\/\/riberasalud.com\/covadonga\/wp-content\/uploads\/2024\/10\/aseguradoras-05.jpg\" alt=\"Axa\" class=\"wp-image-217\" srcset=\"https:\/\/riberasalud.com\/covadonga\/wp-content\/uploads\/2024\/10\/aseguradoras-05.jpg 400w, https:\/\/riberasalud.com\/covadonga\/wp-content\/uploads\/2024\/10\/aseguradoras-05-300x225.jpg 300w\" sizes=\"auto, (max-width: 400px) 100vw, 400px\" \/><\/figure>\n<\/div>\n\n\n\n<div class=\"wp-block-column is-layout-flow wp-block-column-is-layout-flow\">\n<figure class=\"wp-block-image size-full\"><img loading=\"lazy\" decoding=\"async\" width=\"400\" height=\"300\" src=\"https:\/\/riberasalud.com\/covadonga\/wp-content\/uploads\/2024\/10\/aseguradoras-06.jpg\" alt=\"Caser\" class=\"wp-image-219\" srcset=\"https:\/\/riberasalud.com\/covadonga\/wp-content\/uploads\/2024\/10\/aseguradoras-06.jpg 400w, https:\/\/riberasalud.com\/covadonga\/wp-content\/uploads\/2024\/10\/aseguradoras-06-300x225.jpg 300w\" sizes=\"auto, (max-width: 400px) 100vw, 400px\" \/><\/figure>\n<\/div>\n<\/div>\n\n\n\n<div style=\"height:15px\" aria-hidden=\"true\" class=\"wp-block-spacer\"><\/div>\n\n\n\n<div class=\"wp-block-columns is-layout-flex wp-container-core-columns-is-layout-9d6595d7 wp-block-columns-is-layout-flex\">\n<div class=\"wp-block-column is-layout-flow wp-block-column-is-layout-flow\">\n<figure class=\"wp-block-image size-full\"><img loading=\"lazy\" decoding=\"async\" width=\"400\" height=\"300\" src=\"https:\/\/riberasalud.com\/covadonga\/wp-content\/uploads\/2024\/10\/aseguradoras-07.jpg\" alt=\"Divina\" class=\"wp-image-220\" srcset=\"https:\/\/riberasalud.com\/covadonga\/wp-content\/uploads\/2024\/10\/aseguradoras-07.jpg 400w, https:\/\/riberasalud.com\/covadonga\/wp-content\/uploads\/2024\/10\/aseguradoras-07-300x225.jpg 300w\" sizes=\"auto, (max-width: 400px) 100vw, 400px\" \/><\/figure>\n<\/div>\n\n\n\n<div class=\"wp-block-column is-layout-flow wp-block-column-is-layout-flow\">\n<figure class=\"wp-block-image size-full\"><img loading=\"lazy\" decoding=\"async\" width=\"400\" height=\"300\" src=\"https:\/\/riberasalud.com\/covadonga\/wp-content\/uploads\/2024\/10\/aseguradoras-08.jpg\" alt=\"DKV\" class=\"wp-image-221\" srcset=\"https:\/\/riberasalud.com\/covadonga\/wp-content\/uploads\/2024\/10\/aseguradoras-08.jpg 400w, https:\/\/riberasalud.com\/covadonga\/wp-content\/uploads\/2024\/10\/aseguradoras-08-300x225.jpg 300w\" sizes=\"auto, (max-width: 400px) 100vw, 400px\" \/><\/figure>\n<\/div>\n\n\n\n<div class=\"wp-block-column is-layout-flow wp-block-column-is-layout-flow\">\n<figure class=\"wp-block-image size-full\"><img loading=\"lazy\" decoding=\"async\" width=\"400\" height=\"300\" src=\"https:\/\/riberasalud.com\/covadonga\/wp-content\/uploads\/2024\/10\/aseguradoras-09.jpg\" alt=\"FIAT\" class=\"wp-image-222\" srcset=\"https:\/\/riberasalud.com\/covadonga\/wp-content\/uploads\/2024\/10\/aseguradoras-09.jpg 400w, https:\/\/riberasalud.com\/covadonga\/wp-content\/uploads\/2024\/10\/aseguradoras-09-300x225.jpg 300w\" sizes=\"auto, (max-width: 400px) 100vw, 400px\" \/><\/figure>\n<\/div>\n\n\n\n<div class=\"wp-block-column is-layout-flow wp-block-column-is-layout-flow\">\n<figure class=\"wp-block-image size-full\"><img loading=\"lazy\" decoding=\"async\" width=\"400\" height=\"300\" src=\"https:\/\/riberasalud.com\/covadonga\/wp-content\/uploads\/2024\/10\/aseguradoras-10.jpg\" alt=\"Generali\" class=\"wp-image-223\" srcset=\"https:\/\/riberasalud.com\/covadonga\/wp-content\/uploads\/2024\/10\/aseguradoras-10.jpg 400w, https:\/\/riberasalud.com\/covadonga\/wp-content\/uploads\/2024\/10\/aseguradoras-10-300x225.jpg 300w\" sizes=\"auto, (max-width: 400px) 100vw, 400px\" \/><\/figure>\n<\/div>\n\n\n\n<div class=\"wp-block-column is-layout-flow wp-block-column-is-layout-flow\">\n<figure class=\"wp-block-image size-full\"><img loading=\"lazy\" decoding=\"async\" width=\"400\" height=\"300\" src=\"https:\/\/riberasalud.com\/covadonga\/wp-content\/uploads\/2024\/10\/aseguradoras-11.jpg\" alt=\"HNA\" class=\"wp-image-225\" srcset=\"https:\/\/riberasalud.com\/covadonga\/wp-content\/uploads\/2024\/10\/aseguradoras-11.jpg 400w, https:\/\/riberasalud.com\/covadonga\/wp-content\/uploads\/2024\/10\/aseguradoras-11-300x225.jpg 300w\" sizes=\"auto, (max-width: 400px) 100vw, 400px\" \/><\/figure>\n<\/div>\n\n\n\n<div class=\"wp-block-column is-layout-flow wp-block-column-is-layout-flow\">\n<figure class=\"wp-block-image size-full\"><img loading=\"lazy\" decoding=\"async\" width=\"400\" height=\"300\" src=\"https:\/\/riberasalud.com\/covadonga\/wp-content\/uploads\/2024\/10\/aseguradoras-12.jpg\" alt=\"Mapfre\" class=\"wp-image-226\" srcset=\"https:\/\/riberasalud.com\/covadonga\/wp-content\/uploads\/2024\/10\/aseguradoras-12.jpg 400w, https:\/\/riberasalud.com\/covadonga\/wp-content\/uploads\/2024\/10\/aseguradoras-12-300x225.jpg 300w\" sizes=\"auto, (max-width: 400px) 100vw, 400px\" \/><\/figure>\n<\/div>\n<\/div>\n\n\n\n<div style=\"height:15px\" aria-hidden=\"true\" class=\"wp-block-spacer\"><\/div>\n\n\n\n<div class=\"wp-block-columns is-layout-flex wp-container-core-columns-is-layout-9d6595d7 wp-block-columns-is-layout-flex\">\n<div class=\"wp-block-column is-layout-flow wp-block-column-is-layout-flow\">\n<figure class=\"wp-block-image size-full\"><img loading=\"lazy\" decoding=\"async\" width=\"400\" height=\"300\" src=\"https:\/\/riberasalud.com\/covadonga\/wp-content\/uploads\/2024\/10\/aseguradoras-13.jpg\" alt=\"MGS\" class=\"wp-image-230\" srcset=\"https:\/\/riberasalud.com\/covadonga\/wp-content\/uploads\/2024\/10\/aseguradoras-13.jpg 400w, https:\/\/riberasalud.com\/covadonga\/wp-content\/uploads\/2024\/10\/aseguradoras-13-300x225.jpg 300w\" sizes=\"auto, (max-width: 400px) 100vw, 400px\" \/><\/figure>\n<\/div>\n\n\n\n<div class=\"wp-block-column is-layout-flow wp-block-column-is-layout-flow\">\n<figure class=\"wp-block-image size-full\"><img loading=\"lazy\" decoding=\"async\" width=\"400\" height=\"300\" src=\"https:\/\/riberasalud.com\/covadonga\/wp-content\/uploads\/2025\/05\/Nueva-Mutua-Sanitaria.jpg\" alt=\"Nueva Mutua Sanitaria\" class=\"wp-image-2547\" srcset=\"https:\/\/riberasalud.com\/covadonga\/wp-content\/uploads\/2025\/05\/Nueva-Mutua-Sanitaria.jpg 400w, https:\/\/riberasalud.com\/covadonga\/wp-content\/uploads\/2025\/05\/Nueva-Mutua-Sanitaria-300x225.jpg 300w\" sizes=\"auto, (max-width: 400px) 100vw, 400px\" \/><\/figure>\n<\/div>\n\n\n\n<div class=\"wp-block-column is-layout-flow wp-block-column-is-layout-flow\">\n<figure class=\"wp-block-image size-full\"><img loading=\"lazy\" decoding=\"async\" width=\"400\" height=\"300\" src=\"https:\/\/riberasalud.com\/covadonga\/wp-content\/uploads\/2024\/10\/aseguradoras-14.jpg\" alt=\"Plus Ultra\" class=\"wp-image-231\" srcset=\"https:\/\/riberasalud.com\/covadonga\/wp-content\/uploads\/2024\/10\/aseguradoras-14.jpg 400w, https:\/\/riberasalud.com\/covadonga\/wp-content\/uploads\/2024\/10\/aseguradoras-14-300x225.jpg 300w\" sizes=\"auto, (max-width: 400px) 100vw, 400px\" \/><\/figure>\n<\/div>\n\n\n\n<div class=\"wp-block-column is-layout-flow wp-block-column-is-layout-flow\">\n<figure class=\"wp-block-image size-full\"><img loading=\"lazy\" decoding=\"async\" width=\"400\" height=\"300\" src=\"https:\/\/riberasalud.com\/covadonga\/wp-content\/uploads\/2024\/10\/aseguradoras-15.jpg\" alt=\"Salus\" class=\"wp-image-232\" srcset=\"https:\/\/riberasalud.com\/covadonga\/wp-content\/uploads\/2024\/10\/aseguradoras-15.jpg 400w, https:\/\/riberasalud.com\/covadonga\/wp-content\/uploads\/2024\/10\/aseguradoras-15-300x225.jpg 300w\" sizes=\"auto, (max-width: 400px) 100vw, 400px\" \/><\/figure>\n<\/div>\n\n\n\n<div class=\"wp-block-column is-layout-flow wp-block-column-is-layout-flow\">\n<figure class=\"wp-block-image size-full\"><img loading=\"lazy\" decoding=\"async\" width=\"400\" height=\"300\" src=\"https:\/\/riberasalud.com\/covadonga\/wp-content\/uploads\/2024\/10\/aseguradoras-16.jpg\" alt=\"Sanitas\" class=\"wp-image-233\" srcset=\"https:\/\/riberasalud.com\/covadonga\/wp-content\/uploads\/2024\/10\/aseguradoras-16.jpg 400w, https:\/\/riberasalud.com\/covadonga\/wp-content\/uploads\/2024\/10\/aseguradoras-16-300x225.jpg 300w\" sizes=\"auto, (max-width: 400px) 100vw, 400px\" \/><\/figure>\n<\/div>\n\n\n\n<div class=\"wp-block-column is-layout-flow wp-block-column-is-layout-flow\">\n<figure class=\"wp-block-image size-full\"><img loading=\"lazy\" decoding=\"async\" width=\"400\" height=\"300\" src=\"https:\/\/riberasalud.com\/covadonga\/wp-content\/uploads\/2024\/10\/aseguradoras-17.jpg\" alt=\"Santa Lucia\" class=\"wp-image-234\" srcset=\"https:\/\/riberasalud.com\/covadonga\/wp-content\/uploads\/2024\/10\/aseguradoras-17.jpg 400w, https:\/\/riberasalud.com\/covadonga\/wp-content\/uploads\/2024\/10\/aseguradoras-17-300x225.jpg 300w\" sizes=\"auto, (max-width: 400px) 100vw, 400px\" \/><\/figure>\n<\/div>\n<\/div>\n\n\n\n<div style=\"height:15px\" aria-hidden=\"true\" class=\"wp-block-spacer\"><\/div>\n\n\n\n<div class=\"wp-block-columns is-layout-flex wp-container-core-columns-is-layout-9d6595d7 wp-block-columns-is-layout-flex\">\n<div class=\"wp-block-column is-layout-flow wp-block-column-is-layout-flow\">\n<figure class=\"wp-block-image size-full\"><img loading=\"lazy\" decoding=\"async\" width=\"400\" height=\"300\" src=\"https:\/\/riberasalud.com\/covadonga\/wp-content\/uploads\/2024\/10\/aseguradoras-18.jpg\" alt=\"Vivaz\" class=\"wp-image-235\" srcset=\"https:\/\/riberasalud.com\/covadonga\/wp-content\/uploads\/2024\/10\/aseguradoras-18.jpg 400w, https:\/\/riberasalud.com\/covadonga\/wp-content\/uploads\/2024\/10\/aseguradoras-18-300x225.jpg 300w\" sizes=\"auto, (max-width: 400px) 100vw, 400px\" \/><\/figure>\n<\/div>\n\n\n\n<div class=\"wp-block-column has-background is-layout-flow wp-block-column-is-layout-flow\" style=\"background-color:#feefe8\"><\/div>\n\n\n\n<div class=\"wp-block-column has-background is-layout-flow wp-block-column-is-layout-flow\" style=\"background-color:#feefe8\"><\/div>\n\n\n\n<div class=\"wp-block-column has-background is-layout-flow wp-block-column-is-layout-flow\" style=\"background-color:#feefe8\"><\/div>\n\n\n\n<div class=\"wp-block-column has-background is-layout-flow wp-block-column-is-layout-flow\" style=\"background-color:#feefe8\"><\/div>\n\n\n\n<div class=\"wp-block-column has-background is-layout-flow wp-block-column-is-layout-flow\" style=\"background-color:#feefe8\"><\/div>\n<\/div>\n<\/div>\n<\/div>\n<\/div><\/div>\n","protected":false},"excerpt":{"rendered":"<p>En nuestro hospital colaboramos con una amplia red de aseguradoras y mutuas para garantizar que recibas la mejor atenci\u00f3n m\u00e9dica sin complicaciones. Nos esforzamos por ofrecerte un servicio integral, facilitando los tr\u00e1mites y brindando acceso a tratamientos de calidad. A continuaci\u00f3n, encontrar\u00e1s un listado de las aseguradoras y mutuas con las que trabajamos, para que &#8230; <\/p>\n<p class=\"read-more-container\"><a title=\"Aseguradoras y mutuas\" class=\"read-more button\" href=\"https:\/\/riberasalud.com\/covadonga\/aseguradoras-y-mutuas\/#more-208\" aria-label=\"Leer m\u00e1s sobre Aseguradoras y mutuas\">Leer m\u00e1s<\/a><\/p>\n","protected":false},"author":2,"featured_media":0,"parent":0,"menu_order":0,"comment_status":"closed","ping_status":"closed","template":"","meta":{"footnotes":""},"class_list":["post-208","page","type-page","status-publish"],"yoast_head":"<!-- This site is optimized with the Yoast SEO plugin v26.6 - https:\/\/yoast.com\/wordpress\/plugins\/seo\/ -->\n<title>Aseguradoras y mutuas - Hospital de Covadonga<\/title>\n<meta name=\"description\" content=\"El hospital Ribera Covadonga forma parte de la red de centros sanitarios del grupo Ribera, con m\u00e1s de 25 a\u00f1os de experiencia en la gesti\u00f3n\" \/>\n<meta name=\"robots\" content=\"index, follow, max-snippet:-1, max-image-preview:large, max-video-preview:-1\" \/>\n<link rel=\"canonical\" href=\"https:\/\/riberasalud.com\/covadonga\/aseguradoras-y-mutuas\/\" \/>\n<meta property=\"og:locale\" content=\"es_ES\" \/>\n<meta property=\"og:type\" content=\"article\" \/>\n<meta property=\"og:title\" content=\"Aseguradoras y mutuas - Hospital de Covadonga\" \/>\n<meta property=\"og:description\" content=\"El hospital Ribera Covadonga forma parte de la red de centros sanitarios del grupo Ribera, con m\u00e1s de 25 a\u00f1os de experiencia en la gesti\u00f3n\" \/>\n<meta property=\"og:url\" content=\"https:\/\/riberasalud.com\/covadonga\/aseguradoras-y-mutuas\/\" \/>\n<meta property=\"og:site_name\" content=\"Hospital de Covadonga\" \/>\n<meta property=\"article:modified_time\" content=\"2025-05-30T10:05:45+00:00\" \/>\n<meta property=\"og:image\" content=\"https:\/\/riberasalud.com\/covadonga\/wp-content\/uploads\/2024\/09\/urgencias_boxes.jpg\" \/>\n\t<meta property=\"og:image:width\" content=\"1354\" \/>\n\t<meta property=\"og:image:height\" content=\"477\" \/>\n\t<meta property=\"og:image:type\" content=\"image\/jpeg\" \/>\n<meta name=\"twitter:card\" content=\"summary_large_image\" \/>\n<meta name=\"twitter:label1\" content=\"Tiempo de lectura\" \/>\n\t<meta name=\"twitter:data1\" content=\"5 minutos\" \/>\n<script type=\"application\/ld+json\" class=\"yoast-schema-graph\">{\"@context\":\"https:\/\/schema.org\",\"@graph\":[{\"@type\":\"WebPage\",\"@id\":\"https:\/\/riberasalud.com\/covadonga\/aseguradoras-y-mutuas\/\",\"url\":\"https:\/\/riberasalud.com\/covadonga\/aseguradoras-y-mutuas\/\",\"name\":\"Aseguradoras y mutuas - Hospital de Covadonga\",\"isPartOf\":{\"@id\":\"https:\/\/riberasalud.com\/covadonga\/#website\"},\"primaryImageOfPage\":{\"@id\":\"https:\/\/riberasalud.com\/covadonga\/aseguradoras-y-mutuas\/#primaryimage\"},\"image\":{\"@id\":\"https:\/\/riberasalud.com\/covadonga\/aseguradoras-y-mutuas\/#primaryimage\"},\"thumbnailUrl\":\"https:\/\/riberasalud.com\/covadonga\/wp-content\/uploads\/2024\/09\/urgencias_boxes.jpg\",\"datePublished\":\"2024-10-02T14:34:39+00:00\",\"dateModified\":\"2025-05-30T10:05:45+00:00\",\"description\":\"El hospital Ribera Covadonga forma parte de la red de centros sanitarios del grupo Ribera, con m\u00e1s de 25 a\u00f1os de experiencia en la gesti\u00f3n\",\"breadcrumb\":{\"@id\":\"https:\/\/riberasalud.com\/covadonga\/aseguradoras-y-mutuas\/#breadcrumb\"},\"inLanguage\":\"es\",\"potentialAction\":[{\"@type\":\"ReadAction\",\"target\":[\"https:\/\/riberasalud.com\/covadonga\/aseguradoras-y-mutuas\/\"]}]},{\"@type\":\"ImageObject\",\"inLanguage\":\"es\",\"@id\":\"https:\/\/riberasalud.com\/covadonga\/aseguradoras-y-mutuas\/#primaryimage\",\"url\":\"https:\/\/riberasalud.com\/covadonga\/wp-content\/uploads\/2024\/09\/urgencias_boxes.jpg\",\"contentUrl\":\"https:\/\/riberasalud.com\/covadonga\/wp-content\/uploads\/2024\/09\/urgencias_boxes.jpg\",\"width\":1354,\"height\":477,\"caption\":\"urgencias boxes\"},{\"@type\":\"BreadcrumbList\",\"@id\":\"https:\/\/riberasalud.com\/covadonga\/aseguradoras-y-mutuas\/#breadcrumb\",\"itemListElement\":[{\"@type\":\"ListItem\",\"position\":1,\"name\":\"Portada\",\"item\":\"https:\/\/riberasalud.com\/covadonga\/\"},{\"@type\":\"ListItem\",\"position\":2,\"name\":\"Aseguradoras y mutuas\"}]},{\"@type\":\"WebSite\",\"@id\":\"https:\/\/riberasalud.com\/covadonga\/#website\",\"url\":\"https:\/\/riberasalud.com\/covadonga\/\",\"name\":\"Hospital de Covadonga\",\"description\":\"\",\"publisher\":{\"@id\":\"https:\/\/riberasalud.com\/covadonga\/#organization\"},\"potentialAction\":[{\"@type\":\"SearchAction\",\"target\":{\"@type\":\"EntryPoint\",\"urlTemplate\":\"https:\/\/riberasalud.com\/covadonga\/?s={search_term_string}\"},\"query-input\":{\"@type\":\"PropertyValueSpecification\",\"valueRequired\":true,\"valueName\":\"search_term_string\"}}],\"inLanguage\":\"es\"},{\"@type\":\"Organization\",\"@id\":\"https:\/\/riberasalud.com\/covadonga\/#organization\",\"name\":\"Hospital de Covadonga\",\"url\":\"https:\/\/riberasalud.com\/covadonga\/\",\"logo\":{\"@type\":\"ImageObject\",\"inLanguage\":\"es\",\"@id\":\"https:\/\/riberasalud.com\/covadonga\/#\/schema\/logo\/image\/\",\"url\":\"https:\/\/riberasalud.com\/covadonga\/wp-content\/uploads\/2024\/09\/cropped-LogoCovadonga_Mesa-de-trabajo-1.png\",\"contentUrl\":\"https:\/\/riberasalud.com\/covadonga\/wp-content\/uploads\/2024\/09\/cropped-LogoCovadonga_Mesa-de-trabajo-1.png\",\"width\":734,\"height\":212,\"caption\":\"Hospital de Covadonga\"},\"image\":{\"@id\":\"https:\/\/riberasalud.com\/covadonga\/#\/schema\/logo\/image\/\"}}]}<\/script>\n<!-- \/ Yoast SEO plugin. -->","yoast_head_json":{"title":"Aseguradoras y mutuas - Hospital de Covadonga","description":"El hospital Ribera Covadonga forma parte de la red de centros sanitarios del grupo Ribera, con m\u00e1s de 25 a\u00f1os de experiencia en la gesti\u00f3n","robots":{"index":"index","follow":"follow","max-snippet":"max-snippet:-1","max-image-preview":"max-image-preview:large","max-video-preview":"max-video-preview:-1"},"canonical":"https:\/\/riberasalud.com\/covadonga\/aseguradoras-y-mutuas\/","og_locale":"es_ES","og_type":"article","og_title":"Aseguradoras y mutuas - Hospital de Covadonga","og_description":"El hospital Ribera Covadonga forma parte de la red de centros sanitarios del grupo Ribera, con m\u00e1s de 25 a\u00f1os de experiencia en la gesti\u00f3n","og_url":"https:\/\/riberasalud.com\/covadonga\/aseguradoras-y-mutuas\/","og_site_name":"Hospital de Covadonga","article_modified_time":"2025-05-30T10:05:45+00:00","og_image":[{"width":1354,"height":477,"url":"https:\/\/riberasalud.com\/covadonga\/wp-content\/uploads\/2024\/09\/urgencias_boxes.jpg","type":"image\/jpeg"}],"twitter_card":"summary_large_image","twitter_misc":{"Tiempo de lectura":"5 minutos"},"schema":{"@context":"https:\/\/schema.org","@graph":[{"@type":"WebPage","@id":"https:\/\/riberasalud.com\/covadonga\/aseguradoras-y-mutuas\/","url":"https:\/\/riberasalud.com\/covadonga\/aseguradoras-y-mutuas\/","name":"Aseguradoras y mutuas - Hospital de Covadonga","isPartOf":{"@id":"https:\/\/riberasalud.com\/covadonga\/#website"},"primaryImageOfPage":{"@id":"https:\/\/riberasalud.com\/covadonga\/aseguradoras-y-mutuas\/#primaryimage"},"image":{"@id":"https:\/\/riberasalud.com\/covadonga\/aseguradoras-y-mutuas\/#primaryimage"},"thumbnailUrl":"https:\/\/riberasalud.com\/covadonga\/wp-content\/uploads\/2024\/09\/urgencias_boxes.jpg","datePublished":"2024-10-02T14:34:39+00:00","dateModified":"2025-05-30T10:05:45+00:00","description":"El hospital Ribera Covadonga forma parte de la red de centros sanitarios del grupo Ribera, con m\u00e1s de 25 a\u00f1os de experiencia en la gesti\u00f3n","breadcrumb":{"@id":"https:\/\/riberasalud.com\/covadonga\/aseguradoras-y-mutuas\/#breadcrumb"},"inLanguage":"es","potentialAction":[{"@type":"ReadAction","target":["https:\/\/riberasalud.com\/covadonga\/aseguradoras-y-mutuas\/"]}]},{"@type":"ImageObject","inLanguage":"es","@id":"https:\/\/riberasalud.com\/covadonga\/aseguradoras-y-mutuas\/#primaryimage","url":"https:\/\/riberasalud.com\/covadonga\/wp-content\/uploads\/2024\/09\/urgencias_boxes.jpg","contentUrl":"https:\/\/riberasalud.com\/covadonga\/wp-content\/uploads\/2024\/09\/urgencias_boxes.jpg","width":1354,"height":477,"caption":"urgencias boxes"},{"@type":"BreadcrumbList","@id":"https:\/\/riberasalud.com\/covadonga\/aseguradoras-y-mutuas\/#breadcrumb","itemListElement":[{"@type":"ListItem","position":1,"name":"Portada","item":"https:\/\/riberasalud.com\/covadonga\/"},{"@type":"ListItem","position":2,"name":"Aseguradoras y mutuas"}]},{"@type":"WebSite","@id":"https:\/\/riberasalud.com\/covadonga\/#website","url":"https:\/\/riberasalud.com\/covadonga\/","name":"Hospital de Covadonga","description":"","publisher":{"@id":"https:\/\/riberasalud.com\/covadonga\/#organization"},"potentialAction":[{"@type":"SearchAction","target":{"@type":"EntryPoint","urlTemplate":"https:\/\/riberasalud.com\/covadonga\/?s={search_term_string}"},"query-input":{"@type":"PropertyValueSpecification","valueRequired":true,"valueName":"search_term_string"}}],"inLanguage":"es"},{"@type":"Organization","@id":"https:\/\/riberasalud.com\/covadonga\/#organization","name":"Hospital de Covadonga","url":"https:\/\/riberasalud.com\/covadonga\/","logo":{"@type":"ImageObject","inLanguage":"es","@id":"https:\/\/riberasalud.com\/covadonga\/#\/schema\/logo\/image\/","url":"https:\/\/riberasalud.com\/covadonga\/wp-content\/uploads\/2024\/09\/cropped-LogoCovadonga_Mesa-de-trabajo-1.png","contentUrl":"https:\/\/riberasalud.com\/covadonga\/wp-content\/uploads\/2024\/09\/cropped-LogoCovadonga_Mesa-de-trabajo-1.png","width":734,"height":212,"caption":"Hospital de Covadonga"},"image":{"@id":"https:\/\/riberasalud.com\/covadonga\/#\/schema\/logo\/image\/"}}]}},"_links":{"self":[{"href":"https:\/\/riberasalud.com\/covadonga\/wp-json\/wp\/v2\/pages\/208","targetHints":{"allow":["GET"]}}],"collection":[{"href":"https:\/\/riberasalud.com\/covadonga\/wp-json\/wp\/v2\/pages"}],"about":[{"href":"https:\/\/riberasalud.com\/covadonga\/wp-json\/wp\/v2\/types\/page"}],"author":[{"embeddable":true,"href":"https:\/\/riberasalud.com\/covadonga\/wp-json\/wp\/v2\/users\/2"}],"replies":[{"embeddable":true,"href":"https:\/\/riberasalud.com\/covadonga\/wp-json\/wp\/v2\/comments?post=208"}],"version-history":[{"count":14,"href":"https:\/\/riberasalud.com\/covadonga\/wp-json\/wp\/v2\/pages\/208\/revisions"}],"predecessor-version":[{"id":2552,"href":"https:\/\/riberasalud.com\/covadonga\/wp-json\/wp\/v2\/pages\/208\/revisions\/2552"}],"wp:attachment":[{"href":"https:\/\/riberasalud.com\/covadonga\/wp-json\/wp\/v2\/media?parent=208"}],"curies":[{"name":"wp","href":"https:\/\/api.w.org\/{rel}","templated":true}]}}