{"id":132,"date":"2024-09-26T15:59:24","date_gmt":"2024-09-26T13:59:24","guid":{"rendered":"https:\/\/riberasalud.com\/covadonga\/?page_id=132"},"modified":"2025-11-25T14:35:32","modified_gmt":"2025-11-25T13:35:32","slug":"servicios","status":"publish","type":"page","link":"https:\/\/riberasalud.com\/covadonga\/servicios\/","title":{"rendered":"Servicios"},"content":{"rendered":"\n<div class=\"wp-block-cover alignfull bannerribera\" style=\"min-height:430px;aspect-ratio:unset;\"><img loading=\"lazy\" decoding=\"async\" width=\"1354\" height=\"477\" class=\"wp-block-cover__image-background wp-image-490\" alt=\"pruebas especiales\" src=\"https:\/\/riberasalud.com\/covadonga\/wp-content\/uploads\/2024\/10\/unidad-de-pruebas-especiales1.jpg\" data-object-fit=\"cover\" srcset=\"https:\/\/riberasalud.com\/covadonga\/wp-content\/uploads\/2024\/10\/unidad-de-pruebas-especiales1.jpg 1354w, https:\/\/riberasalud.com\/covadonga\/wp-content\/uploads\/2024\/10\/unidad-de-pruebas-especiales1-300x106.jpg 300w, https:\/\/riberasalud.com\/covadonga\/wp-content\/uploads\/2024\/10\/unidad-de-pruebas-especiales1-1024x361.jpg 1024w, https:\/\/riberasalud.com\/covadonga\/wp-content\/uploads\/2024\/10\/unidad-de-pruebas-especiales1-768x271.jpg 768w\" sizes=\"auto, (max-width: 1354px) 100vw, 1354px\" \/><span aria-hidden=\"true\" class=\"wp-block-cover__background has-contrast-background-color has-background-dim\"><\/span><div class=\"wp-block-cover__inner-container is-layout-constrained wp-block-cover-is-layout-constrained\">\n<div class=\"wp-block-columns is-layout-flex wp-container-core-columns-is-layout-9d6595d7 wp-block-columns-is-layout-flex\">\n<div class=\"wp-block-column is-layout-flow wp-block-column-is-layout-flow\">\n<h1 class=\"wp-block-heading has-text-align-center has-large-font-size\">Servicios<\/h1>\n\n\n\n<p class=\"has-text-align-center\" style=\"font-size:18px\">Descubre nuestros servicios m\u00e9dicos especializados, atenci\u00f3n integral y tecnolog\u00eda avanzada para tu salud y bienestar<\/p>\n<\/div>\n<\/div>\n<\/div><\/div>\n\n\n\n<div class=\"wp-block-group services\"><div class=\"wp-block-group__inner-container is-layout-constrained wp-block-group-is-layout-constrained\">\n<div class=\"wp-block-group consultasexternas\"><div class=\"wp-block-group__inner-container is-layout-flow wp-block-group-is-layout-flow\">\n<h2 class=\"wp-block-heading\"><span class=\"ugb-highlight\" style=\"color: #d11728;\">Un cuadro m\u00e9dico con profesionales de primer nivel<\/span><\/h2>\n\n\n\n<p style=\"font-size:13px\"><strong>Puede solicitar cita pulsando&nbsp;<a href=\"https:\/\/riberasalud.com\/covadonga\/#cita\">aqu\u00ed<\/a>&nbsp;<\/strong><strong style=\"background-color: var(--base-3); color: var(--contrast);\">o llamando al tel\u00e9fono&nbsp;<a href=\"tel:+34985365122\">+34 985 365 122<\/a><\/strong>. D\u00edganos para qu\u00e9 especialidad desea la consulta y le reservaremos la fecha y hora que mejor se adapte a sus necesidades.<\/p>\n\n\n\n<div style=\"height:18px\" aria-hidden=\"true\" class=\"wp-block-spacer\"><\/div>\n\n\n\n<div class=\"wp-block-columns equipo-medico-hr is-layout-flex wp-container-core-columns-is-layout-9d6595d7 wp-block-columns-is-layout-flex\">\n<div class=\"wp-block-column is-layout-flow wp-block-column-is-layout-flow\">\n<h3 class=\"wp-block-heading\">Especialidad<\/h3>\n\n\n\n<p><strong><a href=\"https:\/\/riberasalud.com\/covadonga\/unidad-de-accidentes-de-trafico\/\">Accidentes de Tr\u00e1fico<\/a><\/strong><\/p>\n\n\n\n<hr class=\"wp-block-separator has-alpha-channel-opacity\"\/>\n\n\n\n<p><strong>Alergolog\u00eda<\/strong><\/p>\n\n\n\n<hr class=\"wp-block-separator has-alpha-channel-opacity\"\/>\n\n\n\n<p><strong><a href=\"https:\/\/riberasalud.com\/covadonga\/anestesiologia-y-reanimacion-en-gijon\/\">Anestesiolog\u00eda y Reanimaci\u00f3n<\/a><\/strong><\/p>\n\n\n\n<hr class=\"wp-block-separator has-alpha-channel-opacity\"\/>\n\n\n\n<p><a href=\"https:\/\/riberasalud.com\/covadonga\/angiologia-y-cirugia-vascular-en-gijon\/\"><strong>Angiolog\u00eda y Cirug\u00eda Vascular<\/strong><\/a><\/p>\n\n\n\n<hr class=\"wp-block-separator has-alpha-channel-opacity\"\/>\n\n\n\n<p><strong><a href=\"https:\/\/riberasalud.com\/covadonga\/aparato-digestivo\/\">Aparato Digestivo<\/a><\/strong><\/p>\n\n\n\n<hr class=\"wp-block-separator has-alpha-channel-opacity\"\/>\n\n\n\n<p><strong><a href=\"https:\/\/riberasalud.com\/covadonga\/cardiologia-en-gijon\/\">Cardiolog\u00eda<\/a><\/strong><\/p>\n\n\n\n<hr class=\"wp-block-separator has-alpha-channel-opacity\"\/>\n\n\n\n<p><strong>Chequeos m\u00e9dicos<br><a href=\"https:\/\/riberasalud.com\/covadonga\/prevencion-del-cancer-de-prostata\/\">Prevenci\u00f3n de c\u00e1ncer de pr\u00f3stata<\/a><br><a href=\"https:\/\/riberasalud.com\/covadonga\/prevencion-diagnostico-precoz-y-cirugia-de-mama\/\">Prevenci\u00f3n, diagn\u00f3stico precoz y cirug\u00eda de mama<\/a><\/strong><\/p>\n\n\n\n<hr class=\"wp-block-separator has-alpha-channel-opacity\"\/>\n\n\n\n<p><strong><a href=\"https:\/\/riberasalud.com\/covadonga\/cirugia-general-y-digestiva-en-gijon\/\">Cirug\u00eda general y digestiva<\/a><\/strong><\/p>\n\n\n\n<hr class=\"wp-block-separator has-alpha-channel-opacity\"\/>\n\n\n\n<p><strong>Cirug\u00eda pl\u00e1stica y reparadora<\/strong><\/p>\n\n\n\n<hr class=\"wp-block-separator has-alpha-channel-opacity\"\/>\n\n\n\n<p><strong><a href=\"https:\/\/riberasalud.com\/covadonga\/unidad-conductas-adictivas-gijon\/\">Conductas Adictivas<\/a><\/strong><\/p>\n\n\n\n<hr class=\"wp-block-separator has-alpha-channel-opacity\"\/>\n\n\n\n<p><strong><a href=\"https:\/\/riberasalud.com\/covadonga\/unidad-de-convalecencia\/\">Convalecencia<\/a><\/strong><\/p>\n\n\n\n<hr class=\"wp-block-separator has-alpha-channel-opacity\"\/>\n\n\n\n<p><strong>Cuidados Paliativos<\/strong><\/p>\n\n\n\n<hr class=\"wp-block-separator has-alpha-channel-opacity\"\/>\n\n\n\n<p><strong>Dermatolog\u00eda<\/strong><\/p>\n\n\n\n<hr class=\"wp-block-separator has-alpha-channel-opacity\"\/>\n\n\n\n<p><strong><a href=\"https:\/\/riberasalud.com\/covadonga\/unidad-conductas-adictivas-gijon\/\">Desintoxicaci\u00f3n Hospitalaria<\/a><\/strong><\/p>\n\n\n\n<hr class=\"wp-block-separator has-alpha-channel-opacity\"\/>\n\n\n\n<p><strong>Geriatr\u00eda<\/strong><\/p>\n\n\n\n<hr class=\"wp-block-separator has-alpha-channel-opacity\"\/>\n\n\n\n<p><strong><a href=\"https:\/\/riberasalud.com\/covadonga\/instituto-de-la-mujer-idemu\/\">Ginecolog\u00eda y Obstetricia<\/a><\/strong><\/p>\n\n\n\n<hr class=\"wp-block-separator has-alpha-channel-opacity\"\/>\n\n\n\n<p><strong>Hematolog\u00eda y Hemoterapia<\/strong><\/p>\n\n\n\n<hr class=\"wp-block-separator has-alpha-channel-opacity\"\/>\n\n\n\n<p><strong><a href=\"https:\/\/riberasalud.com\/covadonga\/instituto-de-la-mujer-idemu\/\">IDEMU &#8211; Instituto de la Mujer<\/a><\/strong><\/p>\n\n\n\n<hr class=\"wp-block-separator has-alpha-channel-opacity\"\/>\n\n\n\n<p><strong>Inmunolog\u00eda molecular<\/strong><\/p>\n\n\n\n<hr class=\"wp-block-separator has-alpha-channel-opacity\"\/>\n\n\n\n<p><strong>Logopedia<\/strong><\/p>\n\n\n\n<hr class=\"wp-block-separator has-alpha-channel-opacity\"\/>\n\n\n\n<p><strong><a href=\"https:\/\/riberasalud.com\/covadonga\/medicina-general\/\">Medicina de familia y general<\/a><\/strong><\/p>\n\n\n\n<hr class=\"wp-block-separator has-alpha-channel-opacity\"\/>\n\n\n\n<p><strong><a href=\"https:\/\/riberasalud.com\/covadonga\/medicina-deportiva\">Medicina deportiva<\/a><\/strong><\/p>\n\n\n\n<hr class=\"wp-block-separator has-alpha-channel-opacity\"\/>\n\n\n\n<p><strong>Medicina personalizada de precisi\u00f3n<\/strong><\/p>\n\n\n\n<hr class=\"wp-block-separator has-alpha-channel-opacity\"\/>\n\n\n\n<p><strong><a href=\"https:\/\/riberasalud.com\/covadonga\/unidad-medicina-hiperbarica-gijon\/\">Medicina Hiperb\u00e1rica<\/a><\/strong><\/p>\n\n\n\n<hr class=\"wp-block-separator has-alpha-channel-opacity\"\/>\n\n\n\n<p><strong>Medicina Interna<\/strong><\/p>\n\n\n\n<hr class=\"wp-block-separator has-alpha-channel-opacity\"\/>\n\n\n\n<p><strong><a href=\"https:\/\/riberasalud.com\/covadonga\/neumologia\/\">Neumolog\u00eda<\/a><\/strong><\/p>\n\n\n\n<hr class=\"wp-block-separator has-alpha-channel-opacity\"\/>\n\n\n\n<p><strong>Neurocirug\u00eda<\/strong><\/p>\n\n\n\n<hr class=\"wp-block-separator has-alpha-channel-opacity\"\/>\n\n\n\n<p><strong><a href=\"https:\/\/riberasalud.com\/covadonga\/neurologia-en-gijon\/\">Neurolog\u00eda<\/a><\/strong><\/p>\n\n\n\n<hr class=\"wp-block-separator has-alpha-channel-opacity\"\/>\n\n\n\n<p><strong>Nutrici\u00f3n<\/strong><\/p>\n\n\n\n<hr class=\"wp-block-separator has-alpha-channel-opacity\"\/>\n\n\n\n<p><strong><a href=\"https:\/\/riberasalud.com\/covadonga\/oftalmologia\/\">Oftalmolog\u00eda<\/a><\/strong><\/p>\n\n\n\n<hr class=\"wp-block-separator has-alpha-channel-opacity\"\/>\n\n\n\n<p><strong><a href=\"https:\/\/riberasalud.com\/covadonga\/otorrinolaringologia\/\">Otorrinolaringolog\u00eda<\/a><\/strong><\/p>\n\n\n\n<hr class=\"wp-block-separator has-alpha-channel-opacity\"\/>\n\n\n\n<p><strong>Pediatr\u00eda<\/strong><\/p>\n\n\n\n<hr class=\"wp-block-separator has-alpha-channel-opacity\"\/>\n\n\n\n<p><strong>Psicolog\u00eda Sanitaria<\/strong><\/p>\n\n\n\n<hr class=\"wp-block-separator has-alpha-channel-opacity\"\/>\n\n\n\n<p><strong>Psiquiatr\u00eda<\/strong><\/p>\n\n\n\n<hr class=\"wp-block-separator has-alpha-channel-opacity\"\/>\n\n\n\n<p><strong>Reumatolog\u00eda<\/strong><\/p>\n\n\n\n<hr class=\"wp-block-separator has-alpha-channel-opacity\"\/>\n\n\n\n<p><strong><a href=\"https:\/\/riberasalud.com\/covadonga\/anestesiologia-y-reanimacion-en-gijon\/\">Tratamiento del Dolor<\/a><\/strong><\/p>\n\n\n\n<hr class=\"wp-block-separator has-alpha-channel-opacity\"\/>\n\n\n\n<p><strong><a href=\"https:\/\/riberasalud.com\/covadonga\/traumatologia\/\">Traumatolog\u00eda y Ortopedia<\/a><\/strong><\/p>\n\n\n\n<hr class=\"wp-block-separator has-alpha-channel-opacity\"\/>\n\n\n\n<p><strong><a href=\"https:\/\/riberasalud.com\/covadonga\/urologia\/\">Urolog\u00eda<\/a><\/strong><\/p>\n\n\n\n<hr class=\"wp-block-separator has-alpha-channel-opacity\"\/>\n\n\n\n<p><strong>URGENCIAS&nbsp;<\/strong><\/p>\n<\/div>\n\n\n\n<div class=\"wp-block-column is-layout-flow wp-block-column-is-layout-flow\">\n<h3 class=\"wp-block-heading\">Servicios<\/h3>\n\n\n\n<p><strong>Diagn\u00f3stico por imagen&nbsp;<\/strong><\/p>\n\n\n\n<hr class=\"wp-block-separator has-alpha-channel-opacity\"\/>\n\n\n\n<p><strong>M\u00e9todos terap\u00e9uticos&nbsp;<\/strong><\/p>\n\n\n\n<hr class=\"wp-block-separator has-alpha-channel-opacity\"\/>\n\n\n\n<p><strong>Fisioterapia<\/strong><\/p>\n\n\n\n<hr class=\"wp-block-separator has-alpha-channel-opacity\"\/>\n\n\n\n<p><strong>Logopedia<\/strong><\/p>\n\n\n\n<hr class=\"wp-block-separator has-alpha-channel-opacity\"\/>\n\n\n\n<p><strong>Psicolog\u00eda<\/strong><\/p>\n\n\n\n<hr class=\"wp-block-separator has-alpha-channel-opacity\"\/>\n<\/div>\n\n\n\n<div class=\"wp-block-column is-layout-flow wp-block-column-is-layout-flow\">\n<h3 class=\"wp-block-heading\">Unidades de referencia<\/h3>\n\n\n\n<p><a href=\"https:\/\/riberasalud.com\/covadonga\/unidad-de-accidentes-de-trafico\/\">Unidad de Accidentes de Tr\u00e1fico<\/a><\/p>\n\n\n\n<hr class=\"wp-block-separator has-alpha-channel-opacity\"\/>\n\n\n\n<p>Chequeos m\u00e9dicos<br><a href=\"https:\/\/riberasalud.com\/covadonga\/prevencion-del-cancer-de-prostata\/\">Prevenci\u00f3n de c\u00e1ncer de pr\u00f3stata<\/a><br><a href=\"https:\/\/riberasalud.com\/covadonga\/prevencion-diagnostico-precoz-y-cirugia-de-mama\/\">Prevenci\u00f3n, diagn\u00f3stico precoz y cirug\u00eda de mama<\/a><\/p>\n\n\n\n<hr class=\"wp-block-separator has-alpha-channel-opacity\"\/>\n\n\n\n<p><a href=\"https:\/\/riberasalud.com\/covadonga\/unidad-conductas-adictivas-gijon\/\">Unidad de tratamiento de conductas Adictivas (UCA)<\/a><\/p>\n\n\n\n<hr class=\"wp-block-separator has-alpha-channel-opacity\"\/>\n\n\n\n<p>Unidad de Cuidados Paliativos<\/p>\n\n\n\n<hr class=\"wp-block-separator has-alpha-channel-opacity\"\/>\n\n\n\n<p><a href=\"https:\/\/riberasalud.com\/covadonga\/unidad-de-convalecencia\/\">Unidad de Convalecencia<\/a><\/p>\n\n\n\n<hr class=\"wp-block-separator has-alpha-channel-opacity\"\/>\n\n\n\n<p><a href=\"https:\/\/riberasalud.com\/covadonga\/instituto-de-la-mujer-idemu\/\">IDEMU &#8211; Instituto de la Mujer<\/a><\/p>\n\n\n\n<hr class=\"wp-block-separator has-alpha-channel-opacity\"\/>\n\n\n\n<p><a href=\"https:\/\/riberasalud.com\/covadonga\/medicina-deportiva\">Unidad de Medicina Deportiva<\/a><\/p>\n\n\n\n<hr class=\"wp-block-separator has-alpha-channel-opacity\"\/>\n\n\n\n<p><a href=\"https:\/\/riberasalud.com\/covadonga\/unidad-medicina-hiperbarica-gijon\/\">Unidad de Medicina Hiperb\u00e1rica<\/a><\/p>\n\n\n\n<hr class=\"wp-block-separator has-alpha-channel-opacity\"\/>\n<\/div>\n<\/div>\n<\/div><\/div>\n<\/div><\/div>\n","protected":false},"excerpt":{"rendered":"<p>Un cuadro m\u00e9dico con profesionales de primer nivel Puede solicitar cita pulsando&nbsp;aqu\u00ed&nbsp;o llamando al tel\u00e9fono&nbsp;+34 985 365 122. D\u00edganos para qu\u00e9 especialidad desea la consulta y le reservaremos la fecha y hora que mejor se adapte a sus necesidades. Especialidad Accidentes de Tr\u00e1fico Alergolog\u00eda Anestesiolog\u00eda y Reanimaci\u00f3n Angiolog\u00eda y Cirug\u00eda Vascular Aparato Digestivo Cardiolog\u00eda Chequeos &#8230; <\/p>\n<p class=\"read-more-container\"><a title=\"Servicios\" class=\"read-more button\" href=\"https:\/\/riberasalud.com\/covadonga\/servicios\/#more-132\" aria-label=\"Leer m\u00e1s sobre Servicios\">Leer m\u00e1s<\/a><\/p>\n","protected":false},"author":2,"featured_media":0,"parent":0,"menu_order":0,"comment_status":"closed","ping_status":"closed","template":"","meta":{"footnotes":""},"class_list":["post-132","page","type-page","status-publish"],"yoast_head":"<!-- This site is optimized with the Yoast SEO plugin v26.6 - https:\/\/yoast.com\/wordpress\/plugins\/seo\/ -->\n<title>Servicios - Hospital de Covadonga<\/title>\n<meta name=\"description\" content=\"Descubre nuestros servicios m\u00e9dicos especializados, atenci\u00f3n integral y tecnolog\u00eda avanzada para tu salud y bienestar\" \/>\n<meta name=\"robots\" content=\"index, follow, max-snippet:-1, max-image-preview:large, max-video-preview:-1\" \/>\n<link rel=\"canonical\" href=\"https:\/\/riberasalud.com\/covadonga\/servicios\/\" \/>\n<meta property=\"og:locale\" content=\"es_ES\" \/>\n<meta property=\"og:type\" content=\"article\" \/>\n<meta property=\"og:title\" content=\"Servicios - Hospital de Covadonga\" \/>\n<meta property=\"og:description\" content=\"Descubre nuestros servicios m\u00e9dicos especializados, atenci\u00f3n integral y tecnolog\u00eda avanzada para tu salud y bienestar\" \/>\n<meta property=\"og:url\" content=\"https:\/\/riberasalud.com\/covadonga\/servicios\/\" \/>\n<meta property=\"og:site_name\" content=\"Hospital de Covadonga\" \/>\n<meta property=\"article:modified_time\" content=\"2025-11-25T13:35:32+00:00\" \/>\n<meta property=\"og:image\" content=\"https:\/\/riberasalud.com\/covadonga\/wp-content\/uploads\/2024\/10\/unidad-de-pruebas-especiales1.jpg\" \/>\n\t<meta property=\"og:image:width\" content=\"1354\" \/>\n\t<meta property=\"og:image:height\" content=\"477\" \/>\n\t<meta property=\"og:image:type\" content=\"image\/jpeg\" \/>\n<meta name=\"twitter:card\" content=\"summary_large_image\" \/>\n<meta name=\"twitter:label1\" content=\"Tiempo de lectura\" \/>\n\t<meta name=\"twitter:data1\" content=\"2 minutos\" \/>\n<script type=\"application\/ld+json\" class=\"yoast-schema-graph\">{\"@context\":\"https:\/\/schema.org\",\"@graph\":[{\"@type\":\"WebPage\",\"@id\":\"https:\/\/riberasalud.com\/covadonga\/servicios\/\",\"url\":\"https:\/\/riberasalud.com\/covadonga\/servicios\/\",\"name\":\"Servicios - Hospital de Covadonga\",\"isPartOf\":{\"@id\":\"https:\/\/riberasalud.com\/covadonga\/#website\"},\"primaryImageOfPage\":{\"@id\":\"https:\/\/riberasalud.com\/covadonga\/servicios\/#primaryimage\"},\"image\":{\"@id\":\"https:\/\/riberasalud.com\/covadonga\/servicios\/#primaryimage\"},\"thumbnailUrl\":\"https:\/\/riberasalud.com\/covadonga\/wp-content\/uploads\/2024\/10\/unidad-de-pruebas-especiales1.jpg\",\"datePublished\":\"2024-09-26T13:59:24+00:00\",\"dateModified\":\"2025-11-25T13:35:32+00:00\",\"description\":\"Descubre nuestros servicios m\u00e9dicos especializados, atenci\u00f3n integral y tecnolog\u00eda avanzada para tu salud y bienestar\",\"breadcrumb\":{\"@id\":\"https:\/\/riberasalud.com\/covadonga\/servicios\/#breadcrumb\"},\"inLanguage\":\"es\",\"potentialAction\":[{\"@type\":\"ReadAction\",\"target\":[\"https:\/\/riberasalud.com\/covadonga\/servicios\/\"]}]},{\"@type\":\"ImageObject\",\"inLanguage\":\"es\",\"@id\":\"https:\/\/riberasalud.com\/covadonga\/servicios\/#primaryimage\",\"url\":\"https:\/\/riberasalud.com\/covadonga\/wp-content\/uploads\/2024\/10\/unidad-de-pruebas-especiales1.jpg\",\"contentUrl\":\"https:\/\/riberasalud.com\/covadonga\/wp-content\/uploads\/2024\/10\/unidad-de-pruebas-especiales1.jpg\",\"width\":1354,\"height\":477,\"caption\":\"pruebas especiales\"},{\"@type\":\"BreadcrumbList\",\"@id\":\"https:\/\/riberasalud.com\/covadonga\/servicios\/#breadcrumb\",\"itemListElement\":[{\"@type\":\"ListItem\",\"position\":1,\"name\":\"Portada\",\"item\":\"https:\/\/riberasalud.com\/covadonga\/\"},{\"@type\":\"ListItem\",\"position\":2,\"name\":\"Servicios\"}]},{\"@type\":\"WebSite\",\"@id\":\"https:\/\/riberasalud.com\/covadonga\/#website\",\"url\":\"https:\/\/riberasalud.com\/covadonga\/\",\"name\":\"Hospital de Covadonga\",\"description\":\"\",\"publisher\":{\"@id\":\"https:\/\/riberasalud.com\/covadonga\/#organization\"},\"potentialAction\":[{\"@type\":\"SearchAction\",\"target\":{\"@type\":\"EntryPoint\",\"urlTemplate\":\"https:\/\/riberasalud.com\/covadonga\/?s={search_term_string}\"},\"query-input\":{\"@type\":\"PropertyValueSpecification\",\"valueRequired\":true,\"valueName\":\"search_term_string\"}}],\"inLanguage\":\"es\"},{\"@type\":\"Organization\",\"@id\":\"https:\/\/riberasalud.com\/covadonga\/#organization\",\"name\":\"Hospital de Covadonga\",\"url\":\"https:\/\/riberasalud.com\/covadonga\/\",\"logo\":{\"@type\":\"ImageObject\",\"inLanguage\":\"es\",\"@id\":\"https:\/\/riberasalud.com\/covadonga\/#\/schema\/logo\/image\/\",\"url\":\"https:\/\/riberasalud.com\/covadonga\/wp-content\/uploads\/2024\/09\/cropped-LogoCovadonga_Mesa-de-trabajo-1.png\",\"contentUrl\":\"https:\/\/riberasalud.com\/covadonga\/wp-content\/uploads\/2024\/09\/cropped-LogoCovadonga_Mesa-de-trabajo-1.png\",\"width\":734,\"height\":212,\"caption\":\"Hospital de Covadonga\"},\"image\":{\"@id\":\"https:\/\/riberasalud.com\/covadonga\/#\/schema\/logo\/image\/\"}}]}<\/script>\n<!-- \/ Yoast SEO plugin. -->","yoast_head_json":{"title":"Servicios - Hospital de Covadonga","description":"Descubre nuestros servicios m\u00e9dicos especializados, atenci\u00f3n integral y tecnolog\u00eda avanzada para tu salud y bienestar","robots":{"index":"index","follow":"follow","max-snippet":"max-snippet:-1","max-image-preview":"max-image-preview:large","max-video-preview":"max-video-preview:-1"},"canonical":"https:\/\/riberasalud.com\/covadonga\/servicios\/","og_locale":"es_ES","og_type":"article","og_title":"Servicios - Hospital de Covadonga","og_description":"Descubre nuestros servicios m\u00e9dicos especializados, atenci\u00f3n integral y tecnolog\u00eda avanzada para tu salud y bienestar","og_url":"https:\/\/riberasalud.com\/covadonga\/servicios\/","og_site_name":"Hospital de Covadonga","article_modified_time":"2025-11-25T13:35:32+00:00","og_image":[{"width":1354,"height":477,"url":"https:\/\/riberasalud.com\/covadonga\/wp-content\/uploads\/2024\/10\/unidad-de-pruebas-especiales1.jpg","type":"image\/jpeg"}],"twitter_card":"summary_large_image","twitter_misc":{"Tiempo de lectura":"2 minutos"},"schema":{"@context":"https:\/\/schema.org","@graph":[{"@type":"WebPage","@id":"https:\/\/riberasalud.com\/covadonga\/servicios\/","url":"https:\/\/riberasalud.com\/covadonga\/servicios\/","name":"Servicios - Hospital de Covadonga","isPartOf":{"@id":"https:\/\/riberasalud.com\/covadonga\/#website"},"primaryImageOfPage":{"@id":"https:\/\/riberasalud.com\/covadonga\/servicios\/#primaryimage"},"image":{"@id":"https:\/\/riberasalud.com\/covadonga\/servicios\/#primaryimage"},"thumbnailUrl":"https:\/\/riberasalud.com\/covadonga\/wp-content\/uploads\/2024\/10\/unidad-de-pruebas-especiales1.jpg","datePublished":"2024-09-26T13:59:24+00:00","dateModified":"2025-11-25T13:35:32+00:00","description":"Descubre nuestros servicios m\u00e9dicos especializados, atenci\u00f3n integral y tecnolog\u00eda avanzada para tu salud y bienestar","breadcrumb":{"@id":"https:\/\/riberasalud.com\/covadonga\/servicios\/#breadcrumb"},"inLanguage":"es","potentialAction":[{"@type":"ReadAction","target":["https:\/\/riberasalud.com\/covadonga\/servicios\/"]}]},{"@type":"ImageObject","inLanguage":"es","@id":"https:\/\/riberasalud.com\/covadonga\/servicios\/#primaryimage","url":"https:\/\/riberasalud.com\/covadonga\/wp-content\/uploads\/2024\/10\/unidad-de-pruebas-especiales1.jpg","contentUrl":"https:\/\/riberasalud.com\/covadonga\/wp-content\/uploads\/2024\/10\/unidad-de-pruebas-especiales1.jpg","width":1354,"height":477,"caption":"pruebas especiales"},{"@type":"BreadcrumbList","@id":"https:\/\/riberasalud.com\/covadonga\/servicios\/#breadcrumb","itemListElement":[{"@type":"ListItem","position":1,"name":"Portada","item":"https:\/\/riberasalud.com\/covadonga\/"},{"@type":"ListItem","position":2,"name":"Servicios"}]},{"@type":"WebSite","@id":"https:\/\/riberasalud.com\/covadonga\/#website","url":"https:\/\/riberasalud.com\/covadonga\/","name":"Hospital de Covadonga","description":"","publisher":{"@id":"https:\/\/riberasalud.com\/covadonga\/#organization"},"potentialAction":[{"@type":"SearchAction","target":{"@type":"EntryPoint","urlTemplate":"https:\/\/riberasalud.com\/covadonga\/?s={search_term_string}"},"query-input":{"@type":"PropertyValueSpecification","valueRequired":true,"valueName":"search_term_string"}}],"inLanguage":"es"},{"@type":"Organization","@id":"https:\/\/riberasalud.com\/covadonga\/#organization","name":"Hospital de Covadonga","url":"https:\/\/riberasalud.com\/covadonga\/","logo":{"@type":"ImageObject","inLanguage":"es","@id":"https:\/\/riberasalud.com\/covadonga\/#\/schema\/logo\/image\/","url":"https:\/\/riberasalud.com\/covadonga\/wp-content\/uploads\/2024\/09\/cropped-LogoCovadonga_Mesa-de-trabajo-1.png","contentUrl":"https:\/\/riberasalud.com\/covadonga\/wp-content\/uploads\/2024\/09\/cropped-LogoCovadonga_Mesa-de-trabajo-1.png","width":734,"height":212,"caption":"Hospital de Covadonga"},"image":{"@id":"https:\/\/riberasalud.com\/covadonga\/#\/schema\/logo\/image\/"}}]}},"_links":{"self":[{"href":"https:\/\/riberasalud.com\/covadonga\/wp-json\/wp\/v2\/pages\/132","targetHints":{"allow":["GET"]}}],"collection":[{"href":"https:\/\/riberasalud.com\/covadonga\/wp-json\/wp\/v2\/pages"}],"about":[{"href":"https:\/\/riberasalud.com\/covadonga\/wp-json\/wp\/v2\/types\/page"}],"author":[{"embeddable":true,"href":"https:\/\/riberasalud.com\/covadonga\/wp-json\/wp\/v2\/users\/2"}],"replies":[{"embeddable":true,"href":"https:\/\/riberasalud.com\/covadonga\/wp-json\/wp\/v2\/comments?post=132"}],"version-history":[{"count":79,"href":"https:\/\/riberasalud.com\/covadonga\/wp-json\/wp\/v2\/pages\/132\/revisions"}],"predecessor-version":[{"id":3486,"href":"https:\/\/riberasalud.com\/covadonga\/wp-json\/wp\/v2\/pages\/132\/revisions\/3486"}],"wp:attachment":[{"href":"https:\/\/riberasalud.com\/covadonga\/wp-json\/wp\/v2\/media?parent=132"}],"curies":[{"name":"wp","href":"https:\/\/api.w.org\/{rel}","templated":true}]}}