{"id":4634,"date":"2025-10-02T16:39:13","date_gmt":"2025-10-02T14:39:13","guid":{"rendered":"https:\/\/riberasalud.com\/clinica-mestalla\/?page_id=4634"},"modified":"2025-10-02T16:39:42","modified_gmt":"2025-10-02T14:39:42","slug":"politica-de-privacidad","status":"publish","type":"page","link":"https:\/\/riberasalud.com\/clinica-mestalla\/politica-de-privacidad\/","title":{"rendered":"Pol\u00edtica de privacidad"},"content":{"rendered":"\n<div class=\"wp-block-group hasbackgroundnaranja sliderlinea\"><div class=\"wp-block-group__inner-container is-layout-flow wp-block-group-is-layout-flow\">\n<p>POL\u00cdTICAS<\/p>\n\n\n\n<h1 class=\"wp-block-heading\">Pol\u00edtica de privacidad<\/h1>\n<\/div><\/div>\n\n\n\n<div class=\"wp-block-group\"><div class=\"wp-block-group__inner-container is-layout-flow wp-block-group-is-layout-flow\">\n<p>Es compromiso del Grupo Ribera Salud, el respeto a la privacidad de los usuarios y la protecci\u00f3n y seguridad de sus datos personales. Es por ello que, de acuerdo con la normativa vigente en materia de protecci\u00f3n de datos (Reglamento (UE) 2016\/679 del Parlamento y del Consejo de 27 de abril de 2016, Ley Org\u00e1nica 3\/2018, de 5 de diciembre, de Protecci\u00f3n de Datos Personales y garant\u00eda de los derechos digitales),\u00a0IMSKE\u00a0informa en la presente pol\u00edtica de protecci\u00f3n de datos sobre c\u00f3mo recaba y trata los datos de car\u00e1cter personal de los usuarios y pacientes en la p\u00e1gina web https:\/\/www.imske.com\/ (en adelante, referenciado como \u201cSitio web\u201d).\u00a0\u00a0<\/p>\n\n\n\n<p><strong>1. IDENTIFICACI\u00d3N DEL RESPONSABLE DEL TRATAMIENTO DE LOS DATOS PERSONALES<\/strong>&nbsp;<\/p>\n\n\n\n<p>El Responsable del Tratamiento de los datos personales es INSTITUTO MUSCULO ESQUELETICO EUROPEO S.L (en adelante, el \u201cIMSKE\u201d) con CIF B98923766 y domicilio social en C\/Suiza,11, 46024 Valencia.<\/p>\n\n\n\n<p>El tel\u00e9fono de contacto es (+34) 96 369 00 00 y la direcci\u00f3n de correo electr\u00f3nico\u202fde IMSKE es info@imske.com<\/p>\n\n\n\n<p>Para cualquier cuesti\u00f3n relacionada con la presente pol\u00edtica de privacidad, el usuario podr\u00e1 ponerse en contacto con el delegado de protecci\u00f3n de datos en la siguiente direcci\u00f3n:&nbsp;<a href=\"mailto:dpo@riberasalud.es\">dpo@riberasalud.es<\/a>.<\/p>\n\n\n\n<p><strong>2. INFORMACI\u00d3N SOBRE LAS FINALIDADES DEL TRATAMIENTO&nbsp;<\/strong>&nbsp;<\/p>\n\n\n\n<p>El responsable del tratamiento a trav\u00e9s del Sitio web llevar\u00e1 a cabo los siguientes tratamientos de datos empleando para cada una de ellas una base legitimadora adecuada, respetando los derechos y libertades de los interesados.&nbsp;<\/p>\n\n\n\n<p><strong>2.1 Gestionar y atender las solicitudes de informaci\u00f3n y contacto.<\/strong><\/p>\n\n\n\n<ul class=\"wp-block-list\">\n<li>Finalidad: Atender las solicitudes y peticiones de contacto trav\u00e9s de los medios puestos a disposici\u00f3n en la web (email, chat WhatsApp, tel\u00e9fono y formulario de contacto) con el objeto de poder atender las siguientes peticiones de los servicios ofrecidos a trav\u00e9s de la web.<\/li>\n\n\n\n<li>Base legitimadora: Ejecuci\u00f3n de la relaci\u00f3n precontractual o en su caso, contractual.<\/li>\n\n\n\n<li>Tipolog\u00eda de los datos tratados: datos identificativos y de contacto.\u00a0<\/li>\n<\/ul>\n\n\n\n<p><strong>2.2 Gestionar y atender las solicitudes de presupuesto.<\/strong><\/p>\n\n\n\n<ul class=\"wp-block-list\">\n<li>Finalidad: Atender las solicitudes de presupuesto que se reciban a trav\u00e9s de los medios puestos a disposici\u00f3n en la web (email, chat WhatsApp, tel\u00e9fono y formulario de contacto).<\/li>\n\n\n\n<li>Base legitimadora: Ejecuci\u00f3n de la relaci\u00f3n precontractual.<\/li>\n\n\n\n<li>Tipolog\u00eda de los datos tratados: datos identificativos, datos de contacto, datos financieros y datos de salud.<\/li>\n<\/ul>\n\n\n\n<p><strong>2.3 Gestionar y atender las solicitudes de citas de pacientes.<\/strong><\/p>\n\n\n\n<ul class=\"wp-block-list\">\n<li>Finalidad: Gestionar las citas m\u00e9dicas solicitadas a trav\u00e9s de los canales indicados en el Sitio web, v\u00eda WhatsApp, tel\u00e9fono as\u00ed como a trav\u00e9s del portal del paciente.<\/li>\n\n\n\n<li>Base legitimadora: Ejecuci\u00f3n de la relaci\u00f3n pre- contractual.<\/li>\n\n\n\n<li>Tipolog\u00eda de los datos tratados: datos identificativos, datos de contacto y datos relativos a caracter\u00edsticas personales.<\/li>\n<\/ul>\n\n\n\n<p><strong>2.4 Gestionar el registro de usuarios en el Portal del paciente<\/strong><\/p>\n\n\n\n<ul class=\"wp-block-list\">\n<li>Finalidad: Gestionar el registro de los usuarios pacientes en el portal del Paciente generando una cuenta para su acceso, as\u00ed como posibilitar la recuperaci\u00f3n de contrase\u00f1as y acceder a informes m\u00e9dicos.<\/li>\n\n\n\n<li>Base legitimadora: Ejecuci\u00f3n de la relaci\u00f3n contractual y el cumplimiento de una misi\u00f3n realizada en inter\u00e9s p\u00fablico o en el ejercicio de poderes p\u00fablicos conferidos al responsable del tratamiento.<\/li>\n\n\n\n<li>Tipolog\u00eda de los datos tratados: datos identificativos y datos de contacto.<\/li>\n<\/ul>\n\n\n\n<p><strong>2.5 Gestionar las solicitudes de empleo por parte de candidatos<\/strong><\/p>\n\n\n\n<ul class=\"wp-block-list\">\n<li>Finalidad: Gestionar y valorar la recepci\u00f3n de las candidaturas de empleo que los usuarios remitan a trav\u00e9s del formulario habilitado en el Sitio web.<\/li>\n\n\n\n<li>Base legitimadora: Ejecuci\u00f3n de la relaci\u00f3n precontractual.<\/li>\n\n\n\n<li>Tipolog\u00eda de los datos tratados: datos identificativos, datos de contacto, datos acad\u00e9micos y profesionales y datos laborales.<\/li>\n<\/ul>\n\n\n\n<p><strong>2.6 Gestionar las solicitudes de formaci\u00f3n postgrado<\/strong><\/p>\n\n\n\n<ul class=\"wp-block-list\">\n<li>Finalidad: Gestionar y valorar la recepci\u00f3n de las candidaturas para llevar a cabo la formaci\u00f3n postgrado.<\/li>\n\n\n\n<li>Base legitimadora: Ejecuci\u00f3n de la relaci\u00f3n precontractual.<\/li>\n\n\n\n<li>Tipolog\u00eda de los datos tratados: datos identificativos, datos de contacto, datos acad\u00e9micos, profesionales y datos laborales.<\/li>\n<\/ul>\n\n\n\n<p><strong>2.7 Gestionar el env\u00edo de comunicaciones comerciales electr\u00f3nicas<\/strong><\/p>\n\n\n\n<p>El presente tratamiento de datos se llevar\u00e1 a cabo por la entidad RIBERA SALUD, S.A.U.<\/p>\n\n\n\n<ul class=\"wp-block-list\">\n<li>Finalidad: Gestionar el env\u00edo de comunicaciones comerciales electr\u00f3nicas relativas a los servicios de salud ofrecidos por Grupo Ribera.<\/li>\n\n\n\n<li>Base legitimadora: Consentimiento del interesado<\/li>\n\n\n\n<li>Tipolog\u00eda de los datos tratados: Datos de car\u00e1cter identificativo y de contacto.<\/li>\n<\/ul>\n\n\n\n<p><strong>3. DESTINATARIOS DE LOS DATOS PERSONALES<\/strong>&nbsp;<\/p>\n\n\n\n<p><strong>3.1. Comunicaci\u00f3n de los datos a terceros.<\/strong>&nbsp;<\/p>\n\n\n\n<p>Salvo obligaci\u00f3n legal, no se comunicar\u00e1n los datos personales recabados a trav\u00e9s de la web a terceros.&nbsp;Sin perjuicio de lo anterior, por medio del presente informamos que, para la prestaci\u00f3n de servicios de atenci\u00f3n sanitaria, cuando sea estrictamente necesario, los datos podr\u00e1n ser comunicados, de acuerdo con lo dispuesto en la legislaci\u00f3n vigente, a la autoridad sanitaria y dem\u00e1s organismos p\u00fablicos con competencia en la materia, as\u00ed como a las compa\u00f1\u00edas aseguradoras u otras entidades pagadoras cuando el interesado indique que los gastos asistenciales deban ser satisfechos por los mismos.&nbsp;<\/p>\n\n\n\n<p>Asimismo, se comunica a usuarios que en caso de ser clientes de aseguradoras privadas y acudan a IMSKE, los datos de dicho interesado ser\u00e1n comunicados por parte del responsable del tratamiento a la aseguradora privada a efectos de pago de los servicios, previa suscripci\u00f3n por parte del paciente de un documento en el que el asegurado autoriza IMSKE a la comunicaci\u00f3n de dicha informaci\u00f3n.\u202f&nbsp;\u202f&nbsp;<\/p>\n\n\n\n<p><strong>3.2. Encargados del tratamiento<\/strong>&nbsp;<\/p>\n\n\n\n<p>El tratamiento de los datos de los usuarios podr\u00e1 ser realizado por prestadores de servicios id\u00f3neos, contratados por IMSKE. Dichos prestadores de servicios \u00fanicamente tratar\u00e1n los datos para las finalidades establecidas por dicho responsable del tratamiento.<\/p>\n\n\n\n<p><strong>4. TRANSFERENCIAS INTERNACIONALES DE DATOS<\/strong>&nbsp;<\/p>\n\n\n\n<p>El responsable del tratamiento llevar\u00e1 a cabo las operaciones del tratamiento de los datos de los usuarios\/interesados integralmente en el territorio de la Uni\u00f3n Europea, por lo que no prev\u00e9 realizar ninguna transferencia internacional de datos y en el caso de que la lleve a cabo, lo har\u00e1 con las garant\u00edas establecidas en la normativa, adoptando las correspondientes cl\u00e1usula contractuales tipo aprobadas por la Comisi\u00f3n Europea en el supuesto de no contar el pa\u00eds importador con una Decisi\u00f3n de Adecuaci\u00f3n.<\/p>\n\n\n\n<p><strong>5. PLAZO DE CONSERVACI\u00d3N<\/strong><\/p>\n\n\n\n<p>IMSKE conservar\u00e1 los datos personales de los usuarios durante el tiempo necesario para la realizaci\u00f3n de la finalidad para la cual son tratados o hasta que el interesado solicite la supresi\u00f3n de sus datos personales,\u202fy en todo caso, durante el plazo necesario para el cumplimiento de las correspondientes obligaciones legales.&nbsp;<\/p>\n\n\n\n<p>Asimismo, respecto al tratamiento relativo al env\u00edo de comunicaciones comerciales electr\u00f3nicas, los datos de los usuarios que hayan consentido la recepci\u00f3n se conservar\u00e1n hasta que el usuario solicite la baja de dicha recepci\u00f3n, siguiendo las instrucciones que encontrar\u00e1 al pie de cada correo electr\u00f3nico o a trav\u00e9s de la remisi\u00f3n de su petici\u00f3n de oposici\u00f3n a trav\u00e9s de la direcci\u00f3n de correo electr\u00f3nico dpo@riberasalud.es.<\/p>\n\n\n\n<p><strong>6. EJERCICIO DE DERECHOS EN MATERIA DE PROTECCI\u00d3N DE DATOS.<\/strong>&nbsp;<\/p>\n\n\n\n<p>En cualquier momento, el usuario podr\u00e1 ejercer sus derechos de acceso, rectificaci\u00f3n o supresi\u00f3n, oposici\u00f3n, limitaci\u00f3n y portabilidad de sus datos, enviando un email a la siguiente direcci\u00f3n de correo electr\u00f3nico: dpo@riberasalud.es, o por correo postal a la siguiente direcci\u00f3n C\/Suiza,11, 46024 Valencia, identificando el derecho que desea ejercitar.&nbsp;<\/p>\n\n\n\n<p>Asimismo, se informa al usuario que en caso de considerar que no se ha satisfecho el ejercicio de sus derechos, podr\u00e1 dirigirse al delegado de protecci\u00f3n de datos remitiendo su petici\u00f3n a la direcci\u00f3n anteriormente indicada y en su caso, presentar una reclamaci\u00f3n ante la Agencia Espa\u00f1ola de Protecci\u00f3n de Datos. M\u00e1s informaci\u00f3n en\u202f<a href=\"http:\/\/www.aepd.es\/\">www.aepd.es<\/a>.&nbsp;<\/p>\n\n\n\n<p><strong>7. ACTUALIZACIONES<\/strong>&nbsp;<\/p>\n\n\n\n<p>La organizaci\u00f3n se reserva el derecho a modificar en cualquier momento los contenidos de este Sitio web, y podr\u00e1 a\u00f1adir nuevas funcionalidades, as\u00ed como modificar las actuales condiciones. En ese caso, se publicar\u00e1 la correspondiente actualizaci\u00f3n en el Sitio web para que el usuario tenga conocimiento de cualquier cambio.&nbsp;&nbsp;<\/p>\n\n\n\n<p><strong>\u00daltima actualizaci\u00f3n: Julio 2024<\/strong><\/p>\n\n\n\n<div style=\"height:100px\" aria-hidden=\"true\" class=\"wp-block-spacer\"><\/div>\n<\/div><\/div>\n","protected":false},"excerpt":{"rendered":"<p>POL\u00cdTICAS Pol\u00edtica de privacidad Es compromiso del Grupo Ribera Salud, el respeto a la privacidad de los usuarios y la protecci\u00f3n y seguridad de sus datos personales. Es por ello que, de acuerdo con la normativa vigente en materia de protecci\u00f3n de datos (Reglamento (UE) 2016\/679 del Parlamento y del Consejo de 27 de abril &#8230; <\/p>\n<p class=\"read-more-container\"><a title=\"Pol\u00edtica de privacidad\" class=\"read-more button\" href=\"https:\/\/riberasalud.com\/clinica-mestalla\/politica-de-privacidad\/#more-4634\" aria-label=\"Leer m\u00e1s sobre Pol\u00edtica de privacidad\">Leer m\u00e1s<\/a><\/p>\n","protected":false},"author":2,"featured_media":0,"parent":0,"menu_order":0,"comment_status":"closed","ping_status":"closed","template":"","meta":{"footnotes":""},"class_list":["post-4634","page","type-page","status-publish"],"yoast_head":"<!-- This site is optimized with the Yoast SEO plugin v25.0 - https:\/\/yoast.com\/wordpress\/plugins\/seo\/ -->\n<title>Pol\u00edtica de privacidad - Cl\u00ednica Ribera Mestalla<\/title>\n<meta name=\"description\" content=\"Es compromiso del Grupo Ribera Salud, el respeto a la privacidad de los usuarios y la protecci\u00f3n y seguridad de sus datos personales\" \/>\n<meta name=\"robots\" content=\"index, follow, max-snippet:-1, max-image-preview:large, max-video-preview:-1\" \/>\n<link rel=\"canonical\" href=\"https:\/\/riberasalud.com\/clinica-mestalla\/politica-de-privacidad\/\" \/>\n<meta property=\"og:locale\" content=\"es_ES\" \/>\n<meta property=\"og:type\" content=\"article\" \/>\n<meta property=\"og:title\" content=\"Pol\u00edtica de privacidad - Cl\u00ednica Ribera Mestalla\" \/>\n<meta property=\"og:description\" content=\"Es compromiso del Grupo Ribera Salud, el respeto a la privacidad de los usuarios y la protecci\u00f3n y seguridad de sus datos personales\" \/>\n<meta property=\"og:url\" content=\"https:\/\/riberasalud.com\/clinica-mestalla\/politica-de-privacidad\/\" \/>\n<meta property=\"og:site_name\" content=\"Cl\u00ednica Ribera Mestalla\" \/>\n<meta property=\"article:modified_time\" content=\"2025-10-02T14:39:42+00:00\" \/>\n<meta name=\"twitter:card\" content=\"summary_large_image\" \/>\n<meta name=\"twitter:label1\" content=\"Tiempo de lectura\" \/>\n\t<meta name=\"twitter:data1\" content=\"6 minutos\" \/>\n<script type=\"application\/ld+json\" class=\"yoast-schema-graph\">{\"@context\":\"https:\/\/schema.org\",\"@graph\":[{\"@type\":\"WebPage\",\"@id\":\"https:\/\/riberasalud.com\/clinica-mestalla\/politica-de-privacidad\/\",\"url\":\"https:\/\/riberasalud.com\/clinica-mestalla\/politica-de-privacidad\/\",\"name\":\"Pol\u00edtica de privacidad - Cl\u00ednica Ribera Mestalla\",\"isPartOf\":{\"@id\":\"https:\/\/riberasalud.com\/clinica-mestalla\/#website\"},\"datePublished\":\"2025-10-02T14:39:13+00:00\",\"dateModified\":\"2025-10-02T14:39:42+00:00\",\"description\":\"Es compromiso del Grupo Ribera Salud, el respeto a la privacidad de los usuarios y la protecci\u00f3n y seguridad de sus datos personales\",\"breadcrumb\":{\"@id\":\"https:\/\/riberasalud.com\/clinica-mestalla\/politica-de-privacidad\/#breadcrumb\"},\"inLanguage\":\"es\",\"potentialAction\":[{\"@type\":\"ReadAction\",\"target\":[\"https:\/\/riberasalud.com\/clinica-mestalla\/politica-de-privacidad\/\"]}]},{\"@type\":\"BreadcrumbList\",\"@id\":\"https:\/\/riberasalud.com\/clinica-mestalla\/politica-de-privacidad\/#breadcrumb\",\"itemListElement\":[{\"@type\":\"ListItem\",\"position\":1,\"name\":\"Portada\",\"item\":\"https:\/\/riberasalud.com\/clinica-mestalla\/\"},{\"@type\":\"ListItem\",\"position\":2,\"name\":\"Pol\u00edtica de privacidad\"}]},{\"@type\":\"WebSite\",\"@id\":\"https:\/\/riberasalud.com\/clinica-mestalla\/#website\",\"url\":\"https:\/\/riberasalud.com\/clinica-mestalla\/\",\"name\":\"Cl\u00ednica Ribera Mestalla\",\"description\":\"\",\"publisher\":{\"@id\":\"https:\/\/riberasalud.com\/clinica-mestalla\/#organization\"},\"potentialAction\":[{\"@type\":\"SearchAction\",\"target\":{\"@type\":\"EntryPoint\",\"urlTemplate\":\"https:\/\/riberasalud.com\/clinica-mestalla\/?s={search_term_string}\"},\"query-input\":{\"@type\":\"PropertyValueSpecification\",\"valueRequired\":true,\"valueName\":\"search_term_string\"}}],\"inLanguage\":\"es\"},{\"@type\":\"Organization\",\"@id\":\"https:\/\/riberasalud.com\/clinica-mestalla\/#organization\",\"name\":\"Cl\u00ednica Ribera Mestalla\",\"url\":\"https:\/\/riberasalud.com\/clinica-mestalla\/\",\"logo\":{\"@type\":\"ImageObject\",\"inLanguage\":\"es\",\"@id\":\"https:\/\/riberasalud.com\/clinica-mestalla\/#\/schema\/logo\/image\/\",\"url\":\"https:\/\/riberasalud.com\/clinica-mestalla\/wp-content\/uploads\/2025\/04\/Clinica-Ribera-Mestalla-Logotipo.png\",\"contentUrl\":\"https:\/\/riberasalud.com\/clinica-mestalla\/wp-content\/uploads\/2025\/04\/Clinica-Ribera-Mestalla-Logotipo.png\",\"width\":351,\"height\":73,\"caption\":\"Cl\u00ednica Ribera Mestalla\"},\"image\":{\"@id\":\"https:\/\/riberasalud.com\/clinica-mestalla\/#\/schema\/logo\/image\/\"}}]}<\/script>\n<!-- \/ Yoast SEO plugin. -->","yoast_head_json":{"title":"Pol\u00edtica de privacidad - Cl\u00ednica Ribera Mestalla","description":"Es compromiso del Grupo Ribera Salud, el respeto a la privacidad de los usuarios y la protecci\u00f3n y seguridad de sus datos personales","robots":{"index":"index","follow":"follow","max-snippet":"max-snippet:-1","max-image-preview":"max-image-preview:large","max-video-preview":"max-video-preview:-1"},"canonical":"https:\/\/riberasalud.com\/clinica-mestalla\/politica-de-privacidad\/","og_locale":"es_ES","og_type":"article","og_title":"Pol\u00edtica de privacidad - Cl\u00ednica Ribera Mestalla","og_description":"Es compromiso del Grupo Ribera Salud, el respeto a la privacidad de los usuarios y la protecci\u00f3n y seguridad de sus datos personales","og_url":"https:\/\/riberasalud.com\/clinica-mestalla\/politica-de-privacidad\/","og_site_name":"Cl\u00ednica Ribera Mestalla","article_modified_time":"2025-10-02T14:39:42+00:00","twitter_card":"summary_large_image","twitter_misc":{"Tiempo de lectura":"6 minutos"},"schema":{"@context":"https:\/\/schema.org","@graph":[{"@type":"WebPage","@id":"https:\/\/riberasalud.com\/clinica-mestalla\/politica-de-privacidad\/","url":"https:\/\/riberasalud.com\/clinica-mestalla\/politica-de-privacidad\/","name":"Pol\u00edtica de privacidad - Cl\u00ednica Ribera Mestalla","isPartOf":{"@id":"https:\/\/riberasalud.com\/clinica-mestalla\/#website"},"datePublished":"2025-10-02T14:39:13+00:00","dateModified":"2025-10-02T14:39:42+00:00","description":"Es compromiso del Grupo Ribera Salud, el respeto a la privacidad de los usuarios y la protecci\u00f3n y seguridad de sus datos personales","breadcrumb":{"@id":"https:\/\/riberasalud.com\/clinica-mestalla\/politica-de-privacidad\/#breadcrumb"},"inLanguage":"es","potentialAction":[{"@type":"ReadAction","target":["https:\/\/riberasalud.com\/clinica-mestalla\/politica-de-privacidad\/"]}]},{"@type":"BreadcrumbList","@id":"https:\/\/riberasalud.com\/clinica-mestalla\/politica-de-privacidad\/#breadcrumb","itemListElement":[{"@type":"ListItem","position":1,"name":"Portada","item":"https:\/\/riberasalud.com\/clinica-mestalla\/"},{"@type":"ListItem","position":2,"name":"Pol\u00edtica de privacidad"}]},{"@type":"WebSite","@id":"https:\/\/riberasalud.com\/clinica-mestalla\/#website","url":"https:\/\/riberasalud.com\/clinica-mestalla\/","name":"Cl\u00ednica Ribera Mestalla","description":"","publisher":{"@id":"https:\/\/riberasalud.com\/clinica-mestalla\/#organization"},"potentialAction":[{"@type":"SearchAction","target":{"@type":"EntryPoint","urlTemplate":"https:\/\/riberasalud.com\/clinica-mestalla\/?s={search_term_string}"},"query-input":{"@type":"PropertyValueSpecification","valueRequired":true,"valueName":"search_term_string"}}],"inLanguage":"es"},{"@type":"Organization","@id":"https:\/\/riberasalud.com\/clinica-mestalla\/#organization","name":"Cl\u00ednica Ribera Mestalla","url":"https:\/\/riberasalud.com\/clinica-mestalla\/","logo":{"@type":"ImageObject","inLanguage":"es","@id":"https:\/\/riberasalud.com\/clinica-mestalla\/#\/schema\/logo\/image\/","url":"https:\/\/riberasalud.com\/clinica-mestalla\/wp-content\/uploads\/2025\/04\/Clinica-Ribera-Mestalla-Logotipo.png","contentUrl":"https:\/\/riberasalud.com\/clinica-mestalla\/wp-content\/uploads\/2025\/04\/Clinica-Ribera-Mestalla-Logotipo.png","width":351,"height":73,"caption":"Cl\u00ednica Ribera Mestalla"},"image":{"@id":"https:\/\/riberasalud.com\/clinica-mestalla\/#\/schema\/logo\/image\/"}}]}},"_links":{"self":[{"href":"https:\/\/riberasalud.com\/clinica-mestalla\/wp-json\/wp\/v2\/pages\/4634","targetHints":{"allow":["GET"]}}],"collection":[{"href":"https:\/\/riberasalud.com\/clinica-mestalla\/wp-json\/wp\/v2\/pages"}],"about":[{"href":"https:\/\/riberasalud.com\/clinica-mestalla\/wp-json\/wp\/v2\/types\/page"}],"author":[{"embeddable":true,"href":"https:\/\/riberasalud.com\/clinica-mestalla\/wp-json\/wp\/v2\/users\/2"}],"replies":[{"embeddable":true,"href":"https:\/\/riberasalud.com\/clinica-mestalla\/wp-json\/wp\/v2\/comments?post=4634"}],"version-history":[{"count":2,"href":"https:\/\/riberasalud.com\/clinica-mestalla\/wp-json\/wp\/v2\/pages\/4634\/revisions"}],"predecessor-version":[{"id":4636,"href":"https:\/\/riberasalud.com\/clinica-mestalla\/wp-json\/wp\/v2\/pages\/4634\/revisions\/4636"}],"wp:attachment":[{"href":"https:\/\/riberasalud.com\/clinica-mestalla\/wp-json\/wp\/v2\/media?parent=4634"}],"curies":[{"name":"wp","href":"https:\/\/api.w.org\/{rel}","templated":true}]}}