{"id":2991,"date":"2023-08-18T11:50:28","date_gmt":"2023-08-18T11:50:28","guid":{"rendered":"https:\/\/www.riberasalud.com\/ciudad-quesada\/?page_id=2991"},"modified":"2024-04-29T11:29:09","modified_gmt":"2024-04-29T11:29:09","slug":"actualidad","status":"publish","type":"page","link":"https:\/\/riberasalud.com\/ciudad-quesada\/actualidad\/","title":{"rendered":"Actualidad"},"content":{"rendered":"\n<div class=\"wp-block-group hasbackgroundnaranja sliderlinea\"><div class=\"wp-block-group__inner-container is-layout-flow wp-block-group-is-layout-flow\">\n<p>ACTUALIDAD<\/p>\n\n\n\n<h1 class=\"wp-block-heading\">Actualidad<\/h1>\n<\/div><\/div>\n\n\n\n<div class=\"wp-block-group\"><div class=\"wp-block-group__inner-container is-layout-flow wp-block-group-is-layout-flow\"><ul class=\"wp-block-latest-posts__list is-grid columns-3 has-dates ultimasblog wp-block-latest-posts\"><li><div class=\"wp-block-latest-posts__featured-image aligncenter\"><img loading=\"lazy\" decoding=\"async\" width=\"800\" height=\"533\" src=\"https:\/\/riberasalud.com\/ciudad-quesada\/wp-content\/uploads\/2024\/08\/Festival-Brilla-Torrevieja-2024-ganadores-concurso-3.jpg\" class=\"attachment-large size-large wp-post-image\" alt=\"Festival Brilla Torrevieja 2024 ganadores concurso 3\" style=\"\" srcset=\"https:\/\/riberasalud.com\/ciudad-quesada\/wp-content\/uploads\/2024\/08\/Festival-Brilla-Torrevieja-2024-ganadores-concurso-3.jpg 800w, https:\/\/riberasalud.com\/ciudad-quesada\/wp-content\/uploads\/2024\/08\/Festival-Brilla-Torrevieja-2024-ganadores-concurso-3-300x200.jpg 300w, https:\/\/riberasalud.com\/ciudad-quesada\/wp-content\/uploads\/2024\/08\/Festival-Brilla-Torrevieja-2024-ganadores-concurso-3-768x512.jpg 768w\" sizes=\"auto, (max-width: 800px) 100vw, 800px\" \/><\/div><a class=\"wp-block-latest-posts__post-title\" href=\"https:\/\/riberasalud.com\/ciudad-quesada\/festival-brilla-torrevieja-2024-anunciamos-a-los-ganadores-de-nuestro-sorteo\/\">Festival Brilla Torrevieja 2024: \u00a1Anunciamos a los ganadores de nuestro sorteo!<\/a><time datetime=\"2024-08-16T13:52:10+00:00\" class=\"wp-block-latest-posts__post-date\">16 de agosto de 2024<\/time><div class=\"wp-block-latest-posts__post-excerpt\">Este verano, hemos tenido la oportunidad de formar parte del Festival Brilla Torrevieja 2024, uno de los eventos m\u00e1s destacados de la temporada. Desde Hombres G hasta El Barrio, estuvimos presentes en todos los conciertos, acerc\u00e1ndonos a la comunidad y compartiendo con todos los asistentes lo mejor de nuestra cl\u00ednica. Un stand lleno de sorpresas &#8230; <a title=\"Festival Brilla Torrevieja 2024: \u00a1Anunciamos a los ganadores de nuestro sorteo!\" class=\"read-more\" href=\"https:\/\/riberasalud.com\/ciudad-quesada\/festival-brilla-torrevieja-2024-anunciamos-a-los-ganadores-de-nuestro-sorteo\/\" aria-label=\"Leer m\u00e1s sobre Festival Brilla Torrevieja 2024: \u00a1Anunciamos a los ganadores de nuestro sorteo!\">Leer m\u00e1s<\/a><\/div><\/li>\n<li><div class=\"wp-block-latest-posts__featured-image aligncenter\"><img loading=\"lazy\" decoding=\"async\" width=\"800\" height=\"533\" src=\"https:\/\/riberasalud.com\/ciudad-quesada\/wp-content\/uploads\/2023\/09\/Convenio-Puerto-Torrevieja-Ribera-Ciudad-Quesada.jpg\" class=\"attachment-large size-large wp-post-image\" alt=\"Convenio Puerto Torrevieja Ribera Ciudad Quesada\" style=\"\" srcset=\"https:\/\/riberasalud.com\/ciudad-quesada\/wp-content\/uploads\/2023\/09\/Convenio-Puerto-Torrevieja-Ribera-Ciudad-Quesada.jpg 800w, https:\/\/riberasalud.com\/ciudad-quesada\/wp-content\/uploads\/2023\/09\/Convenio-Puerto-Torrevieja-Ribera-Ciudad-Quesada-300x200.jpg 300w, https:\/\/riberasalud.com\/ciudad-quesada\/wp-content\/uploads\/2023\/09\/Convenio-Puerto-Torrevieja-Ribera-Ciudad-Quesada-768x512.jpg 768w\" sizes=\"auto, (max-width: 800px) 100vw, 800px\" \/><\/div><a class=\"wp-block-latest-posts__post-title\" href=\"https:\/\/riberasalud.com\/ciudad-quesada\/la-clinica-ribera-ciudad-quesada-se-vuelca-con-los-clubes-deportivos-y-carreras-del-area-de-torrevieja\/\">La cl\u00ednica Ribera Ciudad Quesada se vuelca con los clubes deportivos y carreras del \u00e1rea de Torrevieja<\/a><time datetime=\"2023-09-28T10:52:50+00:00\" class=\"wp-block-latest-posts__post-date\">28 de septiembre de 2023<\/time><div class=\"wp-block-latest-posts__post-excerpt\">La cl\u00ednica&nbsp;Ribera Ciudad Quesada&nbsp;hace una apuesta en firme con el deporte y se vuelca con los clubes deportivos y las carreras populares del \u00e1rea de Torrevieja. Esta cl\u00ednica del grupo sanitario&nbsp;Ribera, inaugurada hace apenas cinco meses, ha firmado esta semana tres convenios con clubes deportivos y organizadores de carreras populares, para garantizar reconocimientos m\u00e9dicos excelentes &#8230; <a title=\"La cl\u00ednica Ribera Ciudad Quesada se vuelca con los clubes deportivos y carreras del \u00e1rea de Torrevieja\" class=\"read-more\" href=\"https:\/\/riberasalud.com\/ciudad-quesada\/la-clinica-ribera-ciudad-quesada-se-vuelca-con-los-clubes-deportivos-y-carreras-del-area-de-torrevieja\/\" aria-label=\"Leer m\u00e1s sobre La cl\u00ednica Ribera Ciudad Quesada se vuelca con los clubes deportivos y carreras del \u00e1rea de Torrevieja\">Leer m\u00e1s<\/a><\/div><\/li>\n<li><div class=\"wp-block-latest-posts__featured-image aligncenter\"><img loading=\"lazy\" decoding=\"async\" width=\"1024\" height=\"580\" src=\"https:\/\/riberasalud.com\/ciudad-quesada\/wp-content\/uploads\/2023\/08\/Chequeo-medico-deportistas-del-Club-Balonmano-Mare-Nostrum-1024x580.jpg\" class=\"attachment-large size-large wp-post-image\" alt=\"Chequeo m\u00e9dico deportistas del Club Balonmano Mare Nostrum\" style=\"\" srcset=\"https:\/\/riberasalud.com\/ciudad-quesada\/wp-content\/uploads\/2023\/08\/Chequeo-medico-deportistas-del-Club-Balonmano-Mare-Nostrum-1024x580.jpg 1024w, https:\/\/riberasalud.com\/ciudad-quesada\/wp-content\/uploads\/2023\/08\/Chequeo-medico-deportistas-del-Club-Balonmano-Mare-Nostrum-300x170.jpg 300w, https:\/\/riberasalud.com\/ciudad-quesada\/wp-content\/uploads\/2023\/08\/Chequeo-medico-deportistas-del-Club-Balonmano-Mare-Nostrum-768x435.jpg 768w, https:\/\/riberasalud.com\/ciudad-quesada\/wp-content\/uploads\/2023\/08\/Chequeo-medico-deportistas-del-Club-Balonmano-Mare-Nostrum.jpg 1249w\" sizes=\"auto, (max-width: 1024px) 100vw, 1024px\" \/><\/div><a class=\"wp-block-latest-posts__post-title\" href=\"https:\/\/riberasalud.com\/ciudad-quesada\/ribera-realiza-la-revision-medica-a-los-deportistas-del-club-balonmano-mare-nostrum-en-su-clinica-de-ciudad-quesada\/\">Ribera realiza la revisi\u00f3n m\u00e9dica a los deportistas del Club Balonmano Mare Nostrum en su cl\u00ednica de Ciudad Quesada<\/a><time datetime=\"2023-08-29T08:26:37+00:00\" class=\"wp-block-latest-posts__post-date\">29 de agosto de 2023<\/time><div class=\"wp-block-latest-posts__post-excerpt\">28 de agosto de 2023. El grupo sanitario Ribera contin\u00faa su labor de promoci\u00f3n de h\u00e1bitos de vida saludable y compromiso con el tejido sociodeportivo. De esta forma, los deportistas del Club de Balonmano Mare Nostrum de Torrevieja han acudido a las consultas de la Cl\u00ednica Ribera Ciudad Quesada para llevar a cabo el chequeo &#8230; <a title=\"Ribera realiza la revisi\u00f3n m\u00e9dica a los deportistas del Club Balonmano Mare Nostrum en su cl\u00ednica de Ciudad Quesada\" class=\"read-more\" href=\"https:\/\/riberasalud.com\/ciudad-quesada\/ribera-realiza-la-revision-medica-a-los-deportistas-del-club-balonmano-mare-nostrum-en-su-clinica-de-ciudad-quesada\/\" aria-label=\"Leer m\u00e1s sobre Ribera realiza la revisi\u00f3n m\u00e9dica a los deportistas del Club Balonmano Mare Nostrum en su cl\u00ednica de Ciudad Quesada\">Leer m\u00e1s<\/a><\/div><\/li>\n<li><div class=\"wp-block-latest-posts__featured-image aligncenter\"><img loading=\"lazy\" decoding=\"async\" width=\"1024\" height=\"580\" src=\"https:\/\/riberasalud.com\/ciudad-quesada\/wp-content\/uploads\/2023\/08\/Ribera_ciudadquesada-1024x580.jpg\" class=\"attachment-large size-large wp-post-image\" alt=\"Ribera ciudadquesada\" style=\"\" srcset=\"https:\/\/riberasalud.com\/ciudad-quesada\/wp-content\/uploads\/2023\/08\/Ribera_ciudadquesada-1024x580.jpg 1024w, https:\/\/riberasalud.com\/ciudad-quesada\/wp-content\/uploads\/2023\/08\/Ribera_ciudadquesada-300x170.jpg 300w, https:\/\/riberasalud.com\/ciudad-quesada\/wp-content\/uploads\/2023\/08\/Ribera_ciudadquesada-768x435.jpg 768w, https:\/\/riberasalud.com\/ciudad-quesada\/wp-content\/uploads\/2023\/08\/Ribera_ciudadquesada.jpg 1249w\" sizes=\"auto, (max-width: 1024px) 100vw, 1024px\" \/><\/div><a class=\"wp-block-latest-posts__post-title\" href=\"https:\/\/riberasalud.com\/ciudad-quesada\/ribera-refuerza-el-servicio-de-urgencias-y-medicina-familiar-de-su-clinica-en-ciudad-quesada\/\">Ribera refuerza el servicio de urgencias y medicina familiar de su cl\u00ednica en Ciudad Quesada<\/a><time datetime=\"2023-08-18T09:28:25+00:00\" class=\"wp-block-latest-posts__post-date\">18 de agosto de 2023<\/time><div class=\"wp-block-latest-posts__post-excerpt\">18 de agosto de 2023. La nueva cl\u00ednica del grupo Ribera en Ciudad Quesada ha reforzado su servicio de urgencias y medicina familiar para ofrecer una cobertura sanitara de calidad ante el incremento de los casos urgentes de las \u00faltimas semanas. El centro, que mantiene horario de lunes a viernes de 9 a 20h durante &#8230; <a title=\"Ribera refuerza el servicio de urgencias y medicina familiar de su cl\u00ednica en Ciudad Quesada\" class=\"read-more\" href=\"https:\/\/riberasalud.com\/ciudad-quesada\/ribera-refuerza-el-servicio-de-urgencias-y-medicina-familiar-de-su-clinica-en-ciudad-quesada\/\" aria-label=\"Leer m\u00e1s sobre Ribera refuerza el servicio de urgencias y medicina familiar de su cl\u00ednica en Ciudad Quesada\">Leer m\u00e1s<\/a><\/div><\/li>\n<\/ul><\/div><\/div>\n","protected":false},"excerpt":{"rendered":"<p>ACTUALIDAD Actualidad<\/p>\n","protected":false},"author":1,"featured_media":0,"parent":0,"menu_order":0,"comment_status":"closed","ping_status":"closed","template":"","meta":{"_mi_skip_tracking":false,"_glsr_average":0,"_glsr_ranking":0,"_glsr_reviews":0,"footnotes":""},"class_list":["post-2991","page","type-page","status-publish"],"yoast_head":"<!-- This site is optimized with the Yoast SEO plugin v26.6 - https:\/\/yoast.com\/wordpress\/plugins\/seo\/ -->\n<title>Actualidad - Cl\u00ednica Ribera Ciudad Quesada<\/title>\n<meta name=\"description\" content=\"Las \u00faltimas noticias y novedades sobre nuestra Cl\u00ednica.\" \/>\n<meta name=\"robots\" content=\"index, follow, max-snippet:-1, max-image-preview:large, max-video-preview:-1\" \/>\n<link rel=\"canonical\" href=\"https:\/\/riberasalud.com\/ciudad-quesada\/actualidad\/\" \/>\n<meta property=\"og:locale\" content=\"es_ES\" \/>\n<meta property=\"og:type\" content=\"article\" \/>\n<meta property=\"og:title\" content=\"Actualidad - Cl\u00ednica Ribera Ciudad Quesada\" \/>\n<meta property=\"og:description\" content=\"Las \u00faltimas noticias y novedades sobre nuestra Cl\u00ednica.\" \/>\n<meta property=\"og:url\" content=\"https:\/\/riberasalud.com\/ciudad-quesada\/actualidad\/\" \/>\n<meta property=\"og:site_name\" content=\"Cl\u00ednica Ribera Ciudad Quesada\" \/>\n<meta property=\"article:modified_time\" content=\"2024-04-29T11:29:09+00:00\" \/>\n<meta name=\"twitter:card\" content=\"summary_large_image\" \/>\n<meta name=\"twitter:label1\" content=\"Tiempo de lectura\" \/>\n\t<meta name=\"twitter:data1\" content=\"1 minuto\" \/>\n<script type=\"application\/ld+json\" class=\"yoast-schema-graph\">{\"@context\":\"https:\/\/schema.org\",\"@graph\":[{\"@type\":\"WebPage\",\"@id\":\"https:\/\/riberasalud.com\/ciudad-quesada\/actualidad\/\",\"url\":\"https:\/\/riberasalud.com\/ciudad-quesada\/actualidad\/\",\"name\":\"Actualidad - Cl\u00ednica Ribera Ciudad Quesada\",\"isPartOf\":{\"@id\":\"https:\/\/riberasalud.com\/ciudad-quesada\/#website\"},\"datePublished\":\"2023-08-18T11:50:28+00:00\",\"dateModified\":\"2024-04-29T11:29:09+00:00\",\"description\":\"Las \u00faltimas noticias y novedades sobre nuestra Cl\u00ednica.\",\"breadcrumb\":{\"@id\":\"https:\/\/riberasalud.com\/ciudad-quesada\/actualidad\/#breadcrumb\"},\"inLanguage\":\"es\",\"potentialAction\":[{\"@type\":\"ReadAction\",\"target\":[\"https:\/\/riberasalud.com\/ciudad-quesada\/actualidad\/\"]}]},{\"@type\":\"BreadcrumbList\",\"@id\":\"https:\/\/riberasalud.com\/ciudad-quesada\/actualidad\/#breadcrumb\",\"itemListElement\":[{\"@type\":\"ListItem\",\"position\":1,\"name\":\"Portada\",\"item\":\"https:\/\/riberasalud.com\/ciudad-quesada\/\"},{\"@type\":\"ListItem\",\"position\":2,\"name\":\"Actualidad\"}]},{\"@type\":\"WebSite\",\"@id\":\"https:\/\/riberasalud.com\/ciudad-quesada\/#website\",\"url\":\"https:\/\/riberasalud.com\/ciudad-quesada\/\",\"name\":\"Cl\u00ednica Ribera Ciudad Quesada\",\"description\":\"\",\"publisher\":{\"@id\":\"https:\/\/riberasalud.com\/ciudad-quesada\/#organization\"},\"alternateName\":\"Cl\u00ednica Ribera Ciudad Quesada\",\"potentialAction\":[{\"@type\":\"SearchAction\",\"target\":{\"@type\":\"EntryPoint\",\"urlTemplate\":\"https:\/\/riberasalud.com\/ciudad-quesada\/?s={search_term_string}\"},\"query-input\":{\"@type\":\"PropertyValueSpecification\",\"valueRequired\":true,\"valueName\":\"search_term_string\"}}],\"inLanguage\":\"es\"},{\"@type\":\"Organization\",\"@id\":\"https:\/\/riberasalud.com\/ciudad-quesada\/#organization\",\"name\":\"RIbera Salud\",\"alternateName\":\"Ribera\",\"url\":\"https:\/\/riberasalud.com\/ciudad-quesada\/\",\"logo\":{\"@type\":\"ImageObject\",\"inLanguage\":\"es\",\"@id\":\"https:\/\/riberasalud.com\/ciudad-quesada\/#\/schema\/logo\/image\/\",\"url\":\"https:\/\/riberasalud.com\/ciudad-quesada\/wp-content\/uploads\/2022\/10\/cropped-logo_ciudad_quesada_Mesa-de-trabajo-1.png\",\"contentUrl\":\"https:\/\/riberasalud.com\/ciudad-quesada\/wp-content\/uploads\/2022\/10\/cropped-logo_ciudad_quesada_Mesa-de-trabajo-1.png\",\"width\":600,\"height\":123,\"caption\":\"RIbera Salud\"},\"image\":{\"@id\":\"https:\/\/riberasalud.com\/ciudad-quesada\/#\/schema\/logo\/image\/\"}}]}<\/script>\n<!-- \/ Yoast SEO plugin. -->","yoast_head_json":{"title":"Actualidad - Cl\u00ednica Ribera Ciudad Quesada","description":"Las \u00faltimas noticias y novedades sobre nuestra Cl\u00ednica.","robots":{"index":"index","follow":"follow","max-snippet":"max-snippet:-1","max-image-preview":"max-image-preview:large","max-video-preview":"max-video-preview:-1"},"canonical":"https:\/\/riberasalud.com\/ciudad-quesada\/actualidad\/","og_locale":"es_ES","og_type":"article","og_title":"Actualidad - Cl\u00ednica Ribera Ciudad Quesada","og_description":"Las \u00faltimas noticias y novedades sobre nuestra Cl\u00ednica.","og_url":"https:\/\/riberasalud.com\/ciudad-quesada\/actualidad\/","og_site_name":"Cl\u00ednica Ribera Ciudad Quesada","article_modified_time":"2024-04-29T11:29:09+00:00","twitter_card":"summary_large_image","twitter_misc":{"Tiempo de lectura":"1 minuto"},"schema":{"@context":"https:\/\/schema.org","@graph":[{"@type":"WebPage","@id":"https:\/\/riberasalud.com\/ciudad-quesada\/actualidad\/","url":"https:\/\/riberasalud.com\/ciudad-quesada\/actualidad\/","name":"Actualidad - Cl\u00ednica Ribera Ciudad Quesada","isPartOf":{"@id":"https:\/\/riberasalud.com\/ciudad-quesada\/#website"},"datePublished":"2023-08-18T11:50:28+00:00","dateModified":"2024-04-29T11:29:09+00:00","description":"Las \u00faltimas noticias y novedades sobre nuestra Cl\u00ednica.","breadcrumb":{"@id":"https:\/\/riberasalud.com\/ciudad-quesada\/actualidad\/#breadcrumb"},"inLanguage":"es","potentialAction":[{"@type":"ReadAction","target":["https:\/\/riberasalud.com\/ciudad-quesada\/actualidad\/"]}]},{"@type":"BreadcrumbList","@id":"https:\/\/riberasalud.com\/ciudad-quesada\/actualidad\/#breadcrumb","itemListElement":[{"@type":"ListItem","position":1,"name":"Portada","item":"https:\/\/riberasalud.com\/ciudad-quesada\/"},{"@type":"ListItem","position":2,"name":"Actualidad"}]},{"@type":"WebSite","@id":"https:\/\/riberasalud.com\/ciudad-quesada\/#website","url":"https:\/\/riberasalud.com\/ciudad-quesada\/","name":"Cl\u00ednica Ribera Ciudad Quesada","description":"","publisher":{"@id":"https:\/\/riberasalud.com\/ciudad-quesada\/#organization"},"alternateName":"Cl\u00ednica Ribera Ciudad Quesada","potentialAction":[{"@type":"SearchAction","target":{"@type":"EntryPoint","urlTemplate":"https:\/\/riberasalud.com\/ciudad-quesada\/?s={search_term_string}"},"query-input":{"@type":"PropertyValueSpecification","valueRequired":true,"valueName":"search_term_string"}}],"inLanguage":"es"},{"@type":"Organization","@id":"https:\/\/riberasalud.com\/ciudad-quesada\/#organization","name":"RIbera Salud","alternateName":"Ribera","url":"https:\/\/riberasalud.com\/ciudad-quesada\/","logo":{"@type":"ImageObject","inLanguage":"es","@id":"https:\/\/riberasalud.com\/ciudad-quesada\/#\/schema\/logo\/image\/","url":"https:\/\/riberasalud.com\/ciudad-quesada\/wp-content\/uploads\/2022\/10\/cropped-logo_ciudad_quesada_Mesa-de-trabajo-1.png","contentUrl":"https:\/\/riberasalud.com\/ciudad-quesada\/wp-content\/uploads\/2022\/10\/cropped-logo_ciudad_quesada_Mesa-de-trabajo-1.png","width":600,"height":123,"caption":"RIbera Salud"},"image":{"@id":"https:\/\/riberasalud.com\/ciudad-quesada\/#\/schema\/logo\/image\/"}}]}},"_links":{"self":[{"href":"https:\/\/riberasalud.com\/ciudad-quesada\/wp-json\/wp\/v2\/pages\/2991","targetHints":{"allow":["GET"]}}],"collection":[{"href":"https:\/\/riberasalud.com\/ciudad-quesada\/wp-json\/wp\/v2\/pages"}],"about":[{"href":"https:\/\/riberasalud.com\/ciudad-quesada\/wp-json\/wp\/v2\/types\/page"}],"author":[{"embeddable":true,"href":"https:\/\/riberasalud.com\/ciudad-quesada\/wp-json\/wp\/v2\/users\/1"}],"replies":[{"embeddable":true,"href":"https:\/\/riberasalud.com\/ciudad-quesada\/wp-json\/wp\/v2\/comments?post=2991"}],"version-history":[{"count":3,"href":"https:\/\/riberasalud.com\/ciudad-quesada\/wp-json\/wp\/v2\/pages\/2991\/revisions"}],"predecessor-version":[{"id":2996,"href":"https:\/\/riberasalud.com\/ciudad-quesada\/wp-json\/wp\/v2\/pages\/2991\/revisions\/2996"}],"wp:attachment":[{"href":"https:\/\/riberasalud.com\/ciudad-quesada\/wp-json\/wp\/v2\/media?parent=2991"}],"curies":[{"name":"wp","href":"https:\/\/api.w.org\/{rel}","templated":true}]}}