{"id":1306,"date":"2023-01-17T12:03:01","date_gmt":"2023-01-17T12:03:01","guid":{"rendered":"https:\/\/riberasalud.com\/ciudad-quesada\/?page_id=1306"},"modified":"2023-02-01T07:51:15","modified_gmt":"2023-02-01T07:51:15","slug":"informacion-sobre-el-tratamiento-de-datos","status":"publish","type":"page","link":"https:\/\/riberasalud.com\/ciudad-quesada\/informacion-sobre-el-tratamiento-de-datos\/","title":{"rendered":"Informaci\u00f3n sobre el tratamiento de datos"},"content":{"rendered":"\n<div class=\"wp-block-group hasbackgroundnaranja sliderlinea\"><div class=\"wp-block-group__inner-container is-layout-flow wp-block-group-is-layout-flow\">\n<p>SOMOS LA CL\u00cdNICA RIBERA CIUDAD QUESADA<\/p>\n\n\n\n<h1 class=\"wp-block-heading\">Informaci\u00f3n sobre el tratamiento de datos<\/h1>\n<\/div><\/div>\n\n\n\n<div class=\"wp-block-group\"><div class=\"wp-block-group__inner-container is-layout-flow wp-block-group-is-layout-flow\">\n<ul class=\"wp-block-list\">\n<li>Responsable del tratamiento: Torrevieja Salud, S.L.U., con domicilio en Avda. Cortes Valencianas, 58, Edificio Sorolla Center 46015 Val\u00e8ncia, Val\u00e8ncia (Espa\u00f1a).<\/li>\n\n\n\n<li>Delegado de protecci\u00f3n de datos (DPD): <a href=\"mailto:dpo@riberasalud.es\">dpo@riberasalud.es<\/a>&nbsp;<\/li>\n\n\n\n<li>Finalidad: de atender su solicitud de contacto, as\u00ed como cualquier otra petici\u00f3n e informaci\u00f3n que nos solicite relativa a nuestros servicios.<\/li>\n\n\n\n<li>Derechos: acceso, rectificaci\u00f3n, supresi\u00f3n, oposici\u00f3n, limitaci\u00f3n y portabilidad<\/li>\n<\/ul>\n\n\n\n<p>&nbsp;M\u00e1s info: Consulte la pol\u00edtica de protecci\u00f3n de datos de Cl\u00ednicas Ciudad Quesada, <a href=\"https:\/\/riberasalud.com\/ciudad-quesada\/politica-de-proteccion-de-datos\/\">https:\/\/riberasalud.com\/ciudad-quesada\/politica-de-proteccion-de-datos\/<\/a>&nbsp;<\/p>\n<\/div><\/div>\n\n\n\n<div class=\"wp-block-group\"><div class=\"wp-block-group__inner-container is-layout-constrained wp-block-group-is-layout-constrained\"><\/div><\/div>\n","protected":false},"excerpt":{"rendered":"<p>SOMOS LA CL\u00cdNICA RIBERA CIUDAD QUESADA Informaci\u00f3n sobre el tratamiento de datos &nbsp;M\u00e1s info: Consulte la pol\u00edtica de protecci\u00f3n de datos de Cl\u00ednicas Ciudad Quesada, https:\/\/riberasalud.com\/ciudad-quesada\/politica-de-proteccion-de-datos\/&nbsp;<\/p>\n","protected":false},"author":2,"featured_media":0,"parent":0,"menu_order":0,"comment_status":"closed","ping_status":"closed","template":"","meta":{"_mi_skip_tracking":false,"_glsr_average":0,"_glsr_ranking":0,"_glsr_reviews":0,"footnotes":""},"class_list":["post-1306","page","type-page","status-publish"],"yoast_head":"<!-- This site is optimized with the Yoast SEO plugin v26.6 - https:\/\/yoast.com\/wordpress\/plugins\/seo\/ -->\n<title>Informaci\u00f3n sobre el tratamiento de datos - Cl\u00ednica Ribera Ciudad Quesada<\/title>\n<meta name=\"description\" content=\"SOMOS LA CL\u00cdNICA RIBERA CIUDAD QUESADA Informaci\u00f3n sobre el tratamiento de datos Responsable del tratamiento: Torrevieja Salud, S.L.U., con domicilio en\" \/>\n<meta name=\"robots\" content=\"index, follow, max-snippet:-1, max-image-preview:large, max-video-preview:-1\" \/>\n<link rel=\"canonical\" href=\"https:\/\/riberasalud.com\/ciudad-quesada\/informacion-sobre-el-tratamiento-de-datos\/\" \/>\n<meta property=\"og:locale\" content=\"es_ES\" \/>\n<meta property=\"og:type\" content=\"article\" \/>\n<meta property=\"og:title\" content=\"Informaci\u00f3n sobre el tratamiento de datos - Cl\u00ednica Ribera Ciudad Quesada\" \/>\n<meta property=\"og:description\" content=\"SOMOS LA CL\u00cdNICA RIBERA CIUDAD QUESADA Informaci\u00f3n sobre el tratamiento de datos Responsable del tratamiento: Torrevieja Salud, S.L.U., con domicilio en\" \/>\n<meta property=\"og:url\" content=\"https:\/\/riberasalud.com\/ciudad-quesada\/informacion-sobre-el-tratamiento-de-datos\/\" \/>\n<meta property=\"og:site_name\" content=\"Cl\u00ednica Ribera Ciudad Quesada\" \/>\n<meta property=\"article:modified_time\" content=\"2023-02-01T07:51:15+00:00\" \/>\n<meta name=\"twitter:card\" content=\"summary_large_image\" \/>\n<meta name=\"twitter:label1\" content=\"Tiempo de lectura\" \/>\n\t<meta name=\"twitter:data1\" content=\"1 minuto\" \/>\n<script type=\"application\/ld+json\" class=\"yoast-schema-graph\">{\"@context\":\"https:\/\/schema.org\",\"@graph\":[{\"@type\":\"WebPage\",\"@id\":\"https:\/\/riberasalud.com\/ciudad-quesada\/informacion-sobre-el-tratamiento-de-datos\/\",\"url\":\"https:\/\/riberasalud.com\/ciudad-quesada\/informacion-sobre-el-tratamiento-de-datos\/\",\"name\":\"Informaci\u00f3n sobre el tratamiento de datos - Cl\u00ednica Ribera Ciudad Quesada\",\"isPartOf\":{\"@id\":\"https:\/\/riberasalud.com\/ciudad-quesada\/#website\"},\"datePublished\":\"2023-01-17T12:03:01+00:00\",\"dateModified\":\"2023-02-01T07:51:15+00:00\",\"description\":\"SOMOS LA CL\u00cdNICA RIBERA CIUDAD QUESADA Informaci\u00f3n sobre el tratamiento de datos Responsable del tratamiento: Torrevieja Salud, S.L.U., con domicilio en\",\"breadcrumb\":{\"@id\":\"https:\/\/riberasalud.com\/ciudad-quesada\/informacion-sobre-el-tratamiento-de-datos\/#breadcrumb\"},\"inLanguage\":\"es\",\"potentialAction\":[{\"@type\":\"ReadAction\",\"target\":[\"https:\/\/riberasalud.com\/ciudad-quesada\/informacion-sobre-el-tratamiento-de-datos\/\"]}]},{\"@type\":\"BreadcrumbList\",\"@id\":\"https:\/\/riberasalud.com\/ciudad-quesada\/informacion-sobre-el-tratamiento-de-datos\/#breadcrumb\",\"itemListElement\":[{\"@type\":\"ListItem\",\"position\":1,\"name\":\"Portada\",\"item\":\"https:\/\/riberasalud.com\/ciudad-quesada\/\"},{\"@type\":\"ListItem\",\"position\":2,\"name\":\"Informaci\u00f3n sobre el tratamiento de datos\"}]},{\"@type\":\"WebSite\",\"@id\":\"https:\/\/riberasalud.com\/ciudad-quesada\/#website\",\"url\":\"https:\/\/riberasalud.com\/ciudad-quesada\/\",\"name\":\"Cl\u00ednica Ribera Ciudad Quesada\",\"description\":\"\",\"publisher\":{\"@id\":\"https:\/\/riberasalud.com\/ciudad-quesada\/#organization\"},\"alternateName\":\"Cl\u00ednica Ribera Ciudad Quesada\",\"potentialAction\":[{\"@type\":\"SearchAction\",\"target\":{\"@type\":\"EntryPoint\",\"urlTemplate\":\"https:\/\/riberasalud.com\/ciudad-quesada\/?s={search_term_string}\"},\"query-input\":{\"@type\":\"PropertyValueSpecification\",\"valueRequired\":true,\"valueName\":\"search_term_string\"}}],\"inLanguage\":\"es\"},{\"@type\":\"Organization\",\"@id\":\"https:\/\/riberasalud.com\/ciudad-quesada\/#organization\",\"name\":\"RIbera Salud\",\"alternateName\":\"Ribera\",\"url\":\"https:\/\/riberasalud.com\/ciudad-quesada\/\",\"logo\":{\"@type\":\"ImageObject\",\"inLanguage\":\"es\",\"@id\":\"https:\/\/riberasalud.com\/ciudad-quesada\/#\/schema\/logo\/image\/\",\"url\":\"https:\/\/riberasalud.com\/ciudad-quesada\/wp-content\/uploads\/2022\/10\/cropped-logo_ciudad_quesada_Mesa-de-trabajo-1.png\",\"contentUrl\":\"https:\/\/riberasalud.com\/ciudad-quesada\/wp-content\/uploads\/2022\/10\/cropped-logo_ciudad_quesada_Mesa-de-trabajo-1.png\",\"width\":600,\"height\":123,\"caption\":\"RIbera Salud\"},\"image\":{\"@id\":\"https:\/\/riberasalud.com\/ciudad-quesada\/#\/schema\/logo\/image\/\"}}]}<\/script>\n<!-- \/ Yoast SEO plugin. -->","yoast_head_json":{"title":"Informaci\u00f3n sobre el tratamiento de datos - Cl\u00ednica Ribera Ciudad Quesada","description":"SOMOS LA CL\u00cdNICA RIBERA CIUDAD QUESADA Informaci\u00f3n sobre el tratamiento de datos Responsable del tratamiento: Torrevieja Salud, S.L.U., con domicilio en","robots":{"index":"index","follow":"follow","max-snippet":"max-snippet:-1","max-image-preview":"max-image-preview:large","max-video-preview":"max-video-preview:-1"},"canonical":"https:\/\/riberasalud.com\/ciudad-quesada\/informacion-sobre-el-tratamiento-de-datos\/","og_locale":"es_ES","og_type":"article","og_title":"Informaci\u00f3n sobre el tratamiento de datos - Cl\u00ednica Ribera Ciudad Quesada","og_description":"SOMOS LA CL\u00cdNICA RIBERA CIUDAD QUESADA Informaci\u00f3n sobre el tratamiento de datos Responsable del tratamiento: Torrevieja Salud, S.L.U., con domicilio en","og_url":"https:\/\/riberasalud.com\/ciudad-quesada\/informacion-sobre-el-tratamiento-de-datos\/","og_site_name":"Cl\u00ednica Ribera Ciudad Quesada","article_modified_time":"2023-02-01T07:51:15+00:00","twitter_card":"summary_large_image","twitter_misc":{"Tiempo de lectura":"1 minuto"},"schema":{"@context":"https:\/\/schema.org","@graph":[{"@type":"WebPage","@id":"https:\/\/riberasalud.com\/ciudad-quesada\/informacion-sobre-el-tratamiento-de-datos\/","url":"https:\/\/riberasalud.com\/ciudad-quesada\/informacion-sobre-el-tratamiento-de-datos\/","name":"Informaci\u00f3n sobre el tratamiento de datos - Cl\u00ednica Ribera Ciudad Quesada","isPartOf":{"@id":"https:\/\/riberasalud.com\/ciudad-quesada\/#website"},"datePublished":"2023-01-17T12:03:01+00:00","dateModified":"2023-02-01T07:51:15+00:00","description":"SOMOS LA CL\u00cdNICA RIBERA CIUDAD QUESADA Informaci\u00f3n sobre el tratamiento de datos Responsable del tratamiento: Torrevieja Salud, S.L.U., con domicilio en","breadcrumb":{"@id":"https:\/\/riberasalud.com\/ciudad-quesada\/informacion-sobre-el-tratamiento-de-datos\/#breadcrumb"},"inLanguage":"es","potentialAction":[{"@type":"ReadAction","target":["https:\/\/riberasalud.com\/ciudad-quesada\/informacion-sobre-el-tratamiento-de-datos\/"]}]},{"@type":"BreadcrumbList","@id":"https:\/\/riberasalud.com\/ciudad-quesada\/informacion-sobre-el-tratamiento-de-datos\/#breadcrumb","itemListElement":[{"@type":"ListItem","position":1,"name":"Portada","item":"https:\/\/riberasalud.com\/ciudad-quesada\/"},{"@type":"ListItem","position":2,"name":"Informaci\u00f3n sobre el tratamiento de datos"}]},{"@type":"WebSite","@id":"https:\/\/riberasalud.com\/ciudad-quesada\/#website","url":"https:\/\/riberasalud.com\/ciudad-quesada\/","name":"Cl\u00ednica Ribera Ciudad Quesada","description":"","publisher":{"@id":"https:\/\/riberasalud.com\/ciudad-quesada\/#organization"},"alternateName":"Cl\u00ednica Ribera Ciudad Quesada","potentialAction":[{"@type":"SearchAction","target":{"@type":"EntryPoint","urlTemplate":"https:\/\/riberasalud.com\/ciudad-quesada\/?s={search_term_string}"},"query-input":{"@type":"PropertyValueSpecification","valueRequired":true,"valueName":"search_term_string"}}],"inLanguage":"es"},{"@type":"Organization","@id":"https:\/\/riberasalud.com\/ciudad-quesada\/#organization","name":"RIbera Salud","alternateName":"Ribera","url":"https:\/\/riberasalud.com\/ciudad-quesada\/","logo":{"@type":"ImageObject","inLanguage":"es","@id":"https:\/\/riberasalud.com\/ciudad-quesada\/#\/schema\/logo\/image\/","url":"https:\/\/riberasalud.com\/ciudad-quesada\/wp-content\/uploads\/2022\/10\/cropped-logo_ciudad_quesada_Mesa-de-trabajo-1.png","contentUrl":"https:\/\/riberasalud.com\/ciudad-quesada\/wp-content\/uploads\/2022\/10\/cropped-logo_ciudad_quesada_Mesa-de-trabajo-1.png","width":600,"height":123,"caption":"RIbera Salud"},"image":{"@id":"https:\/\/riberasalud.com\/ciudad-quesada\/#\/schema\/logo\/image\/"}}]}},"_links":{"self":[{"href":"https:\/\/riberasalud.com\/ciudad-quesada\/wp-json\/wp\/v2\/pages\/1306","targetHints":{"allow":["GET"]}}],"collection":[{"href":"https:\/\/riberasalud.com\/ciudad-quesada\/wp-json\/wp\/v2\/pages"}],"about":[{"href":"https:\/\/riberasalud.com\/ciudad-quesada\/wp-json\/wp\/v2\/types\/page"}],"author":[{"embeddable":true,"href":"https:\/\/riberasalud.com\/ciudad-quesada\/wp-json\/wp\/v2\/users\/2"}],"replies":[{"embeddable":true,"href":"https:\/\/riberasalud.com\/ciudad-quesada\/wp-json\/wp\/v2\/comments?post=1306"}],"version-history":[{"count":5,"href":"https:\/\/riberasalud.com\/ciudad-quesada\/wp-json\/wp\/v2\/pages\/1306\/revisions"}],"predecessor-version":[{"id":1763,"href":"https:\/\/riberasalud.com\/ciudad-quesada\/wp-json\/wp\/v2\/pages\/1306\/revisions\/1763"}],"wp:attachment":[{"href":"https:\/\/riberasalud.com\/ciudad-quesada\/wp-json\/wp\/v2\/media?parent=1306"}],"curies":[{"name":"wp","href":"https:\/\/api.w.org\/{rel}","templated":true}]}}