{"id":747,"date":"2022-05-16T07:12:03","date_gmt":"2022-05-16T07:12:03","guid":{"rendered":"https:\/\/riberasalud.com\/cepovisa\/?page_id=747"},"modified":"2025-09-03T08:39:01","modified_gmt":"2025-09-03T08:39:01","slug":"anatomia-patologica-y-citodiagnostico","status":"publish","type":"page","link":"https:\/\/riberasalud.com\/cepovisa\/formacion-profesional\/grado-superior\/anatomia-patologica-y-citodiagnostico\/","title":{"rendered":"T\u00e9cnico Superior en Anatom\u00eda Patol\u00f3gica y Citodiagn\u00f3stico"},"content":{"rendered":"\n<div class=\"wp-block-group bannersolotexto\"><div class=\"wp-block-group__inner-container is-layout-flow wp-block-group-is-layout-flow\">\n<h1 class=\"wp-block-heading\">T\u00e9cnico Superior en Anatom\u00eda Patol\u00f3gica y Citodiagn\u00f3stico<\/h1>\n<\/div><\/div>\n\n\n\n<div class=\"wp-block-group\"><div class=\"wp-block-group__inner-container is-layout-flow wp-block-group-is-layout-flow\">\n<h2 class=\"wp-block-heading\"><strong><strong>PROCESO MATRICULACI\u00d3N<\/strong><\/strong><\/h2>\n\n\n\n<ul class=\"wp-block-list\">\n<li><strong>PREINSCRIPCI\u00d3N<\/strong><strong>: <\/strong><strong>hasta el 13 de JUNIO<\/strong><\/li>\n\n\n\n<li><strong>LISTADO DE ADMITIDOS: 16 de JUNIO<\/strong><\/li>\n\n\n\n<li><strong>MATR\u00cdCULA<\/strong><strong>: <\/strong><strong>17 de JUNIO al 27 de JUNIO<\/strong><\/li>\n<\/ul>\n\n\n\n<p class=\"has-small-font-size\">El alumnado no admitido quedar\u00e1 en lista de espera para cubrir vacantes que surjan por bajas en la matr\u00edcula.<\/p>\n\n\n\n<p><strong>Documentaci\u00f3n que se debe entregar en la secretaria del centro para la preinscripci\u00f3n<\/strong><\/p>\n\n\n\n<ul class=\"wp-block-list\">\n<li>Solicitud cubierta de forma clara ycon letra may\u00fascula.<\/li>\n\n\n\n<li>Fotocopia DNI.<\/li>\n\n\n\n<li>Certificaci\u00f3n acad\u00e9mica oficial en la que conste el expediente acad\u00e9mico y fecha de dep\u00f3sito del t\u00edtulo:\n<ul class=\"wp-block-list\">\n<li>PARA CM:&nbsp; 4\u00ba ESO, Ciclo formativo de GM o GS, 2\u00ba BUP, FP1\u2026<\/li>\n\n\n\n<li>PARA CS: Bachillerato LOE\/LOGSE, Ciclo formativo de GM o GS. T\u00edtulo universitario, COU, FP2\u2026<\/li>\n<\/ul>\n<\/li>\n<\/ul>\n\n\n\n<figure class=\"wp-block-table tablanormal\"><table class=\"has-fixed-layout\"><tbody><tr><td colspan=\"2\">Distribuci\u00f3n de las plazas<\/td><\/tr><tr><td>Ciclo Medio<\/td><td>Ciclos Superiores<\/td><\/tr><tr><td>10% personal del grupo Ribera 90% acceso libre<\/td><td>10% personal del grupo Ribera 15% alumnado procedente de ciclos cursados en el grupo Ribera 75% acceso libre<\/td><\/tr><tr><td colspan=\"2\">En caso de que haya m\u00e1s solicitudes que plazas ofertadas para cada cupo, la adjudicaci\u00f3n se har\u00e1 por nota media de la titulaci\u00f3n de acceso. Cuando en un cupo no se adjudiquen todas las plazas, las restantes ser\u00e1n adjudicadas por el turno libre. En el caso que se acceda a un ciclo superior con un t\u00edtulo de grado medio, tendr\u00e1n preferencia aquellos alumnos que posean un t\u00edtulo de rama sanitaria frente a los que posean un t\u00edtulo de cualquier otra familia profesional.<\/td><\/tr><\/tbody><\/table><\/figure>\n\n\n\n<h2 class=\"wp-block-heading\"><strong>PERFIL PROFESIONAL DEL T\u00cdTULO<\/strong><\/h2>\n\n\n\n<p><strong>\u00bfQu\u00e9 se aprende a hacer?&nbsp;<\/strong>Procesar muestras histol\u00f3gicas y citol\u00f3gicas, seleccionar y hacer la aproximaci\u00f3n diagn\u00f3stica de citolog\u00edas ginecol\u00f3gicas y generales; colaborar en la realizaci\u00f3n de necropsias cl\u00ednicas y forenses, de manera que sirvan como soporte al diagn\u00f3stico cl\u00ednico o m\u00e9dico-legal, organizando y programando el trabajo y cumpliendo criterios de calidad del servicio y de optimizaci\u00f3n de recursos, bajo la supervisi\u00f3n facultativa correspondiente.<\/p>\n\n\n\n<p><strong>\u00bfEn qu\u00e9 \u00e1mbitos se trabaja?&nbsp;<\/strong>En el sector sanitario, en organismos e instituciones de \u00e1mbito p\u00fablico y en empresas privadas; en atenci\u00f3n tanto primaria como especializada, as\u00ed como en centros de investigaci\u00f3n. Adem\u00e1s realiza su trabajo bajo la supervisi\u00f3n del facultativo correspondiente.<\/p>\n\n\n\n<p><strong>\u00bfQu\u00e9 ocupaciones se desempe\u00f1an?&nbsp;<\/strong>T\u00e9cnico superior en Anatom\u00eda Patol\u00f3gica y Citolog\u00eda; T\u00e9cnico especialista en Anatom\u00eda Patol\u00f3gica y Citolog\u00eda; Citot\u00e9cnico; Ayudante de Forense; Prosector de autopsias cl\u00ednicas y m\u00e9dico-legales; Tanatopractor; Colaborador y asistente en biolog\u00eda molecular; Colaborador y asistente de investigaci\u00f3n.<\/p>\n\n\n\n<p><strong>\u00bfQu\u00e9 t\u00edtulo se obtiene?&nbsp;<\/strong>T\u00e9cnico superior en Anatom\u00eda Patol\u00f3gica y Citodiagn\u00f3stico.<\/p>\n\n\n\n<p><strong>Duraci\u00f3n: <\/strong>2.000h. repartidas en dos cursos acad\u00e9micos.<\/p>\n\n\n\n<p><a href=\"http:\/\/www.edu.xunta.es\/fp\/sites\/fp\/files\/fp\/Curr%C3%ADculos\/LOE\/Sanidade\/anunciog0164-180516-0004_gl.pdf\" target=\"_blank\" rel=\"noreferrer noopener\">&gt;&gt; Accede aqu\u00ed al Curr\u00edculo del curso de ciclo formativo de grado superior de T\u00e9cnico Superior en Anatom\u00eda Patol\u00f3gica y Citodiagn\u00f3stico.<\/a><\/p>\n\n\n\n<figure class=\"wp-block-table tablanormal\"><table><tbody><tr><td>1\u00ba CURSO<\/td><td>2\u00ba CURSO<\/td><\/tr><tr><td>Gesti\u00f3n de muestras biol\u00f3gicas (213 h)<\/td><td>Necropsias&nbsp; (70 h)<\/td><\/tr><tr><td>T\u00e9cnicas generales de laboratorio (240 h)<\/td><td>Procesamiento citol\u00f3gico y tisular (193 h)<\/td><\/tr><tr><td>Biolog\u00eda molecular y citogen\u00e9tica (187 h )<\/td><td>Citolog\u00eda ginecol\u00f3gica (157 h)<\/td><\/tr><tr><td>Fisiopatolog\u00eda general (213 h)<\/td><td>Citolog\u00eda general&nbsp; (157 h)<\/td><\/tr><tr><td>Formaci\u00f3n y orientaci\u00f3n laboral (107h)<\/td><td>Proyecto de laboratorio de patolog\u00eda y citodiagn\u00f3stico (26 h)<\/td><\/tr><tr><td>&nbsp;<\/td><td>Empresa e iniciativa emprendedora (53 h)<\/td><\/tr><tr><td><\/td><td>Formaci\u00f3n en centros de trabajo (FCT) (384 h)<\/td><\/tr><\/tbody><\/table><\/figure>\n<\/div><\/div>\n\n\n\n<p><\/p>\n","protected":false},"excerpt":{"rendered":"<p>T\u00e9cnico Superior en Anatom\u00eda Patol\u00f3gica y Citodiagn\u00f3stico PROCESO MATRICULACI\u00d3N El alumnado no admitido quedar\u00e1 en lista de espera para cubrir vacantes que surjan por bajas en la matr\u00edcula. Documentaci\u00f3n que se debe entregar en la secretaria del centro para la preinscripci\u00f3n Distribuci\u00f3n de las plazas Ciclo Medio Ciclos Superiores 10% personal del grupo Ribera 90% &#8230; <a title=\"T\u00e9cnico Superior en Anatom\u00eda Patol\u00f3gica y Citodiagn\u00f3stico\" class=\"read-more\" href=\"https:\/\/riberasalud.com\/cepovisa\/formacion-profesional\/grado-superior\/anatomia-patologica-y-citodiagnostico\/\" aria-label=\"Leer m\u00e1s sobre T\u00e9cnico Superior en Anatom\u00eda Patol\u00f3gica y Citodiagn\u00f3stico\">Leer m\u00e1s<\/a><\/p>\n","protected":false},"author":1,"featured_media":0,"parent":730,"menu_order":0,"comment_status":"closed","ping_status":"closed","template":"","meta":{"_mi_skip_tracking":false,"footnotes":""},"class_list":["post-747","page","type-page","status-publish"],"yoast_head":"<!-- This site is optimized with the Yoast SEO plugin v26.6 - https:\/\/yoast.com\/wordpress\/plugins\/seo\/ -->\n<title>T\u00e9cnico Superior en Anatom\u00eda Patol\u00f3gica y Citodiagn\u00f3stico<\/title>\n<meta name=\"description\" content=\"Aprende en Cepovisa a procesar biopsias, necropsias y estudio citol\u00f3gico de muestras cl\u00ednicas, piezas quir\u00fargicas.\" \/>\n<meta name=\"robots\" content=\"index, follow, max-snippet:-1, max-image-preview:large, max-video-preview:-1\" \/>\n<link rel=\"canonical\" href=\"https:\/\/riberasalud.com\/cepovisa\/formacion-profesional\/grado-superior\/anatomia-patologica-y-citodiagnostico\/\" \/>\n<meta property=\"og:locale\" content=\"es_ES\" \/>\n<meta property=\"og:type\" content=\"article\" \/>\n<meta property=\"og:title\" content=\"T\u00e9cnico Superior en Anatom\u00eda Patol\u00f3gica y Citodiagn\u00f3stico\" \/>\n<meta property=\"og:description\" content=\"Aprende en Cepovisa a procesar biopsias, necropsias y estudio citol\u00f3gico de muestras cl\u00ednicas, piezas quir\u00fargicas.\" \/>\n<meta property=\"og:url\" content=\"https:\/\/riberasalud.com\/cepovisa\/formacion-profesional\/grado-superior\/anatomia-patologica-y-citodiagnostico\/\" \/>\n<meta property=\"og:site_name\" content=\"Cepovisa\" \/>\n<meta property=\"article:modified_time\" content=\"2025-09-03T08:39:01+00:00\" \/>\n<meta name=\"twitter:card\" content=\"summary_large_image\" \/>\n<meta name=\"twitter:label1\" content=\"Tiempo de lectura\" \/>\n\t<meta name=\"twitter:data1\" content=\"3 minutos\" \/>\n<script type=\"application\/ld+json\" class=\"yoast-schema-graph\">{\"@context\":\"https:\/\/schema.org\",\"@graph\":[{\"@type\":\"WebPage\",\"@id\":\"https:\/\/riberasalud.com\/cepovisa\/formacion-profesional\/grado-superior\/anatomia-patologica-y-citodiagnostico\/\",\"url\":\"https:\/\/riberasalud.com\/cepovisa\/formacion-profesional\/grado-superior\/anatomia-patologica-y-citodiagnostico\/\",\"name\":\"T\u00e9cnico Superior en Anatom\u00eda Patol\u00f3gica y Citodiagn\u00f3stico\",\"isPartOf\":{\"@id\":\"https:\/\/riberasalud.com\/cepovisa\/#website\"},\"datePublished\":\"2022-05-16T07:12:03+00:00\",\"dateModified\":\"2025-09-03T08:39:01+00:00\",\"description\":\"Aprende en Cepovisa a procesar biopsias, necropsias y estudio citol\u00f3gico de muestras cl\u00ednicas, piezas quir\u00fargicas.\",\"breadcrumb\":{\"@id\":\"https:\/\/riberasalud.com\/cepovisa\/formacion-profesional\/grado-superior\/anatomia-patologica-y-citodiagnostico\/#breadcrumb\"},\"inLanguage\":\"es\",\"potentialAction\":[{\"@type\":\"ReadAction\",\"target\":[\"https:\/\/riberasalud.com\/cepovisa\/formacion-profesional\/grado-superior\/anatomia-patologica-y-citodiagnostico\/\"]}]},{\"@type\":\"BreadcrumbList\",\"@id\":\"https:\/\/riberasalud.com\/cepovisa\/formacion-profesional\/grado-superior\/anatomia-patologica-y-citodiagnostico\/#breadcrumb\",\"itemListElement\":[{\"@type\":\"ListItem\",\"position\":1,\"name\":\"Portada\",\"item\":\"https:\/\/riberasalud.com\/cepovisa\/\"},{\"@type\":\"ListItem\",\"position\":2,\"name\":\"Formaci\u00f3n profesional\",\"item\":\"https:\/\/riberasalud.com\/cepovisa\/formacion-profesional\/\"},{\"@type\":\"ListItem\",\"position\":3,\"name\":\"Grado superior\",\"item\":\"https:\/\/riberasalud.com\/cepovisa\/formacion-profesional\/grado-superior\/\"},{\"@type\":\"ListItem\",\"position\":4,\"name\":\"T\u00e9cnico Superior en Anatom\u00eda Patol\u00f3gica y Citodiagn\u00f3stico\"}]},{\"@type\":\"WebSite\",\"@id\":\"https:\/\/riberasalud.com\/cepovisa\/#website\",\"url\":\"https:\/\/riberasalud.com\/cepovisa\/\",\"name\":\"Cepovisa\",\"description\":\"\",\"publisher\":{\"@id\":\"https:\/\/riberasalud.com\/cepovisa\/#organization\"},\"potentialAction\":[{\"@type\":\"SearchAction\",\"target\":{\"@type\":\"EntryPoint\",\"urlTemplate\":\"https:\/\/riberasalud.com\/cepovisa\/?s={search_term_string}\"},\"query-input\":{\"@type\":\"PropertyValueSpecification\",\"valueRequired\":true,\"valueName\":\"search_term_string\"}}],\"inLanguage\":\"es\"},{\"@type\":\"Organization\",\"@id\":\"https:\/\/riberasalud.com\/cepovisa\/#organization\",\"name\":\"Cepovisa\",\"url\":\"https:\/\/riberasalud.com\/cepovisa\/\",\"logo\":{\"@type\":\"ImageObject\",\"inLanguage\":\"es\",\"@id\":\"https:\/\/riberasalud.com\/cepovisa\/#\/schema\/logo\/image\/\",\"url\":\"https:\/\/riberasalud.com\/cepovisa\/wp-content\/uploads\/2024\/08\/cropped-FORMACIONPROFESIONAL-cepivsa-logo.png\",\"contentUrl\":\"https:\/\/riberasalud.com\/cepovisa\/wp-content\/uploads\/2024\/08\/cropped-FORMACIONPROFESIONAL-cepivsa-logo.png\",\"width\":847,\"height\":94,\"caption\":\"Cepovisa\"},\"image\":{\"@id\":\"https:\/\/riberasalud.com\/cepovisa\/#\/schema\/logo\/image\/\"}}]}<\/script>\n<!-- \/ Yoast SEO plugin. -->","yoast_head_json":{"title":"T\u00e9cnico Superior en Anatom\u00eda Patol\u00f3gica y Citodiagn\u00f3stico","description":"Aprende en Cepovisa a procesar biopsias, necropsias y estudio citol\u00f3gico de muestras cl\u00ednicas, piezas quir\u00fargicas.","robots":{"index":"index","follow":"follow","max-snippet":"max-snippet:-1","max-image-preview":"max-image-preview:large","max-video-preview":"max-video-preview:-1"},"canonical":"https:\/\/riberasalud.com\/cepovisa\/formacion-profesional\/grado-superior\/anatomia-patologica-y-citodiagnostico\/","og_locale":"es_ES","og_type":"article","og_title":"T\u00e9cnico Superior en Anatom\u00eda Patol\u00f3gica y Citodiagn\u00f3stico","og_description":"Aprende en Cepovisa a procesar biopsias, necropsias y estudio citol\u00f3gico de muestras cl\u00ednicas, piezas quir\u00fargicas.","og_url":"https:\/\/riberasalud.com\/cepovisa\/formacion-profesional\/grado-superior\/anatomia-patologica-y-citodiagnostico\/","og_site_name":"Cepovisa","article_modified_time":"2025-09-03T08:39:01+00:00","twitter_card":"summary_large_image","twitter_misc":{"Tiempo de lectura":"3 minutos"},"schema":{"@context":"https:\/\/schema.org","@graph":[{"@type":"WebPage","@id":"https:\/\/riberasalud.com\/cepovisa\/formacion-profesional\/grado-superior\/anatomia-patologica-y-citodiagnostico\/","url":"https:\/\/riberasalud.com\/cepovisa\/formacion-profesional\/grado-superior\/anatomia-patologica-y-citodiagnostico\/","name":"T\u00e9cnico Superior en Anatom\u00eda Patol\u00f3gica y Citodiagn\u00f3stico","isPartOf":{"@id":"https:\/\/riberasalud.com\/cepovisa\/#website"},"datePublished":"2022-05-16T07:12:03+00:00","dateModified":"2025-09-03T08:39:01+00:00","description":"Aprende en Cepovisa a procesar biopsias, necropsias y estudio citol\u00f3gico de muestras cl\u00ednicas, piezas quir\u00fargicas.","breadcrumb":{"@id":"https:\/\/riberasalud.com\/cepovisa\/formacion-profesional\/grado-superior\/anatomia-patologica-y-citodiagnostico\/#breadcrumb"},"inLanguage":"es","potentialAction":[{"@type":"ReadAction","target":["https:\/\/riberasalud.com\/cepovisa\/formacion-profesional\/grado-superior\/anatomia-patologica-y-citodiagnostico\/"]}]},{"@type":"BreadcrumbList","@id":"https:\/\/riberasalud.com\/cepovisa\/formacion-profesional\/grado-superior\/anatomia-patologica-y-citodiagnostico\/#breadcrumb","itemListElement":[{"@type":"ListItem","position":1,"name":"Portada","item":"https:\/\/riberasalud.com\/cepovisa\/"},{"@type":"ListItem","position":2,"name":"Formaci\u00f3n profesional","item":"https:\/\/riberasalud.com\/cepovisa\/formacion-profesional\/"},{"@type":"ListItem","position":3,"name":"Grado superior","item":"https:\/\/riberasalud.com\/cepovisa\/formacion-profesional\/grado-superior\/"},{"@type":"ListItem","position":4,"name":"T\u00e9cnico Superior en Anatom\u00eda Patol\u00f3gica y Citodiagn\u00f3stico"}]},{"@type":"WebSite","@id":"https:\/\/riberasalud.com\/cepovisa\/#website","url":"https:\/\/riberasalud.com\/cepovisa\/","name":"Cepovisa","description":"","publisher":{"@id":"https:\/\/riberasalud.com\/cepovisa\/#organization"},"potentialAction":[{"@type":"SearchAction","target":{"@type":"EntryPoint","urlTemplate":"https:\/\/riberasalud.com\/cepovisa\/?s={search_term_string}"},"query-input":{"@type":"PropertyValueSpecification","valueRequired":true,"valueName":"search_term_string"}}],"inLanguage":"es"},{"@type":"Organization","@id":"https:\/\/riberasalud.com\/cepovisa\/#organization","name":"Cepovisa","url":"https:\/\/riberasalud.com\/cepovisa\/","logo":{"@type":"ImageObject","inLanguage":"es","@id":"https:\/\/riberasalud.com\/cepovisa\/#\/schema\/logo\/image\/","url":"https:\/\/riberasalud.com\/cepovisa\/wp-content\/uploads\/2024\/08\/cropped-FORMACIONPROFESIONAL-cepivsa-logo.png","contentUrl":"https:\/\/riberasalud.com\/cepovisa\/wp-content\/uploads\/2024\/08\/cropped-FORMACIONPROFESIONAL-cepivsa-logo.png","width":847,"height":94,"caption":"Cepovisa"},"image":{"@id":"https:\/\/riberasalud.com\/cepovisa\/#\/schema\/logo\/image\/"}}]}},"_links":{"self":[{"href":"https:\/\/riberasalud.com\/cepovisa\/wp-json\/wp\/v2\/pages\/747","targetHints":{"allow":["GET"]}}],"collection":[{"href":"https:\/\/riberasalud.com\/cepovisa\/wp-json\/wp\/v2\/pages"}],"about":[{"href":"https:\/\/riberasalud.com\/cepovisa\/wp-json\/wp\/v2\/types\/page"}],"author":[{"embeddable":true,"href":"https:\/\/riberasalud.com\/cepovisa\/wp-json\/wp\/v2\/users\/1"}],"replies":[{"embeddable":true,"href":"https:\/\/riberasalud.com\/cepovisa\/wp-json\/wp\/v2\/comments?post=747"}],"version-history":[{"count":11,"href":"https:\/\/riberasalud.com\/cepovisa\/wp-json\/wp\/v2\/pages\/747\/revisions"}],"predecessor-version":[{"id":10005,"href":"https:\/\/riberasalud.com\/cepovisa\/wp-json\/wp\/v2\/pages\/747\/revisions\/10005"}],"up":[{"embeddable":true,"href":"https:\/\/riberasalud.com\/cepovisa\/wp-json\/wp\/v2\/pages\/730"}],"wp:attachment":[{"href":"https:\/\/riberasalud.com\/cepovisa\/wp-json\/wp\/v2\/media?parent=747"}],"curies":[{"name":"wp","href":"https:\/\/api.w.org\/{rel}","templated":true}]}}