{"id":673,"date":"2022-05-16T06:14:59","date_gmt":"2022-05-16T06:14:59","guid":{"rendered":"https:\/\/riberasalud.com\/cepovisa\/?page_id=673"},"modified":"2025-11-10T08:49:11","modified_gmt":"2025-11-10T08:49:11","slug":"plan-de-accion-tutorial","status":"publish","type":"page","link":"https:\/\/riberasalud.com\/cepovisa\/escuela-universitaria\/alumnado\/plan-de-accion-tutorial\/","title":{"rendered":"Plan de Acci\u00f3n Tutorial"},"content":{"rendered":"\n<div class=\"wp-block-group bannersolotexto\"><div class=\"wp-block-group__inner-container is-layout-flow wp-block-group-is-layout-flow\">\n<h1 class=\"wp-block-heading\">Plan de Acci\u00f3n Tutorial<\/h1>\n\n\n\n<p>Informaci\u00f3n sobre nuestro plan de acci\u00f3n<\/p>\n<\/div><\/div>\n\n\n\n<div class=\"wp-block-group\"><div class=\"wp-block-group__inner-container is-layout-flow wp-block-group-is-layout-flow\">\n<h2 class=\"wp-block-heading\"><strong>INTRODUCCI\u00d3N&nbsp;<\/strong><\/h2>\n\n\n\n<p>El Plan de Acci\u00f3n Tutorial (PAT) de la Escuela Universitaria de Enfermar\u00eda de Povisa, se resume en una serie de actividades que complementan la formaci\u00f3n de los estudiantes y que ayuda a su integraci\u00f3n y desarrollo en el \u00e1mbito universitario.&nbsp;<\/p>\n\n\n\n<p>El PAT, se dirige directamente al estudiante para procurar su desarrollo y la integraci\u00f3n en las actividades que se generen, encaminadas a una formaci\u00f3n acad\u00e9mica y a un desarrollo personal.&nbsp;<\/p>\n\n\n\n<p>La formulaci\u00f3n intenta abordar acciones de car\u00e1cter transversal y otras de tipo m\u00e1s espec\u00edfico donde se integran los diferentes agentes en relaci\u00f3n a los estudiantes. El conjunto de acciones m\u00e1s espec\u00edficas se enfocan de cara a momentos puntuales y de especial relevancia en el transcurso del recorrido universitario.&nbsp;<\/p>\n\n\n\n<p>Es fundamental, realizar un seguimiento de Plan de Acci\u00f3n Tutorial y dejar constancia, de las acciones llevadas a cabo as\u00ed como de las posibles incidencias que en su transcurso puedan aparecer, ya que de este modo se podr\u00e1 hacer una evaluaci\u00f3n de las mismas y adoptar las posibles recomendaciones de mejora.&nbsp;<\/p>\n\n\n\n<div class=\"wp-block-buttons is-layout-flex wp-block-buttons-is-layout-flex\">\n<div class=\"wp-block-button\"><a class=\"wp-block-button__link has-background wp-element-button\" href=\"https:\/\/riberasalud.com\/cepovisa\/wp-content\/uploads\/2025\/11\/PAT_2025-2026_Septiembre_25_castellano.pdf\" style=\"background-color:#d71029\">Ver Plan de Acci\u00f3n<\/a><\/div>\n<\/div>\n<\/div><\/div>\n\n\n\n<p><\/p>\n","protected":false},"excerpt":{"rendered":"<p>Plan de Acci\u00f3n Tutorial Informaci\u00f3n sobre nuestro plan de acci\u00f3n INTRODUCCI\u00d3N&nbsp; El Plan de Acci\u00f3n Tutorial (PAT) de la Escuela Universitaria de Enfermar\u00eda de Povisa, se resume en una serie de actividades que complementan la formaci\u00f3n de los estudiantes y que ayuda a su integraci\u00f3n y desarrollo en el \u00e1mbito universitario.&nbsp; El PAT, se dirige &#8230; <a title=\"Plan de Acci\u00f3n Tutorial\" class=\"read-more\" href=\"https:\/\/riberasalud.com\/cepovisa\/escuela-universitaria\/alumnado\/plan-de-accion-tutorial\/\" aria-label=\"Leer m\u00e1s sobre Plan de Acci\u00f3n Tutorial\">Leer m\u00e1s<\/a><\/p>\n","protected":false},"author":1,"featured_media":0,"parent":521,"menu_order":0,"comment_status":"closed","ping_status":"closed","template":"","meta":{"_mi_skip_tracking":false,"footnotes":""},"class_list":["post-673","page","type-page","status-publish"],"yoast_head":"<!-- This site is optimized with the Yoast SEO plugin v26.6 - https:\/\/yoast.com\/wordpress\/plugins\/seo\/ -->\n<title>Plan de Acci\u00f3n Tutorial - Cepovisa<\/title>\n<meta name=\"description\" content=\"Plan de Acci\u00f3n Tutorial Informaci\u00f3n sobre nuestro plan de acci\u00f3n INTRODUCCI\u00d3N&nbsp; El Plan de Acci\u00f3n Tutorial (PAT) de la Escuela Universitaria de\" \/>\n<meta name=\"robots\" content=\"index, follow, max-snippet:-1, max-image-preview:large, max-video-preview:-1\" \/>\n<link rel=\"canonical\" href=\"https:\/\/riberasalud.com\/cepovisa\/escuela-universitaria\/alumnado\/plan-de-accion-tutorial\/\" \/>\n<meta property=\"og:locale\" content=\"es_ES\" \/>\n<meta property=\"og:type\" content=\"article\" \/>\n<meta property=\"og:title\" content=\"Plan de Acci\u00f3n Tutorial - Cepovisa\" \/>\n<meta property=\"og:description\" content=\"Plan de Acci\u00f3n Tutorial Informaci\u00f3n sobre nuestro plan de acci\u00f3n INTRODUCCI\u00d3N&nbsp; El Plan de Acci\u00f3n Tutorial (PAT) de la Escuela Universitaria de\" \/>\n<meta property=\"og:url\" content=\"https:\/\/riberasalud.com\/cepovisa\/escuela-universitaria\/alumnado\/plan-de-accion-tutorial\/\" \/>\n<meta property=\"og:site_name\" content=\"Cepovisa\" \/>\n<meta property=\"article:modified_time\" content=\"2025-11-10T08:49:11+00:00\" \/>\n<meta name=\"twitter:card\" content=\"summary_large_image\" \/>\n<meta name=\"twitter:label1\" content=\"Tiempo de lectura\" \/>\n\t<meta name=\"twitter:data1\" content=\"1 minuto\" \/>\n<script type=\"application\/ld+json\" class=\"yoast-schema-graph\">{\"@context\":\"https:\/\/schema.org\",\"@graph\":[{\"@type\":\"WebPage\",\"@id\":\"https:\/\/riberasalud.com\/cepovisa\/escuela-universitaria\/alumnado\/plan-de-accion-tutorial\/\",\"url\":\"https:\/\/riberasalud.com\/cepovisa\/escuela-universitaria\/alumnado\/plan-de-accion-tutorial\/\",\"name\":\"Plan de Acci\u00f3n Tutorial - Cepovisa\",\"isPartOf\":{\"@id\":\"https:\/\/riberasalud.com\/cepovisa\/#website\"},\"datePublished\":\"2022-05-16T06:14:59+00:00\",\"dateModified\":\"2025-11-10T08:49:11+00:00\",\"description\":\"Plan de Acci\u00f3n Tutorial Informaci\u00f3n sobre nuestro plan de acci\u00f3n INTRODUCCI\u00d3N&nbsp; El Plan de Acci\u00f3n Tutorial (PAT) de la Escuela Universitaria de\",\"breadcrumb\":{\"@id\":\"https:\/\/riberasalud.com\/cepovisa\/escuela-universitaria\/alumnado\/plan-de-accion-tutorial\/#breadcrumb\"},\"inLanguage\":\"es\",\"potentialAction\":[{\"@type\":\"ReadAction\",\"target\":[\"https:\/\/riberasalud.com\/cepovisa\/escuela-universitaria\/alumnado\/plan-de-accion-tutorial\/\"]}]},{\"@type\":\"BreadcrumbList\",\"@id\":\"https:\/\/riberasalud.com\/cepovisa\/escuela-universitaria\/alumnado\/plan-de-accion-tutorial\/#breadcrumb\",\"itemListElement\":[{\"@type\":\"ListItem\",\"position\":1,\"name\":\"Portada\",\"item\":\"https:\/\/riberasalud.com\/cepovisa\/\"},{\"@type\":\"ListItem\",\"position\":2,\"name\":\"Escuela Universitaria de enfermer\u00eda\",\"item\":\"https:\/\/riberasalud.com\/cepovisa\/escuela-universitaria\/\"},{\"@type\":\"ListItem\",\"position\":3,\"name\":\"Alumnado\",\"item\":\"https:\/\/riberasalud.com\/cepovisa\/escuela-universitaria\/alumnado\/\"},{\"@type\":\"ListItem\",\"position\":4,\"name\":\"Plan de Acci\u00f3n Tutorial\"}]},{\"@type\":\"WebSite\",\"@id\":\"https:\/\/riberasalud.com\/cepovisa\/#website\",\"url\":\"https:\/\/riberasalud.com\/cepovisa\/\",\"name\":\"Cepovisa\",\"description\":\"\",\"publisher\":{\"@id\":\"https:\/\/riberasalud.com\/cepovisa\/#organization\"},\"potentialAction\":[{\"@type\":\"SearchAction\",\"target\":{\"@type\":\"EntryPoint\",\"urlTemplate\":\"https:\/\/riberasalud.com\/cepovisa\/?s={search_term_string}\"},\"query-input\":{\"@type\":\"PropertyValueSpecification\",\"valueRequired\":true,\"valueName\":\"search_term_string\"}}],\"inLanguage\":\"es\"},{\"@type\":\"Organization\",\"@id\":\"https:\/\/riberasalud.com\/cepovisa\/#organization\",\"name\":\"Cepovisa\",\"url\":\"https:\/\/riberasalud.com\/cepovisa\/\",\"logo\":{\"@type\":\"ImageObject\",\"inLanguage\":\"es\",\"@id\":\"https:\/\/riberasalud.com\/cepovisa\/#\/schema\/logo\/image\/\",\"url\":\"https:\/\/riberasalud.com\/cepovisa\/wp-content\/uploads\/2024\/08\/cropped-FORMACIONPROFESIONAL-cepivsa-logo.png\",\"contentUrl\":\"https:\/\/riberasalud.com\/cepovisa\/wp-content\/uploads\/2024\/08\/cropped-FORMACIONPROFESIONAL-cepivsa-logo.png\",\"width\":847,\"height\":94,\"caption\":\"Cepovisa\"},\"image\":{\"@id\":\"https:\/\/riberasalud.com\/cepovisa\/#\/schema\/logo\/image\/\"}}]}<\/script>\n<!-- \/ Yoast SEO plugin. -->","yoast_head_json":{"title":"Plan de Acci\u00f3n Tutorial - Cepovisa","description":"Plan de Acci\u00f3n Tutorial Informaci\u00f3n sobre nuestro plan de acci\u00f3n INTRODUCCI\u00d3N&nbsp; El Plan de Acci\u00f3n Tutorial (PAT) de la Escuela Universitaria de","robots":{"index":"index","follow":"follow","max-snippet":"max-snippet:-1","max-image-preview":"max-image-preview:large","max-video-preview":"max-video-preview:-1"},"canonical":"https:\/\/riberasalud.com\/cepovisa\/escuela-universitaria\/alumnado\/plan-de-accion-tutorial\/","og_locale":"es_ES","og_type":"article","og_title":"Plan de Acci\u00f3n Tutorial - Cepovisa","og_description":"Plan de Acci\u00f3n Tutorial Informaci\u00f3n sobre nuestro plan de acci\u00f3n INTRODUCCI\u00d3N&nbsp; El Plan de Acci\u00f3n Tutorial (PAT) de la Escuela Universitaria de","og_url":"https:\/\/riberasalud.com\/cepovisa\/escuela-universitaria\/alumnado\/plan-de-accion-tutorial\/","og_site_name":"Cepovisa","article_modified_time":"2025-11-10T08:49:11+00:00","twitter_card":"summary_large_image","twitter_misc":{"Tiempo de lectura":"1 minuto"},"schema":{"@context":"https:\/\/schema.org","@graph":[{"@type":"WebPage","@id":"https:\/\/riberasalud.com\/cepovisa\/escuela-universitaria\/alumnado\/plan-de-accion-tutorial\/","url":"https:\/\/riberasalud.com\/cepovisa\/escuela-universitaria\/alumnado\/plan-de-accion-tutorial\/","name":"Plan de Acci\u00f3n Tutorial - Cepovisa","isPartOf":{"@id":"https:\/\/riberasalud.com\/cepovisa\/#website"},"datePublished":"2022-05-16T06:14:59+00:00","dateModified":"2025-11-10T08:49:11+00:00","description":"Plan de Acci\u00f3n Tutorial Informaci\u00f3n sobre nuestro plan de acci\u00f3n INTRODUCCI\u00d3N&nbsp; El Plan de Acci\u00f3n Tutorial (PAT) de la Escuela Universitaria de","breadcrumb":{"@id":"https:\/\/riberasalud.com\/cepovisa\/escuela-universitaria\/alumnado\/plan-de-accion-tutorial\/#breadcrumb"},"inLanguage":"es","potentialAction":[{"@type":"ReadAction","target":["https:\/\/riberasalud.com\/cepovisa\/escuela-universitaria\/alumnado\/plan-de-accion-tutorial\/"]}]},{"@type":"BreadcrumbList","@id":"https:\/\/riberasalud.com\/cepovisa\/escuela-universitaria\/alumnado\/plan-de-accion-tutorial\/#breadcrumb","itemListElement":[{"@type":"ListItem","position":1,"name":"Portada","item":"https:\/\/riberasalud.com\/cepovisa\/"},{"@type":"ListItem","position":2,"name":"Escuela Universitaria de enfermer\u00eda","item":"https:\/\/riberasalud.com\/cepovisa\/escuela-universitaria\/"},{"@type":"ListItem","position":3,"name":"Alumnado","item":"https:\/\/riberasalud.com\/cepovisa\/escuela-universitaria\/alumnado\/"},{"@type":"ListItem","position":4,"name":"Plan de Acci\u00f3n Tutorial"}]},{"@type":"WebSite","@id":"https:\/\/riberasalud.com\/cepovisa\/#website","url":"https:\/\/riberasalud.com\/cepovisa\/","name":"Cepovisa","description":"","publisher":{"@id":"https:\/\/riberasalud.com\/cepovisa\/#organization"},"potentialAction":[{"@type":"SearchAction","target":{"@type":"EntryPoint","urlTemplate":"https:\/\/riberasalud.com\/cepovisa\/?s={search_term_string}"},"query-input":{"@type":"PropertyValueSpecification","valueRequired":true,"valueName":"search_term_string"}}],"inLanguage":"es"},{"@type":"Organization","@id":"https:\/\/riberasalud.com\/cepovisa\/#organization","name":"Cepovisa","url":"https:\/\/riberasalud.com\/cepovisa\/","logo":{"@type":"ImageObject","inLanguage":"es","@id":"https:\/\/riberasalud.com\/cepovisa\/#\/schema\/logo\/image\/","url":"https:\/\/riberasalud.com\/cepovisa\/wp-content\/uploads\/2024\/08\/cropped-FORMACIONPROFESIONAL-cepivsa-logo.png","contentUrl":"https:\/\/riberasalud.com\/cepovisa\/wp-content\/uploads\/2024\/08\/cropped-FORMACIONPROFESIONAL-cepivsa-logo.png","width":847,"height":94,"caption":"Cepovisa"},"image":{"@id":"https:\/\/riberasalud.com\/cepovisa\/#\/schema\/logo\/image\/"}}]}},"_links":{"self":[{"href":"https:\/\/riberasalud.com\/cepovisa\/wp-json\/wp\/v2\/pages\/673","targetHints":{"allow":["GET"]}}],"collection":[{"href":"https:\/\/riberasalud.com\/cepovisa\/wp-json\/wp\/v2\/pages"}],"about":[{"href":"https:\/\/riberasalud.com\/cepovisa\/wp-json\/wp\/v2\/types\/page"}],"author":[{"embeddable":true,"href":"https:\/\/riberasalud.com\/cepovisa\/wp-json\/wp\/v2\/users\/1"}],"replies":[{"embeddable":true,"href":"https:\/\/riberasalud.com\/cepovisa\/wp-json\/wp\/v2\/comments?post=673"}],"version-history":[{"count":13,"href":"https:\/\/riberasalud.com\/cepovisa\/wp-json\/wp\/v2\/pages\/673\/revisions"}],"predecessor-version":[{"id":10156,"href":"https:\/\/riberasalud.com\/cepovisa\/wp-json\/wp\/v2\/pages\/673\/revisions\/10156"}],"up":[{"embeddable":true,"href":"https:\/\/riberasalud.com\/cepovisa\/wp-json\/wp\/v2\/pages\/521"}],"wp:attachment":[{"href":"https:\/\/riberasalud.com\/cepovisa\/wp-json\/wp\/v2\/media?parent=673"}],"curies":[{"name":"wp","href":"https:\/\/api.w.org\/{rel}","templated":true}]}}