{"id":668,"date":"2022-05-16T06:10:26","date_gmt":"2022-05-16T06:10:26","guid":{"rendered":"https:\/\/riberasalud.com\/cepovisa\/?page_id=668"},"modified":"2025-07-24T10:40:32","modified_gmt":"2025-07-24T10:40:32","slug":"profesorado","status":"publish","type":"page","link":"https:\/\/riberasalud.com\/cepovisa\/escuela-universitaria\/docencia\/profesorado\/","title":{"rendered":"Profesorado"},"content":{"rendered":"\n<div class=\"wp-block-group bannersolotexto\"><div class=\"wp-block-group__inner-container is-layout-flow wp-block-group-is-layout-flow\">\n<h1 class=\"wp-block-heading\">Profesorado<\/h1>\n\n\n\n<p>Conoce a nuestros profesores<\/p>\n<\/div><\/div>\n\n\n\n<div class=\"wp-block-group\"><div class=\"wp-block-group__inner-container is-layout-flow wp-block-group-is-layout-flow\">\n<p><\/p>\n\n\n\n<h2 class=\"wp-block-heading\">Cuadro Docente<\/h2>\n\n\n\n<figure class=\"wp-block-table tablanormal\"><table class=\"has-fixed-layout\"><tbody><tr><td>SEMESTRE<\/td><td>ASIGNATURAS&nbsp;<\/td><td><strong>DOCENTES<\/strong><\/td><td><strong>CORREO<\/strong><\/td><\/tr><tr><td colspan=\"2\"><strong>1\u00ba CURSO&nbsp;<\/strong><\/td><td>TUTOR: MANUEL TORRES VIZCAYA&nbsp;<\/td><td><a href=\"mailto:mtorres@povisa.es\"><u>mtorres@povisa.es<\/u><\/a><\/td><\/tr><tr><td rowspan=\"7\">1\u00ba<\/td><td rowspan=\"2\">ANATOM\u00cdA HUMANA<\/td><td><strong>F\u00e9lix \u00c1lvarez Fern\u00e1ndez<\/strong><\/td><td><a href=\"mailto:falvarez@povisa.es\"><u>falvarez@povisa.es<\/u><\/a><\/td><\/tr><tr><td>Jos\u00e9 Antonio Ortiz Rey<\/td><td><a href=\"mailto:jose.antonio.ortiz.rey@sergas.es\">jose.antonio.ortiz.rey@sergas.es\u00a0\u00a0<\/a><\/td><\/tr><tr><td rowspan=\"2\">PSICOLOG\u00cdA<\/td><td>Manuel Torres Vizcaya<\/td><td><a href=\"mailto:mtorres@povisa.es\"><u>mtorres@povisa.es<\/u><\/a><\/td><\/tr><tr><td><strong>Iratxe Tapia Jara<\/strong><\/td><td><a href=\"mailto:iratxejara@gmail.com\"><u>iratxejara@gmail.com<\/u><\/a><\/td><\/tr><tr><td>BIOQU\u00cdMICA<\/td><td><strong>Mart\u00edn Fern\u00e1ndez Ferro<\/strong><\/td><td><a href=\"mailto:mfernandezf@povisa.es\">mfernandezf@povisa.es<\/a><\/td><\/tr><tr><td rowspan=\"2\">FUNDAMENTOS DE ENFERMER\u00cdA I<\/td><td><strong>Estefan\u00eda Mart\u00ednez P\u00e9rez<\/strong><\/td><td><a href=\"mailto:emartinez@povisa.es\"><u>emartinez@povisa.es<\/u><\/a><\/td><\/tr><tr><td>Sara D\u00edaz Ferreir\u00f3s<\/td><td><a href=\"mailto:sdiaz@povisa.es\"><u>sdiaz@povisa.es<\/u><\/a><\/td><\/tr><tr><td rowspan=\"7\">2\u00ba<\/td><td rowspan=\"2\">FISIOLOG\u00cdA<\/td><td><strong>Mart\u00edn Mosteiro Cervi\u00f1o<\/strong><\/td><td><a href=\"mailto:mmosteiro@povisa.es\"><u>mmosteiro@povisa.es<\/u><\/a><\/td><\/tr><tr><td>Judith Alvarez Otero<\/td><td><a href=\"mailto:jaotero@povisa.es\">jaotero@povisa.es<\/a><\/td><\/tr><tr><td>ESTAD\u00cdSTICA<\/td><td><strong>Rom\u00e1n Latas Calvo<\/strong><\/td><td><a href=\"mailto:rlatas.ext@povisa.es\"><u>rlatas.ext@povisa.es<\/u><\/a><\/td><\/tr><tr><td rowspan=\"2\">ENFERMER\u00cdA&nbsp; COMUNITARIA I<\/td><td><strong>Mar\u00eda&nbsp; Gir\u00e1ldez Miranda<\/strong><\/td><td><a href=\"mailto:mgiraldez@povisa.es\"><u>mgiraldez@povisa.es<\/u><\/a><\/td><\/tr><tr><td>Jorge Eduardo Cavero<\/td><td><a href=\"mailto:jecavero@povisa.es\"><u>jecavero@povisa.es<\/u><\/a><\/td><\/tr><tr><td rowspan=\"2\">FUNDAMENTOS DE ENFERMER\u00cdA II<\/td><td><strong>Estefan\u00eda Mart\u00ednez P\u00e9rez<\/strong><\/td><td><a href=\"mailto:emartinez@povisa.es\"><u>emartinez@povisa.es<\/u><\/a><\/td><\/tr><tr><td>Sara D\u00edaz Ferreir\u00f3s<\/td><td><a href=\"mailto:sdiaz@povisa.es\"><u>sdiaz@povisa.es<\/u><\/a><\/td><\/tr><tr><td colspan=\"2\"><strong>2\u00ba CURSO&nbsp;<\/strong><\/td><td>TUTORA: ESTEFAN\u00cdA MART\u00cdNEZ P\u00c9REZ<\/td><td><a href=\"mailto:emartinez@povisa.es\"><u>emartinez@povisa.es<\/u><\/a><\/td><\/tr><tr><td rowspan=\"6\">1\u00ba<\/td><td rowspan=\"2\">INTRODUCCI\u00d3N A LA&nbsp; ENFERMER\u00cdA CL\u00cdNICA<\/td><td>F\u00e9lix \u00c1lvarez Fern\u00e1ndez<\/td><td><a href=\"mailto:falvarez@povisa.es\"><u>falvarez@povisa.es<\/u><\/a><\/td><\/tr><tr><td><strong>Mar\u00eda Gir\u00e1ldez Miranda<\/strong><\/td><td><a href=\"mailto:mgiraldez@povisa.es\"><u>mgiraldez@povisa.es<\/u><\/a><\/td><\/tr><tr><td rowspan=\"2\">\u00c9TICA Y LEGISLACI\u00d3N<\/td><td><strong>Mart\u00edn Fern\u00e1ndez Ferro<\/strong><\/td><td><a href=\"mailto:mfernandezf@povisa.es\">mfernandezf@povisa.es<\/a><\/td><\/tr><tr><td>Manuel Torres Vizcaya<\/td><td><a href=\"mailto:mtorres@povisa.es\"><u>mtorres@povisa.es<\/u><\/a><\/td><\/tr><tr><td rowspan=\"2\">FARMACOLOG\u00cdA Y DIET\u00c9TICA<\/td><td><strong>M\u00f3nica Gayoso Rey<\/strong><\/td><td><a href=\"mailto:mgayrey@yahoo.es\"><u>mgayrey@yahoo.es<\/u><\/a><\/td><\/tr><tr><td>H\u00e9ctor Fern\u00e1ndez Caro&nbsp;<\/td><td><a href=\"mailto:hectorfernandez@povisa.es\"><u>hectorfernandez@povisa.es<\/u><\/a><\/td><\/tr><tr><td rowspan=\"10\">2\u00ba<\/td><td rowspan=\"3\">ENFERMER\u00cdA&nbsp; CL\u00cdNICA I&nbsp;<\/td><td><strong>Ane Amil Morla<\/strong><\/td><td><a href=\"mailto:aamil@povisa.es\"><u>aamil@povisa.es<\/u><\/a><\/td><\/tr><tr><td>Carlos Jos\u00e9&nbsp; Magdalena L\u00f3pez<\/td><td><a href=\"mailto:cmagdalena@povisa.es\"><u>cmagdalena@povisa.es<\/u><\/a><\/td><\/tr><tr><td>Francisco Javier Garc\u00eda Vega<\/td><td><a href=\"mailto:fjgvega@gmail.com\"><u>fjgvega@gmail.com<\/u><\/a><\/td><\/tr><tr><td>PR\u00c1CTICAS CL\u00cdNICAS I<\/td><td><strong>Estefan\u00eda Mart\u00ednez P\u00e9rez<\/strong><\/td><td><a href=\"mailto:emartinez@povisa.es\"><u>emartinez@povisa.es<\/u><\/a><\/td><\/tr><tr><td rowspan=\"2\">ENFERMER\u00cdA&nbsp; CL\u00cdNICA II<\/td><td>Mart\u00edn Fern\u00e1ndez Ferro<\/td><td><a href=\"mailto:mfernandezf@povisa.es\">mfernandezf@povisa.es<\/a><\/td><\/tr><tr><td><strong>Alicia Mui\u00f1os \u00c1lvarez<\/strong><\/td><td><a href=\"mailto:amuinos@cepovisa.com\"><u>amuinos@cepovisa.com<\/u><\/a><\/td><\/tr><tr><td rowspan=\"2\">ENFERMER\u00cdA&nbsp; COMUNITARIA II<\/td><td><strong>Mar\u00eda Gir\u00e1ldez Miranda<\/strong><\/td><td><a href=\"mailto:mgiraldez@povisa.es\"><u>mgiraldez@povisa.es<\/u><\/a><\/td><\/tr><tr><td>Mar\u00eda Rey Grandal<\/td><td><a href=\"mailto:mariareygrandal@gmail.com\"><u>mariareygrandal@gmail.com<\/u><\/a><\/td><\/tr><tr><td rowspan=\"2\">GESTI\u00d3N ENFERMER\u00cdA<\/td><td><strong>Cristina Serra Mart\u00ednez<\/strong><\/td><td><a href=\"mailto:cserra@povisa.es\"><u>cserra@povisa.es<\/u><\/a><\/td><\/tr><tr><td>Fernando Groba P\u00e9rez<\/td><td><a href=\"mailto:fgroba@povisa.es\"><u>fgroba@povisa.es<\/u><\/a><\/td><\/tr><tr><td colspan=\"2\"><strong>3\u00ba CURSO&nbsp;<\/strong><\/td><td>TUTORA: ALICIA MU\u00cd\u00d1OS \u00c1LVAREZ<\/td><td><a href=\"mailto:amuinos@cepovisa.com\"><u>amuinos@cepovisa.com<\/u><\/a><\/td><\/tr><tr><td rowspan=\"5\">1\u00ba<\/td><td>PR\u00c1CTICAS CL\u00cdNICAS II<\/td><td><strong>Mar\u00eda Gir\u00e1ldez Miranda<\/strong><\/td><td><a href=\"mailto:mgiraldez@povisa.es\"><u>mgiraldez@povisa.es<\/u><\/a><\/td><\/tr><tr><td rowspan=\"2\">ENFERMER\u00cdA&nbsp; CL\u00cdNICA III<\/td><td><strong>Alicia Mui\u00f1os \u00c1lvarez<\/strong><\/td><td><a href=\"mailto:amuinos@cepovisa.com\"><u>amuinos@cepovisa.com<\/u><\/a><\/td><\/tr><tr><td>\u00d3scar M. Gonz\u00e1lez Abelleira<\/td><td><a href=\"mailto:osgoabe@yahoo.es\"><u>osgoabe@yahoo.es<\/u><\/a><\/td><\/tr><tr><td rowspan=\"2\">ENFERMER\u00cdA MATERNO-INFANTIL<\/td><td><strong>Irene Garay Mart\u00ednez<\/strong><\/td><td><a href=\"mailto:igaray@povisa.es\"><u>igaray@povisa.es<\/u><\/a><\/td><\/tr><tr><td>Carla Cid Gonz\u00e1lez<\/td><td><a href=\"mailto:carlacidg@gmail.com\"><u>carlacidg@gmail.com<\/u><\/a><\/td><\/tr><tr><td rowspan=\"5\">2\u00ba<\/td><td>PR\u00c1CTICAS CL\u00cdNICAS III<\/td><td><strong>Mar\u00eda Gir\u00e1ldez Miranda<\/strong><\/td><td><a href=\"mailto:mgiraldez@povisa.es\"><u>mgiraldez@povisa.es<\/u><\/a><\/td><\/tr><tr><td rowspan=\"2\">ENFERMER\u00cdA GERI\u00c1TRICA&nbsp; Y CUIDADOS&nbsp; PALIATIVOS<\/td><td><strong>M\u00aa Elena Mosquera Losada<\/strong><\/td><td><a href=\"mailto:marimosquera@uvigo.gal\"><u>marimosquera@uvigo.gal<\/u><\/a><\/td><\/tr><tr><td>Javier P\u00e9rez Mart\u00edn<\/td><td><a href=\"mailto:jpm@mundo-r.com\"><u>jpm@mundo-r.com&nbsp;<\/u><\/a><\/td><\/tr><tr><td rowspan=\"2\">ENFERMER\u00cdA&nbsp; EN SALUD MENTAL<\/td><td><strong>Vicente Borja \u00c1lvarez P\u00e9rez<\/strong><\/td><td><a href=\"mailto:%C2%A0vicente0027@hotmail.com\"><u>vicente0027@hotmail.com<\/u><\/a><\/td><\/tr><tr><td>Iratxe Tapia Jara<\/td><td><a href=\"mailto:iratxejara@gmail.com\"><u>iratxejara@gmail.com<\/u><\/a><\/td><\/tr><tr><td colspan=\"2\"><strong>4\u00ba CURSO&nbsp;<\/strong><\/td><td>TUTORA: MAR\u00cdA GIR\u00c1LDEZ MIRANDA<\/td><td><a href=\"mailto:mgiraldez@povisa.es\"><u>mgiraldez@povisa.es<\/u><\/a><\/td><\/tr><tr><td rowspan=\"10\">1\u00ba<\/td><td>PR\u00c1CTICAS CL\u00cdNICAS IV<\/td><td><strong>Alicia Mui\u00f1os \u00c1lvarez<\/strong><\/td><td><a href=\"mailto:amuinos@cepovisa.com\"><u>amuinos@cepovisa.com<\/u><\/a><\/td><\/tr><tr><td rowspan=\"4\">ENFERMER\u00cdA URGENCIAS Y CUIDADOS CR\u00cdTICOS&nbsp;<\/td><td><strong>Pablo Bouza Testa<\/strong><\/td><td><a href=\"mailto:pbouza@povisa.es\"><u>pbouza@povisa.es<\/u><\/a><\/td><\/tr><tr><td>Javier Garc\u00eda Vega<\/td><td><a href=\"mailto:fjgvega@gmail.com\"><u>fjgvega@gmail.com&nbsp;<\/u><\/a><\/td><\/tr><tr><td>Rafael Cabadas Avi\u00f3n<\/td><td><a href=\"mailto:rcabadas@povisa.es\"><u>rcabadas@povisa.es<\/u><\/a><\/td><\/tr><tr><td>\u00d3scar M. Gonz\u00e1lez Abelleira<\/td><td><a href=\"mailto:osgoabe@yahoo.es\"><u>osgoabe@yahoo.es<\/u><\/a><\/td><\/tr><tr><td rowspan=\"5\">ENFERMER\u00cdA AVANZADA<\/td><td>Alberto Fern\u00e1ndez<\/td><td><a href=\"mailto:afgarcia@povisa.es\">afgarcia@povisa.es<\/a><\/td><\/tr><tr><td><strong>Mar\u00eda Gir\u00e1ldez Miranda<\/strong><\/td><td><a href=\"mailto:mgiraldez@povisa.es\"><u>mgiraldez@povisa.es<\/u><\/a><\/td><\/tr><tr><td>Margarita Guti\u00e9rrez Plata<\/td><td><a href=\"mailto:mgutpla@yahoo.es\"><u>mgutpla@yahoo.es<\/u><\/a><\/td><\/tr><tr><td>Jacinto&nbsp; Fern\u00e1ndez Sanrom\u00e1n<\/td><td><a href=\"mailto:jsanroman@povisa.es\"><u>jsanroman@povisa.es<\/u><\/a><\/td><\/tr><tr><td>Pablo Moreno De la Santa Baraja<\/td><td><a href=\"mailto:pmoreno@povisa.es\"><u>pmoreno@povisa.es<\/u><\/a><\/td><\/tr><tr><td rowspan=\"6\">2\u00ba<\/td><td>PR\u00c1CTICAS CL\u00cdNICAS V<\/td><td><strong>Alicia Mui\u00f1os \u00c1lvarez<\/strong><\/td><td><a href=\"mailto:amuinos@cepovisa.com\"><u>amuinos@cepovisa.com<\/u><\/a><\/td><\/tr><tr><td rowspan=\"5\">TRABAJO FIN DE GRADO<\/td><td><strong>Mar\u00eda Gir\u00e1ldez Miranda<\/strong><\/td><td><a href=\"mailto:mgiraldez@povisa.es\"><u>mgiraldez@povisa.es<\/u><\/a><\/td><\/tr><tr><td>Alicia Mui\u00f1os \u00c1lvarez<\/td><td><a href=\"mailto:amuinos@cepovisa.com\"><u>amuinos@cepovisa.com<\/u><\/a><\/td><\/tr><tr><td>Javier de la Fuente Aguado<\/td><td><a href=\"mailto:jfuente@povisa.es\"><u>jfuente@povisa.es<\/u><\/a><\/td><\/tr><tr><td>Mart\u00edn Fern\u00e1ndez Ferro<\/td><td><a href=\"mailto:mfernandezf@povisa.es\"><u>mfernandezf@povisa.es<\/u><\/a><\/td><\/tr><tr><td>M\u00aa Elena Mosquera Losada<\/td><td><a href=\"mailto:marimosquera@uvigo.gal\"><u>marimosquera@uvigo.gal<\/u><\/a><\/td><\/tr><\/tbody><\/table><\/figure>\n<\/div><\/div>\n","protected":false},"excerpt":{"rendered":"<p>Profesorado Conoce a nuestros profesores Cuadro Docente SEMESTRE ASIGNATURAS&nbsp; DOCENTES CORREO 1\u00ba CURSO&nbsp; TUTOR: MANUEL TORRES VIZCAYA&nbsp; mtorres@povisa.es 1\u00ba ANATOM\u00cdA HUMANA F\u00e9lix \u00c1lvarez Fern\u00e1ndez falvarez@povisa.es Jos\u00e9 Antonio Ortiz Rey jose.antonio.ortiz.rey@sergas.es\u00a0\u00a0 PSICOLOG\u00cdA Manuel Torres Vizcaya mtorres@povisa.es Iratxe Tapia Jara iratxejara@gmail.com BIOQU\u00cdMICA Mart\u00edn Fern\u00e1ndez Ferro mfernandezf@povisa.es FUNDAMENTOS DE ENFERMER\u00cdA I Estefan\u00eda Mart\u00ednez P\u00e9rez emartinez@povisa.es Sara D\u00edaz Ferreir\u00f3s &#8230; <a title=\"Profesorado\" class=\"read-more\" href=\"https:\/\/riberasalud.com\/cepovisa\/escuela-universitaria\/docencia\/profesorado\/\" aria-label=\"Leer m\u00e1s sobre Profesorado\">Leer m\u00e1s<\/a><\/p>\n","protected":false},"author":1,"featured_media":0,"parent":487,"menu_order":0,"comment_status":"closed","ping_status":"closed","template":"","meta":{"_mi_skip_tracking":false,"footnotes":""},"class_list":["post-668","page","type-page","status-publish"],"yoast_head":"<!-- This site is optimized with the Yoast SEO plugin v26.6 - https:\/\/yoast.com\/wordpress\/plugins\/seo\/ -->\n<title>Profesorado - Cepovisa<\/title>\n<meta name=\"description\" content=\"Profesorado Conoce a nuestros profesores Cuadro Docente SEMESTREASIGNATURAS&nbsp;DOCENTESCORREO1\u00ba CURSO&nbsp;TUTOR: MANUEL TORRES\" \/>\n<meta name=\"robots\" content=\"index, follow, max-snippet:-1, max-image-preview:large, max-video-preview:-1\" \/>\n<link rel=\"canonical\" href=\"https:\/\/riberasalud.com\/cepovisa\/escuela-universitaria\/docencia\/profesorado\/\" \/>\n<meta property=\"og:locale\" content=\"es_ES\" \/>\n<meta property=\"og:type\" content=\"article\" \/>\n<meta property=\"og:title\" content=\"Profesorado - Cepovisa\" \/>\n<meta property=\"og:description\" content=\"Profesorado Conoce a nuestros profesores Cuadro Docente SEMESTREASIGNATURAS&nbsp;DOCENTESCORREO1\u00ba CURSO&nbsp;TUTOR: MANUEL TORRES\" \/>\n<meta property=\"og:url\" content=\"https:\/\/riberasalud.com\/cepovisa\/escuela-universitaria\/docencia\/profesorado\/\" \/>\n<meta property=\"og:site_name\" content=\"Cepovisa\" \/>\n<meta property=\"article:modified_time\" content=\"2025-07-24T10:40:32+00:00\" \/>\n<meta name=\"twitter:card\" content=\"summary_large_image\" \/>\n<meta name=\"twitter:label1\" content=\"Tiempo de lectura\" \/>\n\t<meta name=\"twitter:data1\" content=\"2 minutos\" \/>\n<script type=\"application\/ld+json\" class=\"yoast-schema-graph\">{\"@context\":\"https:\/\/schema.org\",\"@graph\":[{\"@type\":\"WebPage\",\"@id\":\"https:\/\/riberasalud.com\/cepovisa\/escuela-universitaria\/docencia\/profesorado\/\",\"url\":\"https:\/\/riberasalud.com\/cepovisa\/escuela-universitaria\/docencia\/profesorado\/\",\"name\":\"Profesorado - Cepovisa\",\"isPartOf\":{\"@id\":\"https:\/\/riberasalud.com\/cepovisa\/#website\"},\"datePublished\":\"2022-05-16T06:10:26+00:00\",\"dateModified\":\"2025-07-24T10:40:32+00:00\",\"description\":\"Profesorado Conoce a nuestros profesores Cuadro Docente SEMESTREASIGNATURAS&nbsp;DOCENTESCORREO1\u00ba CURSO&nbsp;TUTOR: MANUEL TORRES\",\"breadcrumb\":{\"@id\":\"https:\/\/riberasalud.com\/cepovisa\/escuela-universitaria\/docencia\/profesorado\/#breadcrumb\"},\"inLanguage\":\"es\",\"potentialAction\":[{\"@type\":\"ReadAction\",\"target\":[\"https:\/\/riberasalud.com\/cepovisa\/escuela-universitaria\/docencia\/profesorado\/\"]}]},{\"@type\":\"BreadcrumbList\",\"@id\":\"https:\/\/riberasalud.com\/cepovisa\/escuela-universitaria\/docencia\/profesorado\/#breadcrumb\",\"itemListElement\":[{\"@type\":\"ListItem\",\"position\":1,\"name\":\"Portada\",\"item\":\"https:\/\/riberasalud.com\/cepovisa\/\"},{\"@type\":\"ListItem\",\"position\":2,\"name\":\"Escuela Universitaria de enfermer\u00eda\",\"item\":\"https:\/\/riberasalud.com\/cepovisa\/escuela-universitaria\/\"},{\"@type\":\"ListItem\",\"position\":3,\"name\":\"Docencia\",\"item\":\"https:\/\/riberasalud.com\/cepovisa\/escuela-universitaria\/docencia\/\"},{\"@type\":\"ListItem\",\"position\":4,\"name\":\"Profesorado\"}]},{\"@type\":\"WebSite\",\"@id\":\"https:\/\/riberasalud.com\/cepovisa\/#website\",\"url\":\"https:\/\/riberasalud.com\/cepovisa\/\",\"name\":\"Cepovisa\",\"description\":\"\",\"publisher\":{\"@id\":\"https:\/\/riberasalud.com\/cepovisa\/#organization\"},\"potentialAction\":[{\"@type\":\"SearchAction\",\"target\":{\"@type\":\"EntryPoint\",\"urlTemplate\":\"https:\/\/riberasalud.com\/cepovisa\/?s={search_term_string}\"},\"query-input\":{\"@type\":\"PropertyValueSpecification\",\"valueRequired\":true,\"valueName\":\"search_term_string\"}}],\"inLanguage\":\"es\"},{\"@type\":\"Organization\",\"@id\":\"https:\/\/riberasalud.com\/cepovisa\/#organization\",\"name\":\"Cepovisa\",\"url\":\"https:\/\/riberasalud.com\/cepovisa\/\",\"logo\":{\"@type\":\"ImageObject\",\"inLanguage\":\"es\",\"@id\":\"https:\/\/riberasalud.com\/cepovisa\/#\/schema\/logo\/image\/\",\"url\":\"https:\/\/riberasalud.com\/cepovisa\/wp-content\/uploads\/2024\/08\/cropped-FORMACIONPROFESIONAL-cepivsa-logo.png\",\"contentUrl\":\"https:\/\/riberasalud.com\/cepovisa\/wp-content\/uploads\/2024\/08\/cropped-FORMACIONPROFESIONAL-cepivsa-logo.png\",\"width\":847,\"height\":94,\"caption\":\"Cepovisa\"},\"image\":{\"@id\":\"https:\/\/riberasalud.com\/cepovisa\/#\/schema\/logo\/image\/\"}}]}<\/script>\n<!-- \/ Yoast SEO plugin. -->","yoast_head_json":{"title":"Profesorado - Cepovisa","description":"Profesorado Conoce a nuestros profesores Cuadro Docente SEMESTREASIGNATURAS&nbsp;DOCENTESCORREO1\u00ba CURSO&nbsp;TUTOR: MANUEL TORRES","robots":{"index":"index","follow":"follow","max-snippet":"max-snippet:-1","max-image-preview":"max-image-preview:large","max-video-preview":"max-video-preview:-1"},"canonical":"https:\/\/riberasalud.com\/cepovisa\/escuela-universitaria\/docencia\/profesorado\/","og_locale":"es_ES","og_type":"article","og_title":"Profesorado - Cepovisa","og_description":"Profesorado Conoce a nuestros profesores Cuadro Docente SEMESTREASIGNATURAS&nbsp;DOCENTESCORREO1\u00ba CURSO&nbsp;TUTOR: MANUEL TORRES","og_url":"https:\/\/riberasalud.com\/cepovisa\/escuela-universitaria\/docencia\/profesorado\/","og_site_name":"Cepovisa","article_modified_time":"2025-07-24T10:40:32+00:00","twitter_card":"summary_large_image","twitter_misc":{"Tiempo de lectura":"2 minutos"},"schema":{"@context":"https:\/\/schema.org","@graph":[{"@type":"WebPage","@id":"https:\/\/riberasalud.com\/cepovisa\/escuela-universitaria\/docencia\/profesorado\/","url":"https:\/\/riberasalud.com\/cepovisa\/escuela-universitaria\/docencia\/profesorado\/","name":"Profesorado - Cepovisa","isPartOf":{"@id":"https:\/\/riberasalud.com\/cepovisa\/#website"},"datePublished":"2022-05-16T06:10:26+00:00","dateModified":"2025-07-24T10:40:32+00:00","description":"Profesorado Conoce a nuestros profesores Cuadro Docente SEMESTREASIGNATURAS&nbsp;DOCENTESCORREO1\u00ba CURSO&nbsp;TUTOR: MANUEL TORRES","breadcrumb":{"@id":"https:\/\/riberasalud.com\/cepovisa\/escuela-universitaria\/docencia\/profesorado\/#breadcrumb"},"inLanguage":"es","potentialAction":[{"@type":"ReadAction","target":["https:\/\/riberasalud.com\/cepovisa\/escuela-universitaria\/docencia\/profesorado\/"]}]},{"@type":"BreadcrumbList","@id":"https:\/\/riberasalud.com\/cepovisa\/escuela-universitaria\/docencia\/profesorado\/#breadcrumb","itemListElement":[{"@type":"ListItem","position":1,"name":"Portada","item":"https:\/\/riberasalud.com\/cepovisa\/"},{"@type":"ListItem","position":2,"name":"Escuela Universitaria de enfermer\u00eda","item":"https:\/\/riberasalud.com\/cepovisa\/escuela-universitaria\/"},{"@type":"ListItem","position":3,"name":"Docencia","item":"https:\/\/riberasalud.com\/cepovisa\/escuela-universitaria\/docencia\/"},{"@type":"ListItem","position":4,"name":"Profesorado"}]},{"@type":"WebSite","@id":"https:\/\/riberasalud.com\/cepovisa\/#website","url":"https:\/\/riberasalud.com\/cepovisa\/","name":"Cepovisa","description":"","publisher":{"@id":"https:\/\/riberasalud.com\/cepovisa\/#organization"},"potentialAction":[{"@type":"SearchAction","target":{"@type":"EntryPoint","urlTemplate":"https:\/\/riberasalud.com\/cepovisa\/?s={search_term_string}"},"query-input":{"@type":"PropertyValueSpecification","valueRequired":true,"valueName":"search_term_string"}}],"inLanguage":"es"},{"@type":"Organization","@id":"https:\/\/riberasalud.com\/cepovisa\/#organization","name":"Cepovisa","url":"https:\/\/riberasalud.com\/cepovisa\/","logo":{"@type":"ImageObject","inLanguage":"es","@id":"https:\/\/riberasalud.com\/cepovisa\/#\/schema\/logo\/image\/","url":"https:\/\/riberasalud.com\/cepovisa\/wp-content\/uploads\/2024\/08\/cropped-FORMACIONPROFESIONAL-cepivsa-logo.png","contentUrl":"https:\/\/riberasalud.com\/cepovisa\/wp-content\/uploads\/2024\/08\/cropped-FORMACIONPROFESIONAL-cepivsa-logo.png","width":847,"height":94,"caption":"Cepovisa"},"image":{"@id":"https:\/\/riberasalud.com\/cepovisa\/#\/schema\/logo\/image\/"}}]}},"_links":{"self":[{"href":"https:\/\/riberasalud.com\/cepovisa\/wp-json\/wp\/v2\/pages\/668","targetHints":{"allow":["GET"]}}],"collection":[{"href":"https:\/\/riberasalud.com\/cepovisa\/wp-json\/wp\/v2\/pages"}],"about":[{"href":"https:\/\/riberasalud.com\/cepovisa\/wp-json\/wp\/v2\/types\/page"}],"author":[{"embeddable":true,"href":"https:\/\/riberasalud.com\/cepovisa\/wp-json\/wp\/v2\/users\/1"}],"replies":[{"embeddable":true,"href":"https:\/\/riberasalud.com\/cepovisa\/wp-json\/wp\/v2\/comments?post=668"}],"version-history":[{"count":41,"href":"https:\/\/riberasalud.com\/cepovisa\/wp-json\/wp\/v2\/pages\/668\/revisions"}],"predecessor-version":[{"id":9944,"href":"https:\/\/riberasalud.com\/cepovisa\/wp-json\/wp\/v2\/pages\/668\/revisions\/9944"}],"up":[{"embeddable":true,"href":"https:\/\/riberasalud.com\/cepovisa\/wp-json\/wp\/v2\/pages\/487"}],"wp:attachment":[{"href":"https:\/\/riberasalud.com\/cepovisa\/wp-json\/wp\/v2\/media?parent=668"}],"curies":[{"name":"wp","href":"https:\/\/api.w.org\/{rel}","templated":true}]}}