{"id":5167,"date":"2022-10-27T13:41:19","date_gmt":"2022-10-27T13:41:19","guid":{"rendered":"https:\/\/riberasalud.com\/cepovisa\/?page_id=5167"},"modified":"2022-10-27T13:41:20","modified_gmt":"2022-10-27T13:41:20","slug":"informacion-sobre-el-tratamiento-de-datos","status":"publish","type":"page","link":"https:\/\/riberasalud.com\/cepovisa\/informacion-sobre-el-tratamiento-de-datos\/","title":{"rendered":"Informaci\u00f3n sobre el tratamiento de datos"},"content":{"rendered":"\n<ul class=\"wp-block-list\"><li>Responsable del tratamiento: CEPOVISA, con domicilio en C\/ Salamanca, 5, 36211 Vigo, Pontevedra (Espa\u00f1a).<\/li><li>Delegado de protecci\u00f3n de datos (DPD): <a href=\"mailto:dpd@povisa.net\">dpd@povisa.net<\/a><\/li><li>Finalidad: de atender su solicitud de contacto, as\u00ed como cualquier otra petici\u00f3n e informaci\u00f3n que nos solicite relativa a nuestros servicios.<\/li><li>Derechos: acceso, rectificaci\u00f3n, supresi\u00f3n, oposici\u00f3n, limitaci\u00f3n y portabilidad<\/li><\/ul>\n\n\n\n<p>M\u00e1s info: Consulte la pol\u00edtica de protecci\u00f3n de datos de CEPOVISA, <a href=\"http:\/\/www.riberasalud.es\/hospitalpovisa\/politicadeprivacidad\">https:\/\/riberasalud.com\/cepovisa\/politica-de-proteccion-de-datos\/<\/a><\/p>\n","protected":false},"excerpt":{"rendered":"<p>Responsable del tratamiento: CEPOVISA, con domicilio en C\/ Salamanca, 5, 36211 Vigo, Pontevedra (Espa\u00f1a). Delegado de protecci\u00f3n de datos (DPD): dpd@povisa.net Finalidad: de atender su solicitud de contacto, as\u00ed como cualquier otra petici\u00f3n e informaci\u00f3n que nos solicite relativa a nuestros servicios. Derechos: acceso, rectificaci\u00f3n, supresi\u00f3n, oposici\u00f3n, limitaci\u00f3n y portabilidad M\u00e1s info: Consulte la pol\u00edtica &#8230; <a title=\"Informaci\u00f3n sobre el tratamiento de datos\" class=\"read-more\" href=\"https:\/\/riberasalud.com\/cepovisa\/informacion-sobre-el-tratamiento-de-datos\/\" aria-label=\"Leer m\u00e1s sobre Informaci\u00f3n sobre el tratamiento de datos\">Leer m\u00e1s<\/a><\/p>\n","protected":false},"author":2,"featured_media":0,"parent":0,"menu_order":0,"comment_status":"closed","ping_status":"closed","template":"","meta":{"_mi_skip_tracking":false,"footnotes":""},"class_list":["post-5167","page","type-page","status-publish"],"yoast_head":"<!-- This site is optimized with the Yoast SEO plugin v26.6 - https:\/\/yoast.com\/wordpress\/plugins\/seo\/ -->\n<title>Informaci\u00f3n sobre el tratamiento de datos - Cepovisa<\/title>\n<meta name=\"description\" content=\"Responsable del tratamiento: CEPOVISA, con domicilio en C\/ Salamanca, 5, 36211 Vigo, Pontevedra (Espa\u00f1a).Delegado de protecci\u00f3n de datos (DPD):\" \/>\n<meta name=\"robots\" content=\"index, follow, max-snippet:-1, max-image-preview:large, max-video-preview:-1\" \/>\n<link rel=\"canonical\" href=\"https:\/\/riberasalud.com\/cepovisa\/informacion-sobre-el-tratamiento-de-datos\/\" \/>\n<meta property=\"og:locale\" content=\"es_ES\" \/>\n<meta property=\"og:type\" content=\"article\" \/>\n<meta property=\"og:title\" content=\"Informaci\u00f3n sobre el tratamiento de datos - Cepovisa\" \/>\n<meta property=\"og:description\" content=\"Responsable del tratamiento: CEPOVISA, con domicilio en C\/ Salamanca, 5, 36211 Vigo, Pontevedra (Espa\u00f1a).Delegado de protecci\u00f3n de datos (DPD):\" \/>\n<meta property=\"og:url\" content=\"https:\/\/riberasalud.com\/cepovisa\/informacion-sobre-el-tratamiento-de-datos\/\" \/>\n<meta property=\"og:site_name\" content=\"Cepovisa\" \/>\n<meta property=\"article:modified_time\" content=\"2022-10-27T13:41:20+00:00\" \/>\n<meta name=\"twitter:card\" content=\"summary_large_image\" \/>\n<meta name=\"twitter:label1\" content=\"Tiempo de lectura\" \/>\n\t<meta name=\"twitter:data1\" content=\"1 minuto\" \/>\n<script type=\"application\/ld+json\" class=\"yoast-schema-graph\">{\"@context\":\"https:\/\/schema.org\",\"@graph\":[{\"@type\":\"WebPage\",\"@id\":\"https:\/\/riberasalud.com\/cepovisa\/informacion-sobre-el-tratamiento-de-datos\/\",\"url\":\"https:\/\/riberasalud.com\/cepovisa\/informacion-sobre-el-tratamiento-de-datos\/\",\"name\":\"Informaci\u00f3n sobre el tratamiento de datos - Cepovisa\",\"isPartOf\":{\"@id\":\"https:\/\/riberasalud.com\/cepovisa\/#website\"},\"datePublished\":\"2022-10-27T13:41:19+00:00\",\"dateModified\":\"2022-10-27T13:41:20+00:00\",\"description\":\"Responsable del tratamiento: CEPOVISA, con domicilio en C\/ Salamanca, 5, 36211 Vigo, Pontevedra (Espa\u00f1a).Delegado de protecci\u00f3n de datos (DPD):\",\"breadcrumb\":{\"@id\":\"https:\/\/riberasalud.com\/cepovisa\/informacion-sobre-el-tratamiento-de-datos\/#breadcrumb\"},\"inLanguage\":\"es\",\"potentialAction\":[{\"@type\":\"ReadAction\",\"target\":[\"https:\/\/riberasalud.com\/cepovisa\/informacion-sobre-el-tratamiento-de-datos\/\"]}]},{\"@type\":\"BreadcrumbList\",\"@id\":\"https:\/\/riberasalud.com\/cepovisa\/informacion-sobre-el-tratamiento-de-datos\/#breadcrumb\",\"itemListElement\":[{\"@type\":\"ListItem\",\"position\":1,\"name\":\"Portada\",\"item\":\"https:\/\/riberasalud.com\/cepovisa\/\"},{\"@type\":\"ListItem\",\"position\":2,\"name\":\"Informaci\u00f3n sobre el tratamiento de datos\"}]},{\"@type\":\"WebSite\",\"@id\":\"https:\/\/riberasalud.com\/cepovisa\/#website\",\"url\":\"https:\/\/riberasalud.com\/cepovisa\/\",\"name\":\"Cepovisa\",\"description\":\"\",\"publisher\":{\"@id\":\"https:\/\/riberasalud.com\/cepovisa\/#organization\"},\"potentialAction\":[{\"@type\":\"SearchAction\",\"target\":{\"@type\":\"EntryPoint\",\"urlTemplate\":\"https:\/\/riberasalud.com\/cepovisa\/?s={search_term_string}\"},\"query-input\":{\"@type\":\"PropertyValueSpecification\",\"valueRequired\":true,\"valueName\":\"search_term_string\"}}],\"inLanguage\":\"es\"},{\"@type\":\"Organization\",\"@id\":\"https:\/\/riberasalud.com\/cepovisa\/#organization\",\"name\":\"Cepovisa\",\"url\":\"https:\/\/riberasalud.com\/cepovisa\/\",\"logo\":{\"@type\":\"ImageObject\",\"inLanguage\":\"es\",\"@id\":\"https:\/\/riberasalud.com\/cepovisa\/#\/schema\/logo\/image\/\",\"url\":\"https:\/\/riberasalud.com\/cepovisa\/wp-content\/uploads\/2024\/08\/cropped-FORMACIONPROFESIONAL-cepivsa-logo.png\",\"contentUrl\":\"https:\/\/riberasalud.com\/cepovisa\/wp-content\/uploads\/2024\/08\/cropped-FORMACIONPROFESIONAL-cepivsa-logo.png\",\"width\":847,\"height\":94,\"caption\":\"Cepovisa\"},\"image\":{\"@id\":\"https:\/\/riberasalud.com\/cepovisa\/#\/schema\/logo\/image\/\"}}]}<\/script>\n<!-- \/ Yoast SEO plugin. -->","yoast_head_json":{"title":"Informaci\u00f3n sobre el tratamiento de datos - Cepovisa","description":"Responsable del tratamiento: CEPOVISA, con domicilio en C\/ Salamanca, 5, 36211 Vigo, Pontevedra (Espa\u00f1a).Delegado de protecci\u00f3n de datos (DPD):","robots":{"index":"index","follow":"follow","max-snippet":"max-snippet:-1","max-image-preview":"max-image-preview:large","max-video-preview":"max-video-preview:-1"},"canonical":"https:\/\/riberasalud.com\/cepovisa\/informacion-sobre-el-tratamiento-de-datos\/","og_locale":"es_ES","og_type":"article","og_title":"Informaci\u00f3n sobre el tratamiento de datos - Cepovisa","og_description":"Responsable del tratamiento: CEPOVISA, con domicilio en C\/ Salamanca, 5, 36211 Vigo, Pontevedra (Espa\u00f1a).Delegado de protecci\u00f3n de datos (DPD):","og_url":"https:\/\/riberasalud.com\/cepovisa\/informacion-sobre-el-tratamiento-de-datos\/","og_site_name":"Cepovisa","article_modified_time":"2022-10-27T13:41:20+00:00","twitter_card":"summary_large_image","twitter_misc":{"Tiempo de lectura":"1 minuto"},"schema":{"@context":"https:\/\/schema.org","@graph":[{"@type":"WebPage","@id":"https:\/\/riberasalud.com\/cepovisa\/informacion-sobre-el-tratamiento-de-datos\/","url":"https:\/\/riberasalud.com\/cepovisa\/informacion-sobre-el-tratamiento-de-datos\/","name":"Informaci\u00f3n sobre el tratamiento de datos - Cepovisa","isPartOf":{"@id":"https:\/\/riberasalud.com\/cepovisa\/#website"},"datePublished":"2022-10-27T13:41:19+00:00","dateModified":"2022-10-27T13:41:20+00:00","description":"Responsable del tratamiento: CEPOVISA, con domicilio en C\/ Salamanca, 5, 36211 Vigo, Pontevedra (Espa\u00f1a).Delegado de protecci\u00f3n de datos (DPD):","breadcrumb":{"@id":"https:\/\/riberasalud.com\/cepovisa\/informacion-sobre-el-tratamiento-de-datos\/#breadcrumb"},"inLanguage":"es","potentialAction":[{"@type":"ReadAction","target":["https:\/\/riberasalud.com\/cepovisa\/informacion-sobre-el-tratamiento-de-datos\/"]}]},{"@type":"BreadcrumbList","@id":"https:\/\/riberasalud.com\/cepovisa\/informacion-sobre-el-tratamiento-de-datos\/#breadcrumb","itemListElement":[{"@type":"ListItem","position":1,"name":"Portada","item":"https:\/\/riberasalud.com\/cepovisa\/"},{"@type":"ListItem","position":2,"name":"Informaci\u00f3n sobre el tratamiento de datos"}]},{"@type":"WebSite","@id":"https:\/\/riberasalud.com\/cepovisa\/#website","url":"https:\/\/riberasalud.com\/cepovisa\/","name":"Cepovisa","description":"","publisher":{"@id":"https:\/\/riberasalud.com\/cepovisa\/#organization"},"potentialAction":[{"@type":"SearchAction","target":{"@type":"EntryPoint","urlTemplate":"https:\/\/riberasalud.com\/cepovisa\/?s={search_term_string}"},"query-input":{"@type":"PropertyValueSpecification","valueRequired":true,"valueName":"search_term_string"}}],"inLanguage":"es"},{"@type":"Organization","@id":"https:\/\/riberasalud.com\/cepovisa\/#organization","name":"Cepovisa","url":"https:\/\/riberasalud.com\/cepovisa\/","logo":{"@type":"ImageObject","inLanguage":"es","@id":"https:\/\/riberasalud.com\/cepovisa\/#\/schema\/logo\/image\/","url":"https:\/\/riberasalud.com\/cepovisa\/wp-content\/uploads\/2024\/08\/cropped-FORMACIONPROFESIONAL-cepivsa-logo.png","contentUrl":"https:\/\/riberasalud.com\/cepovisa\/wp-content\/uploads\/2024\/08\/cropped-FORMACIONPROFESIONAL-cepivsa-logo.png","width":847,"height":94,"caption":"Cepovisa"},"image":{"@id":"https:\/\/riberasalud.com\/cepovisa\/#\/schema\/logo\/image\/"}}]}},"_links":{"self":[{"href":"https:\/\/riberasalud.com\/cepovisa\/wp-json\/wp\/v2\/pages\/5167","targetHints":{"allow":["GET"]}}],"collection":[{"href":"https:\/\/riberasalud.com\/cepovisa\/wp-json\/wp\/v2\/pages"}],"about":[{"href":"https:\/\/riberasalud.com\/cepovisa\/wp-json\/wp\/v2\/types\/page"}],"author":[{"embeddable":true,"href":"https:\/\/riberasalud.com\/cepovisa\/wp-json\/wp\/v2\/users\/2"}],"replies":[{"embeddable":true,"href":"https:\/\/riberasalud.com\/cepovisa\/wp-json\/wp\/v2\/comments?post=5167"}],"version-history":[{"count":1,"href":"https:\/\/riberasalud.com\/cepovisa\/wp-json\/wp\/v2\/pages\/5167\/revisions"}],"predecessor-version":[{"id":5168,"href":"https:\/\/riberasalud.com\/cepovisa\/wp-json\/wp\/v2\/pages\/5167\/revisions\/5168"}],"wp:attachment":[{"href":"https:\/\/riberasalud.com\/cepovisa\/wp-json\/wp\/v2\/media?parent=5167"}],"curies":[{"name":"wp","href":"https:\/\/api.w.org\/{rel}","templated":true}]}}