{"id":463,"date":"2022-05-12T11:17:37","date_gmt":"2022-05-12T11:17:37","guid":{"rendered":"https:\/\/riberasalud.com\/cepovisa\/?page_id=463"},"modified":"2025-08-14T12:54:35","modified_gmt":"2025-08-14T12:54:35","slug":"normativa","status":"publish","type":"page","link":"https:\/\/riberasalud.com\/cepovisa\/escuela-universitaria\/normativa\/","title":{"rendered":"Normativa"},"content":{"rendered":"\n<div class=\"wp-block-group bannersolotexto\"><div class=\"wp-block-group__inner-container is-layout-flow wp-block-group-is-layout-flow\">\n<h1 class=\"wp-block-heading\">Normativa<\/h1>\n\n\n\n<p>Normativas por las que se rige el centro<\/p>\n<\/div><\/div>\n\n\n\n<div class=\"wp-block-group\"><div class=\"wp-block-group__inner-container is-layout-flow wp-block-group-is-layout-flow\">\n<figure class=\"wp-block-image size-large is-resized fotoredonda\"><img loading=\"lazy\" decoding=\"async\" width=\"1024\" height=\"224\" src=\"https:\/\/riberasalud.com\/cepovisa\/wp-content\/uploads\/2022\/07\/Nuevo-proyecto6-1024x224.png\" alt=\"\" class=\"wp-image-4954\" style=\"width:1920px;height:420px\" srcset=\"https:\/\/riberasalud.com\/cepovisa\/wp-content\/uploads\/2022\/07\/Nuevo-proyecto6-1024x224.png 1024w, https:\/\/riberasalud.com\/cepovisa\/wp-content\/uploads\/2022\/07\/Nuevo-proyecto6-300x66.png 300w, https:\/\/riberasalud.com\/cepovisa\/wp-content\/uploads\/2022\/07\/Nuevo-proyecto6-768x168.png 768w, https:\/\/riberasalud.com\/cepovisa\/wp-content\/uploads\/2022\/07\/Nuevo-proyecto6-1536x336.png 1536w, https:\/\/riberasalud.com\/cepovisa\/wp-content\/uploads\/2022\/07\/Nuevo-proyecto6.png 1920w\" sizes=\"auto, (max-width: 1024px) 100vw, 1024px\" \/><\/figure>\n\n\n\n<div style=\"height:30px\" aria-hidden=\"true\" class=\"wp-block-spacer\"><\/div>\n\n\n\n<p>La&nbsp; <strong>Escuela de Enfermer\u00eda de Povisa<\/strong>, como centro&nbsp;adscrito a la <strong><a rel=\"noreferrer noopener\" href=\"http:\/\/www.uvigo.gal\/\" target=\"_blank\">Universidad de Vigo<\/a><\/strong>, se rige por las normativas de car\u00e1cter general aplicadas a todas las universidades y las de car\u00e1cter propio, seg\u00fan la Universidad de Vigo.<\/p>\n\n\n\n<div class=\"wp-block-columns columnanomarginbottom is-layout-flex wp-container-core-columns-is-layout-9d6595d7 wp-block-columns-is-layout-flex\">\n<div class=\"wp-block-column is-layout-flow wp-block-column-is-layout-flow\">\n<h3 class=\"wp-block-heading has-text-align-left\">NORMATIVAS DE CAR\u00c1CTER GENERAL<\/h3>\n\n\n\n<ul class=\"wp-block-list is-style-default\">\n<li><a href=\"https:\/\/www.boe.es\/buscar\/doc.php?id=BOE-A-2023-7500\">Ley Org\u00e1nica 2\/2023, de 22 de marzo, del Sistema Universitario.<\/a><\/li>\n\n\n\n<li><a href=\"https:\/\/www.boe.es\/diario_boe\/txt.php?id=BOE-A-2021-15781\">Real Decreto 822\/2021, de 28 de septiembre<\/a>, por el que se establece la organizaci\u00f3n de las ense\u00f1anzas universitarias y del procedimiento de aseguramento de su calidad.&nbsp;<\/li>\n\n\n\n<li><a href=\"https:\/\/www.lex.gal\/galilex\/1660\">Decreto 222\/2011, do 2 de decembro, polo que se regulan as ensinanzas universitarias oficiais no \u00e1mbito da Comunidade Aut\u00f3noma de Galicia.<\/a><\/li>\n\n\n\n<li><a href=\"https:\/\/www.boe.es\/eli\/es\/rd\/2021\/09\/28\/822\/con\">BOE n\u00fam. 233, 29.09.2021<\/a> . Real Decreto 822\/2021, de 28 de septiembre, por el que se establece la organizaci\u00f3n de las ense\u00f1anzas universitarias y del procedimiento de aseguramiento de su calidad<\/li>\n\n\n\n<li><a href=\"https:\/\/www.boe.es\/eli\/es\/rd\/2010\/12\/30\/1791\/con\">Real Decreto 1791\/2010, de 30 de diciembre, por el que se aprueba el Estatuto del Estudiante Universitario <\/a><\/li>\n\n\n\n<li><a href=\"https:\/\/www.lex.gal\/galilex\/4635\">Orde do 20 de marzo de 2012 pola que se desenvolve o Decreto 222\/2011, do 2 de decembro, polo que se regulan as ensinanzas universitarias oficiais no \u00e1mbito da Comunidade Aut\u00f3noma de Galicia.<\/a><\/li>\n\n\n\n<li><a href=\"https:\/\/www.lex.gal\/galilex\/4646\">Orde do 6 de xu\u00f1o de 2012 que modifica a Orde do 20 de marzo de 2012, que desenvolve o Decreto 222\/2011, do 2 de decembro, polo que se regulan as ensinanzas universitarias oficiais no \u00e1mbito da Comunidade Aut\u00f3noma de Galicia.<\/a><\/li>\n<\/ul>\n<\/div>\n\n\n\n<div class=\"wp-block-column is-layout-flow wp-block-column-is-layout-flow\">\n<h3 class=\"wp-block-heading has-text-align-left\">NORMATIVA GRADO<\/h3>\n\n\n\n<ul class=\"wp-block-list is-style-default\">\n<li>Real Decreto 822\/2021, de 28 de septiembre, por el que se establece la organizaci\u00f3n de las ense\u00f1anzas universitarias y del procedimiento de aseguramento de su calidad<\/li>\n\n\n\n<li><a href=\"https:\/\/riberasalud.com\/cepovisa\/wp-content\/uploads\/2022\/05\/Memoria-vigente-GradoEnfermeria-Universidad-de-Vigo.pdf\" target=\"_blank\" rel=\"noreferrer noopener\">Memoria vigente del Grado de enfermer\u00eda<\/a><\/li>\n\n\n\n<li><a href=\"https:\/\/www.uvigo.gal\/sites\/uvigo.gal\/files\/contents\/paragraph-file\/2024-05\/Memoria_grao_enfermar%C3%ADa_RD822_23042024.pdf\" target=\"_blank\" rel=\"noreferrer noopener\">Memoria a extinguir<\/a><\/li>\n\n\n\n<li><a href=\"http:\/\/www.boe.es\/boe\/dias\/2008\/07\/19\/pdfs\/A31680-31683.pdf\">ORDEN CIN\/2134\/2008 (PDF)<\/a>, de 3 de julio, por la que se establecen os requisitos para la verificaci\u00f3n de los t\u00edtulos universitarios oficiales que habiliten para el ejercicio de la profesi\u00f3n de Enfermero.<\/li>\n\n\n\n<li><a href=\"https:\/\/riberasalud.com\/cepovisa\/wp-content\/uploads\/2022\/05\/resolucion-14-febrero-2008-1.pdf\">Resoluci\u00f3n 14 Febrero 2008<\/a><\/li>\n<\/ul>\n<\/div>\n<\/div>\n\n\n\n<div class=\"wp-block-columns columnanomarginbottom is-layout-flex wp-container-core-columns-is-layout-9d6595d7 wp-block-columns-is-layout-flex\">\n<div class=\"wp-block-column is-layout-flow wp-block-column-is-layout-flow\">\n<h3 class=\"wp-block-heading has-text-align-left\">NORMATIVA DE LA UNIVERSIDAD DE VIGO<\/h3>\n\n\n\n<ul class=\"wp-block-list is-style-default\">\n<li><a href=\"https:\/\/secretaria.uvigo.gal\/uv\/web\/normativa\/public\/show\/267\">Estatutos Universidade de Vigo<\/a><\/li>\n\n\n\n<li><a href=\"https:\/\/secretaria.uvigo.gal\/uv\/web\/normativa\/public\/show\/254\">Normativa de transferencia y reconocimiento de cr\u00e9ditos<\/a><\/li>\n\n\n\n<li><a href=\"https:\/\/secretaria.uvigo.gal\/uv\/web\/normativa\/public\/show\/275\">Normativa de Permanencia<\/a><\/li>\n\n\n\n<li><a href=\"https:\/\/secretaria.uvigo.gal\/uv\/web\/normativa\/public\/show\/298\">Normativa de pr\u00e1cticas externas<\/a><\/li>\n\n\n\n<li><a href=\"https:\/\/secretaria.uvigo.gal\/uv\/web\/normativa\/public\/show\/325\">Normativa para la realizaci\u00f3n del Trabajo Fin de Grao<\/a><\/li>\n\n\n\n<li><a href=\"https:\/\/secretaria.uvigo.gal\/uv\/web\/normativa\/public\/show\/302\">Reglamento del sistema de quejas, sugerencias y felicitaciones de la Universidade de Vigo<\/a><\/li>\n\n\n\n<li><a href=\"http:\/\/historia.uvigo.es\/images\/docs\/calidad\/Resumo_regulamento_QSP.pdf\">Resumen del reglamento del sistema de quejas, sugerencias y felicitaciones de la Universidad de Vigo<\/a><\/li>\n\n\n\n<li><a href=\"http:\/\/euenfou.webs.uvigo.es\/attachments\/article\/52\/Manual_funcionamento_QSP.pdf\">Manual de funcionamiento del sistema de quejas, sugerencias y felicitaciones de la Universidade de Vigo<\/a><\/li>\n\n\n\n<li><a href=\"https:\/\/secretaria.uvigo.gal\/uv\/web\/normativa\/public\/normativa\/documento\/downloadbyhash\/4904ced4d24eb81fe5715ddde2c48c59c0a7c4d624cd0e7491df7a753985ccfa\">Regulamento sobre a avaliaci\u00f3n. Evaluci\u00f3n por compensaci\u00f3n<\/a><\/li>\n\n\n\n<li><a href=\"https:\/\/secretaria.uvigo.gal\/uv\/web\/normativa\/public\/show\/461\">Reglamento de estudiantes<\/a><\/li>\n\n\n\n<li><a href=\"https:\/\/secretaria.uvigo.gal\/uv\/web\/normativa\/public\/show\/353\">Normativa de gesti\u00f3n acad\u00e9mica de los grados<\/a><\/li>\n\n\n\n<li><a href=\"https:\/\/eei.uvigo.es\/wp-content\/uploads\/2020\/02\/eei\/documentos\/escola\/Normativa\/UVIGO_-_Normativa_de_permanencia_Graos_e_Mestrados_DOG_30-06-2017.pdf\">Normativa de permanencia y progreso del estudiantado de la Universidad de Vigo<\/a><\/li>\n\n\n\n<li><a href=\"https:\/\/secretaria.uvigo.gal\/uv\/web\/normativa\/public\/show\/309\">Reglamento de los premios extraordinarios de grado<\/a><\/li>\n\n\n\n<li><a href=\"https:\/\/secretaria.uvigo.gal\/uv\/web\/normativa\/public\/show\/429\">Normativa de actividades tutoriales de la Universidade de Vigo<\/a><\/li>\n\n\n\n<li><a href=\"https:\/\/secretaria.uvigo.gal\/uv\/web\/normativa\/public\/show\/569\">Normas de convivencia de la Universidade de Vigo<\/a>&nbsp;<br><a href=\"https:\/\/secretaria.uvigo.gal\/uv\/web\/normativa\/public\/show\/566\">C\u00f3digo \u00c9tico de la Universidade de Vigo<\/a>&nbsp;<br><a href=\"https:\/\/secretaria.uvigo.gal\/uv\/web\/normativa\/public\/show\/567\">Reglamento de r\u00e9gimen disciplinario del estudiantado de la Universidade de Vigo<\/a>&nbsp;<br><a href=\"https:\/\/secretaria.uvigo.gal\/uv\/web\/normativa\/public\/show\/565\">Reglamento sobre la evaluaci\u00f3n, la calificaci\u00f3n y la calidad de la docencia y del proceso de aprendizaje del estudiantado<\/a>&nbsp;<\/li>\n\n\n\n<li><a href=\"https:\/\/secretaria.uvigo.gal\/uv\/web\/normativa\/public\/show\/254\">Normativa de transferencia e reco\u00f1ecementos de cr\u00e9ditos da Universidade de Vigo<\/a><\/li>\n\n\n\n<li><a href=\"https:\/\/secretaria.uvigo.gal\/uv\/web\/normativa\/public\/show\/353\">Normativa de xesti\u00f3n acad\u00e9mica da Universidade de Vigo<\/a><\/li>\n\n\n\n<li><a href=\"https:\/\/secretaria.uvigo.gal\/uv\/web\/normativa\/public\/show\/254\">Normativa de transferencia e reco\u00f1ecementos de cr\u00e9ditos da Universidade de Vigo<\/a><\/li>\n\n\n\n<li><a href=\"https:\/\/secretaria.uvigo.gal\/uv\/web\/normativa\/public\/show\/353\">Normativa de xesti\u00f3n acad\u00e9mica da Universidade de Vigo<\/a><\/li>\n<\/ul>\n<\/div>\n\n\n\n<div class=\"wp-block-column is-layout-flow wp-block-column-is-layout-flow\">\n<h3 class=\"wp-block-heading has-text-align-left\">NORMATIVA EUE POVISA<\/h3>\n\n\n\n<ul class=\"wp-block-list is-style-default\">\n<li>Pr\u00e1cticas<\/li>\n\n\n\n<li>Reglamento R\u00e9gimen interno<\/li>\n\n\n\n<li>Normativa composici\u00f3n comisi\u00f3n garant\u00eda calidad<\/li>\n<\/ul>\n\n\n\n<h3 class=\"wp-block-heading has-text-align-left\">FORMULARIOS<\/h3>\n\n\n\n<ul class=\"wp-block-list is-style-default\">\n<li><a href=\"https:\/\/www.riberasalud.com\/cepovisa\/wp-content\/uploads\/2024\/09\/renuncia_evaluacion_continua.pdf\">Solicitud renuncia a la evaluaci\u00f3n continua<\/a><\/li>\n\n\n\n<li><a href=\"https:\/\/www.riberasalud.com\/cepovisa\/wp-content\/uploads\/2023\/11\/Justificacion_asistencia_examen.pdf\">Justificaci\u00f3n asistencia a examen <\/a><\/li>\n\n\n\n<li><a href=\"https:\/\/www.riberasalud.com\/cepovisa\/wp-content\/uploads\/2023\/11\/Justificante_revision_examen.pdf\">Justificaci\u00f3n asistencia a revisi\u00f3n de examen <\/a><\/li>\n\n\n\n<li><a href=\"https:\/\/www.riberasalud.com\/cepovisa\/wp-content\/uploads\/2023\/11\/Solicitud_reclamacion_calificacion.pdf\">Solicitud de reclamaci\u00f3n a la calificaci\u00f3n de la convocatoria<\/a><\/li>\n\n\n\n<li><a href=\"https:\/\/fcced.uvigo.es\/es\/estudiantes\/evaluacion-por-compensacion\/\">Solicitud de evaluaci\u00f3n por compensaci\u00f3n <\/a><\/li>\n\n\n\n<li><a href=\"https:\/\/www.riberasalud.com\/cepovisa\/wp-content\/uploads\/2023\/11\/Reconocimiento_creditos.pdf\">Solicitud de transferencia y reconocimiento de cr\u00e9ditos<\/a><\/li>\n<\/ul>\n<\/div>\n<\/div>\n\n\n\n<div class=\"wp-block-columns columnanomarginbottom is-layout-flex wp-container-core-columns-is-layout-9d6595d7 wp-block-columns-is-layout-flex\"><\/div>\n<\/div><\/div>\n\n\n\n<p><\/p>\n","protected":false},"excerpt":{"rendered":"<p>Normativa Normativas por las que se rige el centro La&nbsp; Escuela de Enfermer\u00eda de Povisa, como centro&nbsp;adscrito a la Universidad de Vigo, se rige por las normativas de car\u00e1cter general aplicadas a todas las universidades y las de car\u00e1cter propio, seg\u00fan la Universidad de Vigo. NORMATIVAS DE CAR\u00c1CTER GENERAL NORMATIVA GRADO NORMATIVA DE LA UNIVERSIDAD &#8230; <a title=\"Normativa\" class=\"read-more\" href=\"https:\/\/riberasalud.com\/cepovisa\/escuela-universitaria\/normativa\/\" aria-label=\"Leer m\u00e1s sobre Normativa\">Leer m\u00e1s<\/a><\/p>\n","protected":false},"author":1,"featured_media":0,"parent":665,"menu_order":0,"comment_status":"closed","ping_status":"closed","template":"","meta":{"_mi_skip_tracking":false,"footnotes":""},"class_list":["post-463","page","type-page","status-publish"],"yoast_head":"<!-- This site is optimized with the Yoast SEO plugin v26.6 - https:\/\/yoast.com\/wordpress\/plugins\/seo\/ -->\n<title>Normativa - Cepovisa<\/title>\n<meta name=\"description\" content=\"Normativa Normativas por las que se rige el centro La&nbsp; Escuela de Enfermer\u00eda de Povisa, como centro&nbsp;adscrito a la Universidad de Vigo, se rige\" \/>\n<meta name=\"robots\" content=\"index, follow, max-snippet:-1, max-image-preview:large, max-video-preview:-1\" \/>\n<link rel=\"canonical\" href=\"https:\/\/riberasalud.com\/cepovisa\/escuela-universitaria\/normativa\/\" \/>\n<meta property=\"og:locale\" content=\"es_ES\" \/>\n<meta property=\"og:type\" content=\"article\" \/>\n<meta property=\"og:title\" content=\"Normativa - Cepovisa\" \/>\n<meta property=\"og:description\" content=\"Normativa Normativas por las que se rige el centro La&nbsp; Escuela de Enfermer\u00eda de Povisa, como centro&nbsp;adscrito a la Universidad de Vigo, se rige\" \/>\n<meta property=\"og:url\" content=\"https:\/\/riberasalud.com\/cepovisa\/escuela-universitaria\/normativa\/\" \/>\n<meta property=\"og:site_name\" content=\"Cepovisa\" \/>\n<meta property=\"article:modified_time\" content=\"2025-08-14T12:54:35+00:00\" \/>\n<meta property=\"og:image\" content=\"https:\/\/riberasalud.com\/cepovisa\/wp-content\/uploads\/2022\/07\/Nuevo-proyecto6-1024x224.png\" \/>\n<meta name=\"twitter:card\" content=\"summary_large_image\" \/>\n<meta name=\"twitter:label1\" content=\"Tiempo de lectura\" \/>\n\t<meta name=\"twitter:data1\" content=\"3 minutos\" \/>\n<script type=\"application\/ld+json\" class=\"yoast-schema-graph\">{\"@context\":\"https:\/\/schema.org\",\"@graph\":[{\"@type\":\"WebPage\",\"@id\":\"https:\/\/riberasalud.com\/cepovisa\/escuela-universitaria\/normativa\/\",\"url\":\"https:\/\/riberasalud.com\/cepovisa\/escuela-universitaria\/normativa\/\",\"name\":\"Normativa - Cepovisa\",\"isPartOf\":{\"@id\":\"https:\/\/riberasalud.com\/cepovisa\/#website\"},\"primaryImageOfPage\":{\"@id\":\"https:\/\/riberasalud.com\/cepovisa\/escuela-universitaria\/normativa\/#primaryimage\"},\"image\":{\"@id\":\"https:\/\/riberasalud.com\/cepovisa\/escuela-universitaria\/normativa\/#primaryimage\"},\"thumbnailUrl\":\"https:\/\/riberasalud.com\/cepovisa\/wp-content\/uploads\/2022\/07\/Nuevo-proyecto6-1024x224.png\",\"datePublished\":\"2022-05-12T11:17:37+00:00\",\"dateModified\":\"2025-08-14T12:54:35+00:00\",\"description\":\"Normativa Normativas por las que se rige el centro La&nbsp; Escuela de Enfermer\u00eda de Povisa, como centro&nbsp;adscrito a la Universidad de Vigo, se rige\",\"breadcrumb\":{\"@id\":\"https:\/\/riberasalud.com\/cepovisa\/escuela-universitaria\/normativa\/#breadcrumb\"},\"inLanguage\":\"es\",\"potentialAction\":[{\"@type\":\"ReadAction\",\"target\":[\"https:\/\/riberasalud.com\/cepovisa\/escuela-universitaria\/normativa\/\"]}]},{\"@type\":\"ImageObject\",\"inLanguage\":\"es\",\"@id\":\"https:\/\/riberasalud.com\/cepovisa\/escuela-universitaria\/normativa\/#primaryimage\",\"url\":\"https:\/\/riberasalud.com\/cepovisa\/wp-content\/uploads\/2022\/07\/Nuevo-proyecto6-1024x224.png\",\"contentUrl\":\"https:\/\/riberasalud.com\/cepovisa\/wp-content\/uploads\/2022\/07\/Nuevo-proyecto6-1024x224.png\"},{\"@type\":\"BreadcrumbList\",\"@id\":\"https:\/\/riberasalud.com\/cepovisa\/escuela-universitaria\/normativa\/#breadcrumb\",\"itemListElement\":[{\"@type\":\"ListItem\",\"position\":1,\"name\":\"Portada\",\"item\":\"https:\/\/riberasalud.com\/cepovisa\/\"},{\"@type\":\"ListItem\",\"position\":2,\"name\":\"Escuela Universitaria de enfermer\u00eda\",\"item\":\"https:\/\/riberasalud.com\/cepovisa\/escuela-universitaria\/\"},{\"@type\":\"ListItem\",\"position\":3,\"name\":\"Normativa\"}]},{\"@type\":\"WebSite\",\"@id\":\"https:\/\/riberasalud.com\/cepovisa\/#website\",\"url\":\"https:\/\/riberasalud.com\/cepovisa\/\",\"name\":\"Cepovisa\",\"description\":\"\",\"publisher\":{\"@id\":\"https:\/\/riberasalud.com\/cepovisa\/#organization\"},\"potentialAction\":[{\"@type\":\"SearchAction\",\"target\":{\"@type\":\"EntryPoint\",\"urlTemplate\":\"https:\/\/riberasalud.com\/cepovisa\/?s={search_term_string}\"},\"query-input\":{\"@type\":\"PropertyValueSpecification\",\"valueRequired\":true,\"valueName\":\"search_term_string\"}}],\"inLanguage\":\"es\"},{\"@type\":\"Organization\",\"@id\":\"https:\/\/riberasalud.com\/cepovisa\/#organization\",\"name\":\"Cepovisa\",\"url\":\"https:\/\/riberasalud.com\/cepovisa\/\",\"logo\":{\"@type\":\"ImageObject\",\"inLanguage\":\"es\",\"@id\":\"https:\/\/riberasalud.com\/cepovisa\/#\/schema\/logo\/image\/\",\"url\":\"https:\/\/riberasalud.com\/cepovisa\/wp-content\/uploads\/2024\/08\/cropped-FORMACIONPROFESIONAL-cepivsa-logo.png\",\"contentUrl\":\"https:\/\/riberasalud.com\/cepovisa\/wp-content\/uploads\/2024\/08\/cropped-FORMACIONPROFESIONAL-cepivsa-logo.png\",\"width\":847,\"height\":94,\"caption\":\"Cepovisa\"},\"image\":{\"@id\":\"https:\/\/riberasalud.com\/cepovisa\/#\/schema\/logo\/image\/\"}}]}<\/script>\n<!-- \/ Yoast SEO plugin. -->","yoast_head_json":{"title":"Normativa - Cepovisa","description":"Normativa Normativas por las que se rige el centro La&nbsp; Escuela de Enfermer\u00eda de Povisa, como centro&nbsp;adscrito a la Universidad de Vigo, se rige","robots":{"index":"index","follow":"follow","max-snippet":"max-snippet:-1","max-image-preview":"max-image-preview:large","max-video-preview":"max-video-preview:-1"},"canonical":"https:\/\/riberasalud.com\/cepovisa\/escuela-universitaria\/normativa\/","og_locale":"es_ES","og_type":"article","og_title":"Normativa - Cepovisa","og_description":"Normativa Normativas por las que se rige el centro La&nbsp; Escuela de Enfermer\u00eda de Povisa, como centro&nbsp;adscrito a la Universidad de Vigo, se rige","og_url":"https:\/\/riberasalud.com\/cepovisa\/escuela-universitaria\/normativa\/","og_site_name":"Cepovisa","article_modified_time":"2025-08-14T12:54:35+00:00","og_image":[{"url":"https:\/\/riberasalud.com\/cepovisa\/wp-content\/uploads\/2022\/07\/Nuevo-proyecto6-1024x224.png","type":"","width":"","height":""}],"twitter_card":"summary_large_image","twitter_misc":{"Tiempo de lectura":"3 minutos"},"schema":{"@context":"https:\/\/schema.org","@graph":[{"@type":"WebPage","@id":"https:\/\/riberasalud.com\/cepovisa\/escuela-universitaria\/normativa\/","url":"https:\/\/riberasalud.com\/cepovisa\/escuela-universitaria\/normativa\/","name":"Normativa - Cepovisa","isPartOf":{"@id":"https:\/\/riberasalud.com\/cepovisa\/#website"},"primaryImageOfPage":{"@id":"https:\/\/riberasalud.com\/cepovisa\/escuela-universitaria\/normativa\/#primaryimage"},"image":{"@id":"https:\/\/riberasalud.com\/cepovisa\/escuela-universitaria\/normativa\/#primaryimage"},"thumbnailUrl":"https:\/\/riberasalud.com\/cepovisa\/wp-content\/uploads\/2022\/07\/Nuevo-proyecto6-1024x224.png","datePublished":"2022-05-12T11:17:37+00:00","dateModified":"2025-08-14T12:54:35+00:00","description":"Normativa Normativas por las que se rige el centro La&nbsp; Escuela de Enfermer\u00eda de Povisa, como centro&nbsp;adscrito a la Universidad de Vigo, se rige","breadcrumb":{"@id":"https:\/\/riberasalud.com\/cepovisa\/escuela-universitaria\/normativa\/#breadcrumb"},"inLanguage":"es","potentialAction":[{"@type":"ReadAction","target":["https:\/\/riberasalud.com\/cepovisa\/escuela-universitaria\/normativa\/"]}]},{"@type":"ImageObject","inLanguage":"es","@id":"https:\/\/riberasalud.com\/cepovisa\/escuela-universitaria\/normativa\/#primaryimage","url":"https:\/\/riberasalud.com\/cepovisa\/wp-content\/uploads\/2022\/07\/Nuevo-proyecto6-1024x224.png","contentUrl":"https:\/\/riberasalud.com\/cepovisa\/wp-content\/uploads\/2022\/07\/Nuevo-proyecto6-1024x224.png"},{"@type":"BreadcrumbList","@id":"https:\/\/riberasalud.com\/cepovisa\/escuela-universitaria\/normativa\/#breadcrumb","itemListElement":[{"@type":"ListItem","position":1,"name":"Portada","item":"https:\/\/riberasalud.com\/cepovisa\/"},{"@type":"ListItem","position":2,"name":"Escuela Universitaria de enfermer\u00eda","item":"https:\/\/riberasalud.com\/cepovisa\/escuela-universitaria\/"},{"@type":"ListItem","position":3,"name":"Normativa"}]},{"@type":"WebSite","@id":"https:\/\/riberasalud.com\/cepovisa\/#website","url":"https:\/\/riberasalud.com\/cepovisa\/","name":"Cepovisa","description":"","publisher":{"@id":"https:\/\/riberasalud.com\/cepovisa\/#organization"},"potentialAction":[{"@type":"SearchAction","target":{"@type":"EntryPoint","urlTemplate":"https:\/\/riberasalud.com\/cepovisa\/?s={search_term_string}"},"query-input":{"@type":"PropertyValueSpecification","valueRequired":true,"valueName":"search_term_string"}}],"inLanguage":"es"},{"@type":"Organization","@id":"https:\/\/riberasalud.com\/cepovisa\/#organization","name":"Cepovisa","url":"https:\/\/riberasalud.com\/cepovisa\/","logo":{"@type":"ImageObject","inLanguage":"es","@id":"https:\/\/riberasalud.com\/cepovisa\/#\/schema\/logo\/image\/","url":"https:\/\/riberasalud.com\/cepovisa\/wp-content\/uploads\/2024\/08\/cropped-FORMACIONPROFESIONAL-cepivsa-logo.png","contentUrl":"https:\/\/riberasalud.com\/cepovisa\/wp-content\/uploads\/2024\/08\/cropped-FORMACIONPROFESIONAL-cepivsa-logo.png","width":847,"height":94,"caption":"Cepovisa"},"image":{"@id":"https:\/\/riberasalud.com\/cepovisa\/#\/schema\/logo\/image\/"}}]}},"_links":{"self":[{"href":"https:\/\/riberasalud.com\/cepovisa\/wp-json\/wp\/v2\/pages\/463","targetHints":{"allow":["GET"]}}],"collection":[{"href":"https:\/\/riberasalud.com\/cepovisa\/wp-json\/wp\/v2\/pages"}],"about":[{"href":"https:\/\/riberasalud.com\/cepovisa\/wp-json\/wp\/v2\/types\/page"}],"author":[{"embeddable":true,"href":"https:\/\/riberasalud.com\/cepovisa\/wp-json\/wp\/v2\/users\/1"}],"replies":[{"embeddable":true,"href":"https:\/\/riberasalud.com\/cepovisa\/wp-json\/wp\/v2\/comments?post=463"}],"version-history":[{"count":22,"href":"https:\/\/riberasalud.com\/cepovisa\/wp-json\/wp\/v2\/pages\/463\/revisions"}],"predecessor-version":[{"id":9974,"href":"https:\/\/riberasalud.com\/cepovisa\/wp-json\/wp\/v2\/pages\/463\/revisions\/9974"}],"up":[{"embeddable":true,"href":"https:\/\/riberasalud.com\/cepovisa\/wp-json\/wp\/v2\/pages\/665"}],"wp:attachment":[{"href":"https:\/\/riberasalud.com\/cepovisa\/wp-json\/wp\/v2\/media?parent=463"}],"curies":[{"name":"wp","href":"https:\/\/api.w.org\/{rel}","templated":true}]}}