{"id":7940,"date":"2024-05-03T10:15:07","date_gmt":"2024-05-03T08:15:07","guid":{"rendered":"https:\/\/riberasalud.com\/cardiosalus\/?page_id=7940"},"modified":"2024-12-03T10:08:51","modified_gmt":"2024-12-03T09:08:51","slug":"politica-de-privacidad","status":"publish","type":"page","link":"https:\/\/riberasalud.com\/cardiosalus\/politica-de-privacidad\/","title":{"rendered":"POL\u00cdTICA DE PRIVACIDAD"},"content":{"rendered":"\n<div class=\"wp-block-group hasbackgroundnaranja sliderlinea\"><div class=\"wp-block-group__inner-container is-layout-flow wp-block-group-is-layout-flow\">\n<p>SOMOS RIBERA CARDIOSALUS<\/p>\n\n\n\n<h1 class=\"wp-block-heading\">POL\u00cdTICA DE PRIVACIDAD<\/h1>\n<\/div><\/div>\n\n\n\n<div class=\"wp-block-group\"><div class=\"wp-block-group__inner-container is-layout-flow wp-block-group-is-layout-flow\">\n<p>Es compromiso del Grupo Ribera Salud del que forma parte Cardiosalus, el respeto a la privacidad de los usuarios y la protecci\u00f3n y seguridad de sus datos personales. Es por ello que, de acuerdo con la normativa vigente en materia de protecci\u00f3n de datos (Reglamento (UE) 2016\/679 del Parlamento y del Consejo de 27 de abril de 2016, Ley Org\u00e1nica 3\/2018, de 5 de diciembre, de Protecci\u00f3n de Datos Personales y garant\u00eda de los derechos digitales), Cardiosalus informa en la presente pol\u00edtica de protecci\u00f3n de datos sobre c\u00f3mo recaba y trata los datos de car\u00e1cter personal de los usuarios y pacientes en la p\u00e1gina web https:\/\/cardiosalus.com\/ (en adelante, referenciado como \u201cSitio web\u201d).<\/p>\n\n\n\n<p><strong>1. IDENTIFICACI\u00d3N DEL RESPONSABLE DEL TRATAMIENTO DE LOS DATOS PERSONALES<\/strong><\/p>\n\n\n\n<p>El Responsable del Tratamiento de los datos personales es Dieta y Salud Cardiovascular, S.L., (en adelante, el \u201cCardiosalus\u201d) con CIF B73641656 y domicilio social en c\/Manresa, n\u00famero 1, Edificio Elyos, 2\u00ba A 30004 (Murcia).<\/p>\n\n\n\n<p>El tel\u00e9fono de contacto es y la direcci\u00f3n de correo electr\u00f3nico\u202fdel centro Cardiosalus es <a href=\"mailto:info@cardiosalus.com\">info@cardiosalus.com<\/a>.<\/p>\n\n\n\n<p>Para cualquier cuesti\u00f3n relacionada con la presente pol\u00edtica de privacidad, el usuario podr\u00e1 ponerse en contacto con el delegado de protecci\u00f3n de datos en la siguiente direcci\u00f3n:&nbsp;<a href=\"mailto:dpo@riberasalud.es\">dpo@riberasalud.es<\/a>.<\/p>\n\n\n\n<p><strong>2. INFORMACI\u00d3N SOBRE LAS FINALIDADES DEL TRATAMIENTO<\/strong><\/p>\n\n\n\n<p>El responsable del tratamiento a trav\u00e9s del Sitio web llevar\u00e1 a cabo los siguientes tratamientos de datos empleando para cada una de ellas una base legitimadora adecuada, respetando los derechos y libertades de los interesados.<\/p>\n\n\n\n<p><strong>2.1 Gestionar y atender las solicitudes de contacto<\/strong><\/p>\n\n\n\n<ul class=\"wp-block-list\">\n<li>Finalidad: Atender las solicitudes y peticiones de contacto llevadas a cabo a trav\u00e9s de los medios puestos a disposici\u00f3n en la web (email, tel\u00e9fono y formulario de contacto).<\/li>\n\n\n\n<li>Base legitimadora: Ejecuci\u00f3n de la relaci\u00f3n precontractual.<\/li>\n\n\n\n<li>Tipolog\u00eda de los datos tratados: datos identificativos y de contacto.<\/li>\n<\/ul>\n\n\n\n<p><strong>2.2 <strong>Gestionar y atender las solicitudes de citas de pacientes<\/strong><\/strong><\/p>\n\n\n\n<ul class=\"wp-block-list\">\n<li>Finalidad: Gestionar las citas de los usuarios\/pacientes a trav\u00e9s de la app y de los medios puestos a disposici\u00f3n en la web (email, tel\u00e9fono y formulario de contacto).<\/li>\n\n\n\n<li>Base legitimadora: Ejecuci\u00f3n de la relaci\u00f3n precontractual y contractual.<\/li>\n\n\n\n<li>Tipolog\u00eda de los datos tratados: datos identificativos, datos de contacto.<\/li>\n<\/ul>\n\n\n\n<p><strong>2.3 Gestionar el Bono \u201cChequeo Cardiovascular Deportivo\u201d<\/strong><\/p>\n\n\n\n<ul class=\"wp-block-list\">\n<li>Finalidad: Gesti\u00f3n, expedici\u00f3n y env\u00edo del bono \u201cChequeo Cardiovascular Deportivo\u201d.<\/li>\n\n\n\n<li>Base legitimadora: Cumplimiento de una relaci\u00f3n contractual y\/o precontractual<\/li>\n\n\n\n<li>Tipolog\u00eda de los datos tratados: Datos de car\u00e1cter identificativo y de contacto.<\/li>\n<\/ul>\n\n\n\n<p><strong>2.4 Gestionar el env\u00edo de comunicaciones comerciales electr\u00f3nicas<\/strong><\/p>\n\n\n\n<p>El presente tratamiento de datos se llevar\u00e1 a cabo por la entidad RIBERA SALUD, S.A.U.<\/p>\n\n\n\n<ul class=\"wp-block-list\">\n<li>Finalidad: Gestionar el env\u00edo de comunicaciones comerciales electr\u00f3nicas relativas a los servicios de salud ofrecidos por Grupo Ribera.<\/li>\n\n\n\n<li>Base legitimadora: Consentimiento del interesado<\/li>\n\n\n\n<li>Tipolog\u00eda de los datos tratados: Datos de car\u00e1cter identificativo y de contacto.<\/li>\n<\/ul>\n\n\n\n<p><strong>3. DESTINATARIOS DE LOS DATOS PERSONALES<\/strong><\/p>\n\n\n\n<p><strong>3.1 Comunicaci\u00f3n de los datos a terceros<\/strong><\/p>\n\n\n\n<p>Salvo obligaci\u00f3n legal no se comunicar\u00e1n los datos personales recabados a trav\u00e9s de la web a terceros.&nbsp;Sin perjuicio de lo anterior, por medio del presente informamos que, para la prestaci\u00f3n de servicios de atenci\u00f3n sanitaria, cuando sea estrictamente necesario, los datos podr\u00e1n ser comunicados, de acuerdo con lo dispuesto en la legislaci\u00f3n vigente, a la autoridad sanitaria y dem\u00e1s organismos p\u00fablicos con competencia en la materia, as\u00ed como a las compa\u00f1\u00edas aseguradoras u otras entidades pagadoras cuando el interesado indique que los gastos asistenciales deban ser satisfechos por los mismos.&nbsp;<\/p>\n\n\n\n<p>Asimismo, se comunica a usuarios que en caso de ser clientes de aseguradoras privadas y acudan a la Cardiosalus, los datos de dicho interesado ser\u00e1n comunicados por parte del responsable del tratamiento a la aseguradora privada a efectos de pago de los servicios, previa suscripci\u00f3n por parte del paciente de un documento en el que el asegurado autoriza a Cardiosalus a la comunicaci\u00f3n de dicha informaci\u00f3n.<\/p>\n\n\n\n<p>Los datos personales de los pacientes podr\u00e1n ser accesibles en caso de resultar necesario por alguno de los centros sanitarios del Grupo CMVC, con la finalidad de llevar a cabo la prestaci\u00f3n de la asistencia de forma integral y mejorar la calidad de la prestaci\u00f3n de servicios, as\u00ed como su eficacia, en base a la ejecuci\u00f3n de la relaci\u00f3n contractual y en base al cumplimiento de una misi\u00f3n realizada en inter\u00e9s p\u00fablico o en el ejercicio de poderes p\u00fablicos.<\/p>\n\n\n\n<p><strong>3.2 Encargados del tratamiento<\/strong><\/p>\n\n\n\n<p>El tratamiento de los datos de los usuarios podr\u00e1 ser realizado por prestadores de servicios id\u00f3neos, contratados por Cardiosalus. Dichos prestadores de servicios \u00fanicamente tratar\u00e1n los datos para las finalidades establecidas por dicho responsable del tratamiento.<\/p>\n\n\n\n<p><strong>4. TRANSFERENCIAS INTERNACIONALES DE DATOS<\/strong><\/p>\n\n\n\n<p>El responsable del tratamiento llevar\u00e1 a cabo las operaciones del tratamiento de los datos de los usuarios\/pacientes integralmente en el territorio de la Uni\u00f3n Europea, por lo que no prev\u00e9 realizar ninguna transferencia internacional de datos y en el caso de que la lleve a cabo, lo har\u00e1 con las garant\u00edas establecidas en la normativa.<\/p>\n\n\n\n<p><strong>5. PLAZO DE CONSERVACI\u00d3N<\/strong><\/p>\n\n\n\n<p>Cardiosalus conservar\u00e1 los datos personales de los usuarios durante el tiempo necesario para la realizaci\u00f3n de la finalidad para la cual son tratados o hasta que el interesado solicite la supresi\u00f3n de sus datos personales,\u202fy en todo caso, durante el plazo necesario para el cumplimiento de las correspondientes obligaciones legales.<\/p>\n\n\n\n<p>Asimismo, respecto al tratamiento relativo al env\u00edo de comunicaciones comerciales electr\u00f3nicas, los datos de los usuarios que hayan consentido la recepci\u00f3n se conservar\u00e1n hasta que el usuario solicite la baja de dicha recepci\u00f3n, siguiendo las instrucciones que encontrar\u00e1 al pie de cada correo electr\u00f3nico.<\/p>\n\n\n\n<p><strong>6. EJERCICIO DE DERECHOS EN MATERIA DE PROTECCI\u00d3N DE DATOS<\/strong><\/p>\n\n\n\n<p>En cualquier momento, el usuario podr\u00e1 ejercer sus derechos de acceso, rectificaci\u00f3n o supresi\u00f3n, oposici\u00f3n, limitaci\u00f3n y portabilidad de sus datos, enviando un email a la siguiente direcci\u00f3n de correo electr\u00f3nico: dpo@riberasalud.es, o por correo postal a la siguiente direcci\u00f3n C\/Manresa, n\u00famero 1, Edificio Elyos, 2\u00ba A (Murcia) identificando el derecho que desea ejercitar.&nbsp;<\/p>\n\n\n\n<p>Asimismo, se informa al usuario que en caso de considerar que no se ha satisfecho el ejercicio de sus derechos, podr\u00e1 dirigirse al delegado de protecci\u00f3n de datos remitiendo su petici\u00f3n a la direcci\u00f3n anteriormente indicada y en su caso, presentar una reclamaci\u00f3n ante la Agencia Espa\u00f1ola de Protecci\u00f3n de Datos. M\u00e1s informaci\u00f3n en <a href=\"http:\/\/www.aepd.es\">www.aepd.es<\/a>.<\/p>\n\n\n\n<p><strong>7. ACTUALIZACIONES<\/strong><\/p>\n\n\n\n<p>La organizaci\u00f3n se reserva el derecho a modificar en cualquier momento los contenidos de este Sitio web, y podr\u00e1 a\u00f1adir nuevas funcionalidades, as\u00ed como modificar las actuales condiciones. En ese caso, se publicar\u00e1 la correspondiente actualizaci\u00f3n en el Sitio web para que el usuario tenga conocimiento de cualquier cambio.<\/p>\n\n\n\n<p><strong>\u00daltima actualizaci\u00f3n: <\/strong>Abril de 2024<\/p>\n<\/div><\/div>\n","protected":false},"excerpt":{"rendered":"<p>SOMOS RIBERA CARDIOSALUS POL\u00cdTICA DE PRIVACIDAD Es compromiso del Grupo Ribera Salud del que forma parte Cardiosalus, el respeto a la privacidad de los usuarios y la protecci\u00f3n y seguridad de sus datos personales. Es por ello que, de acuerdo con la normativa vigente en materia de protecci\u00f3n de datos (Reglamento (UE) 2016\/679 del Parlamento &#8230; <a title=\"POL\u00cdTICA DE PRIVACIDAD\" class=\"read-more\" href=\"https:\/\/riberasalud.com\/cardiosalus\/politica-de-privacidad\/\" aria-label=\"Leer m\u00e1s sobre POL\u00cdTICA DE PRIVACIDAD\">Leer m\u00e1s<\/a><\/p>\n","protected":false},"author":1,"featured_media":0,"parent":0,"menu_order":0,"comment_status":"closed","ping_status":"closed","template":"","meta":{"_monsterinsights_skip_tracking":false,"_monsterinsights_sitenote_active":false,"_monsterinsights_sitenote_note":"","_monsterinsights_sitenote_category":0,"_glsr_average":0,"_glsr_ranking":0,"_glsr_reviews":0,"footnotes":""},"class_list":["post-7940","page","type-page","status-publish"],"yoast_head":"<!-- This site is optimized with the Yoast SEO plugin v26.6 - https:\/\/yoast.com\/wordpress\/plugins\/seo\/ -->\n<title>POL\u00cdTICA DE PRIVACIDAD - Ribera Cardiosalus<\/title>\n<meta name=\"robots\" content=\"index, follow, max-snippet:-1, max-image-preview:large, max-video-preview:-1\" \/>\n<link rel=\"canonical\" href=\"https:\/\/riberasalud.com\/cardiosalus\/politica-de-privacidad\/\" \/>\n<meta property=\"og:locale\" content=\"es_ES\" \/>\n<meta property=\"og:type\" content=\"article\" \/>\n<meta property=\"og:title\" content=\"POL\u00cdTICA DE PRIVACIDAD - Ribera Cardiosalus\" \/>\n<meta property=\"og:description\" content=\"SOMOS RIBERA CARDIOSALUS POL\u00cdTICA DE PRIVACIDAD Es compromiso del Grupo Ribera Salud del que forma parte Cardiosalus, el respeto a la privacidad de los usuarios y la protecci\u00f3n y seguridad de sus datos personales. Es por ello que, de acuerdo con la normativa vigente en materia de protecci\u00f3n de datos (Reglamento (UE) 2016\/679 del Parlamento ... Leer m\u00e1s\" \/>\n<meta property=\"og:url\" content=\"https:\/\/riberasalud.com\/cardiosalus\/politica-de-privacidad\/\" \/>\n<meta property=\"og:site_name\" content=\"Ribera Cardiosalus\" \/>\n<meta property=\"article:modified_time\" content=\"2024-12-03T09:08:51+00:00\" \/>\n<meta name=\"twitter:card\" content=\"summary_large_image\" \/>\n<meta name=\"twitter:label1\" content=\"Tiempo de lectura\" \/>\n\t<meta name=\"twitter:data1\" content=\"5 minutos\" \/>\n<script type=\"application\/ld+json\" class=\"yoast-schema-graph\">{\"@context\":\"https:\/\/schema.org\",\"@graph\":[{\"@type\":\"WebPage\",\"@id\":\"https:\/\/riberasalud.com\/cardiosalus\/politica-de-privacidad\/\",\"url\":\"https:\/\/riberasalud.com\/cardiosalus\/politica-de-privacidad\/\",\"name\":\"POL\u00cdTICA DE PRIVACIDAD - Ribera Cardiosalus\",\"isPartOf\":{\"@id\":\"https:\/\/riberasalud.com\/cardiosalus\/#website\"},\"datePublished\":\"2024-05-03T08:15:07+00:00\",\"dateModified\":\"2024-12-03T09:08:51+00:00\",\"breadcrumb\":{\"@id\":\"https:\/\/riberasalud.com\/cardiosalus\/politica-de-privacidad\/#breadcrumb\"},\"inLanguage\":\"es\",\"potentialAction\":[{\"@type\":\"ReadAction\",\"target\":[\"https:\/\/riberasalud.com\/cardiosalus\/politica-de-privacidad\/\"]}]},{\"@type\":\"BreadcrumbList\",\"@id\":\"https:\/\/riberasalud.com\/cardiosalus\/politica-de-privacidad\/#breadcrumb\",\"itemListElement\":[{\"@type\":\"ListItem\",\"position\":1,\"name\":\"Portada\",\"item\":\"https:\/\/riberasalud.com\/cardiosalus\/\"},{\"@type\":\"ListItem\",\"position\":2,\"name\":\"POL\u00cdTICA DE PRIVACIDAD\"}]},{\"@type\":\"WebSite\",\"@id\":\"https:\/\/riberasalud.com\/cardiosalus\/#website\",\"url\":\"https:\/\/riberasalud.com\/cardiosalus\/\",\"name\":\"Ribera Cardiosalus\",\"description\":\"\",\"publisher\":{\"@id\":\"https:\/\/riberasalud.com\/cardiosalus\/#organization\"},\"potentialAction\":[{\"@type\":\"SearchAction\",\"target\":{\"@type\":\"EntryPoint\",\"urlTemplate\":\"https:\/\/riberasalud.com\/cardiosalus\/?s={search_term_string}\"},\"query-input\":{\"@type\":\"PropertyValueSpecification\",\"valueRequired\":true,\"valueName\":\"search_term_string\"}}],\"inLanguage\":\"es\"},{\"@type\":\"Organization\",\"@id\":\"https:\/\/riberasalud.com\/cardiosalus\/#organization\",\"name\":\"Ribera Cardiosalus\",\"url\":\"https:\/\/riberasalud.com\/cardiosalus\/\",\"logo\":{\"@type\":\"ImageObject\",\"inLanguage\":\"es\",\"@id\":\"https:\/\/riberasalud.com\/cardiosalus\/#\/schema\/logo\/image\/\",\"url\":\"https:\/\/riberasalud.com\/cardiosalus\/wp-content\/uploads\/2024\/05\/cropped-Logo-ribera-cardiosalus-4.png\",\"contentUrl\":\"https:\/\/riberasalud.com\/cardiosalus\/wp-content\/uploads\/2024\/05\/cropped-Logo-ribera-cardiosalus-4.png\",\"width\":1361,\"height\":272,\"caption\":\"Ribera Cardiosalus\"},\"image\":{\"@id\":\"https:\/\/riberasalud.com\/cardiosalus\/#\/schema\/logo\/image\/\"}}]}<\/script>\n<!-- \/ Yoast SEO plugin. -->","yoast_head_json":{"title":"POL\u00cdTICA DE PRIVACIDAD - Ribera Cardiosalus","robots":{"index":"index","follow":"follow","max-snippet":"max-snippet:-1","max-image-preview":"max-image-preview:large","max-video-preview":"max-video-preview:-1"},"canonical":"https:\/\/riberasalud.com\/cardiosalus\/politica-de-privacidad\/","og_locale":"es_ES","og_type":"article","og_title":"POL\u00cdTICA DE PRIVACIDAD - Ribera Cardiosalus","og_description":"SOMOS RIBERA CARDIOSALUS POL\u00cdTICA DE PRIVACIDAD Es compromiso del Grupo Ribera Salud del que forma parte Cardiosalus, el respeto a la privacidad de los usuarios y la protecci\u00f3n y seguridad de sus datos personales. Es por ello que, de acuerdo con la normativa vigente en materia de protecci\u00f3n de datos (Reglamento (UE) 2016\/679 del Parlamento ... Leer m\u00e1s","og_url":"https:\/\/riberasalud.com\/cardiosalus\/politica-de-privacidad\/","og_site_name":"Ribera Cardiosalus","article_modified_time":"2024-12-03T09:08:51+00:00","twitter_card":"summary_large_image","twitter_misc":{"Tiempo de lectura":"5 minutos"},"schema":{"@context":"https:\/\/schema.org","@graph":[{"@type":"WebPage","@id":"https:\/\/riberasalud.com\/cardiosalus\/politica-de-privacidad\/","url":"https:\/\/riberasalud.com\/cardiosalus\/politica-de-privacidad\/","name":"POL\u00cdTICA DE PRIVACIDAD - Ribera Cardiosalus","isPartOf":{"@id":"https:\/\/riberasalud.com\/cardiosalus\/#website"},"datePublished":"2024-05-03T08:15:07+00:00","dateModified":"2024-12-03T09:08:51+00:00","breadcrumb":{"@id":"https:\/\/riberasalud.com\/cardiosalus\/politica-de-privacidad\/#breadcrumb"},"inLanguage":"es","potentialAction":[{"@type":"ReadAction","target":["https:\/\/riberasalud.com\/cardiosalus\/politica-de-privacidad\/"]}]},{"@type":"BreadcrumbList","@id":"https:\/\/riberasalud.com\/cardiosalus\/politica-de-privacidad\/#breadcrumb","itemListElement":[{"@type":"ListItem","position":1,"name":"Portada","item":"https:\/\/riberasalud.com\/cardiosalus\/"},{"@type":"ListItem","position":2,"name":"POL\u00cdTICA DE PRIVACIDAD"}]},{"@type":"WebSite","@id":"https:\/\/riberasalud.com\/cardiosalus\/#website","url":"https:\/\/riberasalud.com\/cardiosalus\/","name":"Ribera Cardiosalus","description":"","publisher":{"@id":"https:\/\/riberasalud.com\/cardiosalus\/#organization"},"potentialAction":[{"@type":"SearchAction","target":{"@type":"EntryPoint","urlTemplate":"https:\/\/riberasalud.com\/cardiosalus\/?s={search_term_string}"},"query-input":{"@type":"PropertyValueSpecification","valueRequired":true,"valueName":"search_term_string"}}],"inLanguage":"es"},{"@type":"Organization","@id":"https:\/\/riberasalud.com\/cardiosalus\/#organization","name":"Ribera Cardiosalus","url":"https:\/\/riberasalud.com\/cardiosalus\/","logo":{"@type":"ImageObject","inLanguage":"es","@id":"https:\/\/riberasalud.com\/cardiosalus\/#\/schema\/logo\/image\/","url":"https:\/\/riberasalud.com\/cardiosalus\/wp-content\/uploads\/2024\/05\/cropped-Logo-ribera-cardiosalus-4.png","contentUrl":"https:\/\/riberasalud.com\/cardiosalus\/wp-content\/uploads\/2024\/05\/cropped-Logo-ribera-cardiosalus-4.png","width":1361,"height":272,"caption":"Ribera Cardiosalus"},"image":{"@id":"https:\/\/riberasalud.com\/cardiosalus\/#\/schema\/logo\/image\/"}}]}},"_links":{"self":[{"href":"https:\/\/riberasalud.com\/cardiosalus\/wp-json\/wp\/v2\/pages\/7940","targetHints":{"allow":["GET"]}}],"collection":[{"href":"https:\/\/riberasalud.com\/cardiosalus\/wp-json\/wp\/v2\/pages"}],"about":[{"href":"https:\/\/riberasalud.com\/cardiosalus\/wp-json\/wp\/v2\/types\/page"}],"author":[{"embeddable":true,"href":"https:\/\/riberasalud.com\/cardiosalus\/wp-json\/wp\/v2\/users\/1"}],"replies":[{"embeddable":true,"href":"https:\/\/riberasalud.com\/cardiosalus\/wp-json\/wp\/v2\/comments?post=7940"}],"version-history":[{"count":22,"href":"https:\/\/riberasalud.com\/cardiosalus\/wp-json\/wp\/v2\/pages\/7940\/revisions"}],"predecessor-version":[{"id":9952,"href":"https:\/\/riberasalud.com\/cardiosalus\/wp-json\/wp\/v2\/pages\/7940\/revisions\/9952"}],"wp:attachment":[{"href":"https:\/\/riberasalud.com\/cardiosalus\/wp-json\/wp\/v2\/media?parent=7940"}],"curies":[{"name":"wp","href":"https:\/\/api.w.org\/{rel}","templated":true}]}}