{"id":6729,"date":"2024-04-03T10:49:01","date_gmt":"2024-04-03T08:49:01","guid":{"rendered":"https:\/\/riberasalud.com\/cardiosalus\/?page_id=6729"},"modified":"2024-05-09T10:29:42","modified_gmt":"2024-05-09T08:29:42","slug":"app-ribera-cardiosalus","status":"publish","type":"page","link":"https:\/\/riberasalud.com\/cardiosalus\/app-ribera-cardiosalus\/","title":{"rendered":"App Ribera Cardiosalus"},"content":{"rendered":"\n<div id=\"porquelegirnos\" class=\"wp-block-group bannersrojolanding\"><div class=\"wp-block-group__inner-container is-layout-constrained wp-block-group-is-layout-constrained\">\n<div class=\"wp-block-columns alignwide is-layout-flex wp-container-core-columns-is-layout-9d6595d7 wp-block-columns-is-layout-flex\">\n<div class=\"wp-block-column is-vertically-aligned-center columnafirst is-layout-flow wp-block-column-is-layout-flow\" style=\"flex-basis:40%\">\n<p>APP RIBERA CARDIOSALUS<\/p>\n\n\n\n<p class=\"bannerrojoparrafo\" style=\"font-size:34px\">Pide cita f\u00e1cilmente con la<\/p>\n\n\n\n<h1 class=\"wp-block-heading has-text-align-left has-large-font-size\"><strong>APP Ribera Cardiosalus<\/strong><\/h1>\n\n\n\n<div class=\"wp-block-columns columnactalandingnutri is-layout-flex wp-container-core-columns-is-layout-9d6595d7 wp-block-columns-is-layout-flex\">\n<div class=\"wp-block-column cta2landingnutri is-layout-flow wp-block-column-is-layout-flow\">\n<p class=\"ctalandingnutri\" style=\"font-size:16px\"><a href=\"#descargaapp\">\u00a1Desc\u00e1rgala ya!<\/a><\/p>\n<\/div>\n<\/div>\n<\/div>\n\n\n\n<div class=\"wp-block-column is-layout-flow wp-block-column-is-layout-flow\">\n<div class=\"wp-block-cover is-light\"><span aria-hidden=\"true\" class=\"wp-block-cover__background has-background-dim-0 has-background-dim\" style=\"background-color:#d7d3d1\"><\/span><img loading=\"lazy\" decoding=\"async\" width=\"1024\" height=\"739\" class=\"wp-block-cover__image-background wp-image-6873\" alt=\"App Ribera Cardiosalus\" src=\"https:\/\/riberasalud.com\/cardiosalus\/wp-content\/uploads\/2024\/04\/movil_chica2-2-1024x739-1.jpg\" data-object-fit=\"cover\" srcset=\"https:\/\/riberasalud.com\/cardiosalus\/wp-content\/uploads\/2024\/04\/movil_chica2-2-1024x739-1.jpg 1024w, https:\/\/riberasalud.com\/cardiosalus\/wp-content\/uploads\/2024\/04\/movil_chica2-2-1024x739-1-300x217.jpg 300w, https:\/\/riberasalud.com\/cardiosalus\/wp-content\/uploads\/2024\/04\/movil_chica2-2-1024x739-1-768x554.jpg 768w\" sizes=\"auto, (max-width: 1024px) 100vw, 1024px\" \/><div class=\"wp-block-cover__inner-container is-layout-constrained wp-block-cover-is-layout-constrained\">\n<p class=\"has-text-align-center has-large-font-size\"><\/p>\n<\/div><\/div>\n<\/div>\n<\/div>\n<\/div><\/div>\n\n\n\n<div class=\"wp-block-group ventajaslandingnutri anclasservicioslanding\"><div class=\"wp-block-group__inner-container is-layout-constrained wp-block-group-is-layout-constrained\">\n<div class=\"wp-block-columns is-layout-flex wp-container-core-columns-is-layout-9d6595d7 wp-block-columns-is-layout-flex\">\n<div class=\"wp-block-column is-layout-flow wp-block-column-is-layout-flow\"><div class=\"wp-block-image\">\n<figure class=\"aligncenter size-full\"><img loading=\"lazy\" decoding=\"async\" width=\"150\" height=\"150\" src=\"https:\/\/riberasalud.com\/cardiosalus\/wp-content\/uploads\/2024\/03\/ribera_iconos_cs03.png\" alt=\"\" class=\"wp-image-738\"\/><\/figure>\n<\/div>\n\n\n<h3 class=\"wp-block-heading has-text-align-center titulo\">Pide tu cita<\/h3>\n\n\n\n<p class=\"has-text-align-center subtitulo\">en m\u00e1s de 20 especialidades m\u00e9dicas<\/p>\n<\/div>\n\n\n\n<div class=\"wp-block-column is-layout-flow wp-block-column-is-layout-flow\"><div class=\"wp-block-image\">\n<figure class=\"aligncenter size-full\"><img loading=\"lazy\" decoding=\"async\" width=\"150\" height=\"150\" src=\"https:\/\/riberasalud.com\/cardiosalus\/wp-content\/uploads\/2024\/04\/icon-emocion-cs02.png\" alt=\"\" class=\"wp-image-6713\"\/><\/figure>\n<\/div>\n\n\n<h3 class=\"wp-block-heading has-text-align-center titulo\">Facilidad y comodidad<\/h3>\n\n\n\n<p class=\"has-text-align-center subtitulo\">en la gesti\u00f3n de tus citas<\/p>\n<\/div>\n\n\n\n<div class=\"wp-block-column is-layout-flow wp-block-column-is-layout-flow\"><div class=\"wp-block-image\">\n<figure class=\"aligncenter size-full\"><img loading=\"lazy\" decoding=\"async\" width=\"150\" height=\"150\" src=\"https:\/\/riberasalud.com\/cardiosalus\/wp-content\/uploads\/2024\/03\/iconos-calendar-06.png\" alt=\"\" class=\"wp-image-763\"\/><\/figure>\n<\/div>\n\n\n<h3 class=\"wp-block-heading has-text-align-center titulo\">Programaci\u00f3n<\/h3>\n\n\n\n<p class=\"has-text-align-center subtitulo\">seleccionando la fecha que te sea m\u00e1s c\u00f3moda<\/p>\n<\/div>\n\n\n\n<div class=\"wp-block-column is-layout-flow wp-block-column-is-layout-flow\"><div class=\"wp-block-image\">\n<figure class=\"aligncenter size-full\"><img loading=\"lazy\" decoding=\"async\" width=\"150\" height=\"150\" src=\"https:\/\/riberasalud.com\/cardiosalus\/wp-content\/uploads\/2024\/03\/iconos-cs-04.png\" alt=\"\" class=\"wp-image-337\"\/><\/figure>\n<\/div>\n\n\n<h3 class=\"wp-block-heading has-text-align-center titulo\">En un solo clic<\/h3>\n\n\n\n<p class=\"has-text-align-center subtitulo\">desde el lugar y en el momento que t\u00fa decidas<\/p>\n<\/div>\n\n\n\n<div class=\"wp-block-column is-layout-flow wp-block-column-is-layout-flow\"><div class=\"wp-block-image\">\n<figure class=\"aligncenter size-full\"><img loading=\"lazy\" decoding=\"async\" width=\"150\" height=\"150\" src=\"https:\/\/riberasalud.com\/cardiosalus\/wp-content\/uploads\/2024\/04\/iconos-blefaroplastia-04.png\" alt=\"\" class=\"wp-image-6692\"\/><\/figure>\n<\/div>\n\n\n<h3 class=\"wp-block-heading has-text-align-center titulo\">Seguimiento<\/h3>\n\n\n\n<p class=\"has-text-align-center subtitulo\">de tus citas anteriores<\/p>\n<\/div>\n<\/div>\n<\/div><\/div>\n\n\n\n<div class=\"wp-block-group\"><div class=\"wp-block-group__inner-container is-layout-constrained wp-block-group-is-layout-constrained\">\n<div class=\"wp-block-columns is-layout-flex wp-container-core-columns-is-layout-9d6595d7 wp-block-columns-is-layout-flex\">\n<div class=\"wp-block-column is-layout-flow wp-block-column-is-layout-flow\">\n<h2 class=\"wp-block-heading\">\u00bfC\u00f3mo puede ayudarte la APP Ribera Cardiosalus?<\/h2>\n\n\n\n<p>Nuestra APP es un espacio online de salud para los pacientes de Ribera Cardiosalus. Tu espacio privado y confidencial donde acceder de forma f\u00e1cil y c\u00f3moda a la gesti\u00f3n de tus citas m\u00e9dicas.<\/p>\n\n\n\n<div style=\"height:10px\" aria-hidden=\"true\" class=\"wp-block-spacer\"><\/div>\n\n\n\n<h2 class=\"wp-block-heading\">\u00bfEs sencillo el registro?<\/h2>\n\n\n\n<p>\u00a1No necesitar\u00e1s m\u00e1s de tres minutos! S\u00f3lo tienes que registrarte introduciendo un email y contrase\u00f1a para poder gestionar tus citas cuando t\u00fa quieras y en el momento que lo desees. Por supuesto, con la garant\u00eda de total confidencialidad.<\/p>\n\n\n\n<div style=\"height:10px\" aria-hidden=\"true\" class=\"wp-block-spacer\"><\/div>\n\n\n\n<h2 class=\"wp-block-heading has-text-align-left\" id=\"descargaapp\">\u00bfC\u00f3mo acceder a la APP de Ribera Cardiosalus?<\/h2>\n\n\n\n<p class=\"has-text-align-left\" style=\"font-size:22px\">Ahora m\u00e1s rapidez en la gesti\u00f3n de tus citas<\/p>\n\n\n\n<div class=\"wp-block-group is-content-justification-left is-nowrap is-layout-flex wp-container-core-group-is-layout-f56a869c wp-block-group-is-layout-flex\">\n<figure class=\"wp-block-image size-full is-resized\"><a href=\"https:\/\/apps.apple.com\/es\/app\/cardiosalus\/id1571959393\"><img loading=\"lazy\" decoding=\"async\" width=\"300\" height=\"104\" src=\"https:\/\/riberasalud.com\/cardiosalus\/wp-content\/uploads\/2024\/04\/png-transparent-app-store-apple-logo-apple-text-logo-video-game-300x104-1.png\" alt=\"\" class=\"wp-image-6735\" style=\"width:139px;height:48px\"\/><\/a><\/figure>\n\n\n\n<figure class=\"wp-block-image size-full is-resized\"><a href=\"https:\/\/play.google.com\/store\/apps\/details?id=cardiosalusdate.conecta2s.app\"><img loading=\"lazy\" decoding=\"async\" width=\"300\" height=\"89\" src=\"https:\/\/riberasalud.com\/cardiosalus\/wp-content\/uploads\/2024\/04\/google-play-badge-logo-png-transparent-300x89-1.png\" alt=\"\" class=\"wp-image-6734\" style=\"aspect-ratio:3.4363636363636365;width:163px;height:auto\"\/><\/a><\/figure>\n<\/div>\n\n\n\n<div style=\"height:15px\" aria-hidden=\"true\" class=\"wp-block-spacer\"><\/div>\n\n\n\n<p class=\"has-text-align-left\">O accede a trav\u00e9s del siguiente enlace al portal de paciente de Ribera Cardiosalus:<\/p>\n\n\n\n<div class=\"wp-block-buttons is-content-justification-left is-layout-flex wp-container-core-buttons-is-layout-fdcfc74e wp-block-buttons-is-layout-flex\">\n<div class=\"wp-block-button is-style-fill\"><a class=\"wp-block-button__link has-background wp-element-button\" href=\"https:\/\/cardiosalus.conecta-2s.com\/\" style=\"background-color:#d71029\">Portal de paciente<\/a><\/div>\n<\/div>\n<\/div>\n\n\n\n<div class=\"wp-block-column is-layout-flow wp-block-column-is-layout-flow\"><div class=\"wp-block-image queincluyelandingnutri\">\n<figure class=\"aligncenter size-full is-resized\"><img loading=\"lazy\" decoding=\"async\" width=\"1200\" height=\"1415\" src=\"https:\/\/riberasalud.com\/cardiosalus\/wp-content\/uploads\/2024\/02\/movil-app-pide-cita-cardisalus.png\" alt=\"\" class=\"wp-image-146\" style=\"width:525px;height:auto\" srcset=\"https:\/\/riberasalud.com\/cardiosalus\/wp-content\/uploads\/2024\/02\/movil-app-pide-cita-cardisalus.png 1200w, https:\/\/riberasalud.com\/cardiosalus\/wp-content\/uploads\/2024\/02\/movil-app-pide-cita-cardisalus-254x300.png 254w, https:\/\/riberasalud.com\/cardiosalus\/wp-content\/uploads\/2024\/02\/movil-app-pide-cita-cardisalus-868x1024.png 868w, https:\/\/riberasalud.com\/cardiosalus\/wp-content\/uploads\/2024\/02\/movil-app-pide-cita-cardisalus-768x906.png 768w\" sizes=\"auto, (max-width: 1200px) 100vw, 1200px\" \/><\/figure>\n<\/div><\/div>\n<\/div>\n<\/div><\/div>\n","protected":false},"excerpt":{"rendered":"<p>APP RIBERA CARDIOSALUS Pide cita f\u00e1cilmente con la APP Ribera Cardiosalus \u00a1Desc\u00e1rgala ya! Pide tu cita en m\u00e1s de 20 especialidades m\u00e9dicas Facilidad y comodidad en la gesti\u00f3n de tus citas Programaci\u00f3n seleccionando la fecha que te sea m\u00e1s c\u00f3moda En un solo clic desde el lugar y en el momento que t\u00fa decidas Seguimiento &#8230; <a title=\"App Ribera Cardiosalus\" class=\"read-more\" href=\"https:\/\/riberasalud.com\/cardiosalus\/app-ribera-cardiosalus\/\" aria-label=\"Leer m\u00e1s sobre App Ribera Cardiosalus\">Leer m\u00e1s<\/a><\/p>\n","protected":false},"author":1,"featured_media":0,"parent":0,"menu_order":0,"comment_status":"closed","ping_status":"closed","template":"","meta":{"_monsterinsights_skip_tracking":false,"_monsterinsights_sitenote_active":false,"_monsterinsights_sitenote_note":"","_monsterinsights_sitenote_category":0,"_glsr_average":0,"_glsr_ranking":0,"_glsr_reviews":0,"footnotes":""},"class_list":["post-6729","page","type-page","status-publish"],"yoast_head":"<!-- This site is optimized with the Yoast SEO plugin v26.6 - https:\/\/yoast.com\/wordpress\/plugins\/seo\/ -->\n<title>App Ribera Cardiosalus - Ribera Cardiosalus<\/title>\n<meta name=\"description\" content=\". Tu espacio privado y confidencial donde acceder de forma f\u00e1cil y c\u00f3moda a la gesti\u00f3n de tus citas m\u00e9dicas\" \/>\n<meta name=\"robots\" content=\"index, follow, max-snippet:-1, max-image-preview:large, max-video-preview:-1\" \/>\n<link rel=\"canonical\" href=\"https:\/\/riberasalud.com\/cardiosalus\/app-ribera-cardiosalus\/\" \/>\n<meta property=\"og:locale\" content=\"es_ES\" \/>\n<meta property=\"og:type\" content=\"article\" \/>\n<meta property=\"og:title\" content=\"App Ribera Cardiosalus - Ribera Cardiosalus\" \/>\n<meta property=\"og:description\" content=\". Tu espacio privado y confidencial donde acceder de forma f\u00e1cil y c\u00f3moda a la gesti\u00f3n de tus citas m\u00e9dicas\" \/>\n<meta property=\"og:url\" content=\"https:\/\/riberasalud.com\/cardiosalus\/app-ribera-cardiosalus\/\" \/>\n<meta property=\"og:site_name\" content=\"Ribera Cardiosalus\" \/>\n<meta property=\"article:modified_time\" content=\"2024-05-09T08:29:42+00:00\" \/>\n<meta property=\"og:image\" content=\"https:\/\/riberasalud.com\/cardiosalus\/wp-content\/uploads\/2024\/04\/movil_chica2-2-1024x739-1.jpg\" \/>\n<meta name=\"twitter:card\" content=\"summary_large_image\" \/>\n<meta name=\"twitter:label1\" content=\"Tiempo de lectura\" \/>\n\t<meta name=\"twitter:data1\" content=\"3 minutos\" \/>\n<script type=\"application\/ld+json\" class=\"yoast-schema-graph\">{\"@context\":\"https:\/\/schema.org\",\"@graph\":[{\"@type\":\"WebPage\",\"@id\":\"https:\/\/riberasalud.com\/cardiosalus\/app-ribera-cardiosalus\/\",\"url\":\"https:\/\/riberasalud.com\/cardiosalus\/app-ribera-cardiosalus\/\",\"name\":\"App Ribera Cardiosalus - Ribera Cardiosalus\",\"isPartOf\":{\"@id\":\"https:\/\/riberasalud.com\/cardiosalus\/#website\"},\"primaryImageOfPage\":{\"@id\":\"https:\/\/riberasalud.com\/cardiosalus\/app-ribera-cardiosalus\/#primaryimage\"},\"image\":{\"@id\":\"https:\/\/riberasalud.com\/cardiosalus\/app-ribera-cardiosalus\/#primaryimage\"},\"thumbnailUrl\":\"https:\/\/riberasalud.com\/cardiosalus\/wp-content\/uploads\/2024\/04\/movil_chica2-2-1024x739-1.jpg\",\"datePublished\":\"2024-04-03T08:49:01+00:00\",\"dateModified\":\"2024-05-09T08:29:42+00:00\",\"description\":\". Tu espacio privado y confidencial donde acceder de forma f\u00e1cil y c\u00f3moda a la gesti\u00f3n de tus citas m\u00e9dicas\",\"breadcrumb\":{\"@id\":\"https:\/\/riberasalud.com\/cardiosalus\/app-ribera-cardiosalus\/#breadcrumb\"},\"inLanguage\":\"es\",\"potentialAction\":[{\"@type\":\"ReadAction\",\"target\":[\"https:\/\/riberasalud.com\/cardiosalus\/app-ribera-cardiosalus\/\"]}]},{\"@type\":\"ImageObject\",\"inLanguage\":\"es\",\"@id\":\"https:\/\/riberasalud.com\/cardiosalus\/app-ribera-cardiosalus\/#primaryimage\",\"url\":\"https:\/\/riberasalud.com\/cardiosalus\/wp-content\/uploads\/2024\/04\/movil_chica2-2-1024x739-1.jpg\",\"contentUrl\":\"https:\/\/riberasalud.com\/cardiosalus\/wp-content\/uploads\/2024\/04\/movil_chica2-2-1024x739-1.jpg\",\"width\":1024,\"height\":739,\"caption\":\"App Ribera Cardiosalus\"},{\"@type\":\"BreadcrumbList\",\"@id\":\"https:\/\/riberasalud.com\/cardiosalus\/app-ribera-cardiosalus\/#breadcrumb\",\"itemListElement\":[{\"@type\":\"ListItem\",\"position\":1,\"name\":\"Portada\",\"item\":\"https:\/\/riberasalud.com\/cardiosalus\/\"},{\"@type\":\"ListItem\",\"position\":2,\"name\":\"App Ribera Cardiosalus\"}]},{\"@type\":\"WebSite\",\"@id\":\"https:\/\/riberasalud.com\/cardiosalus\/#website\",\"url\":\"https:\/\/riberasalud.com\/cardiosalus\/\",\"name\":\"Ribera Cardiosalus\",\"description\":\"\",\"publisher\":{\"@id\":\"https:\/\/riberasalud.com\/cardiosalus\/#organization\"},\"potentialAction\":[{\"@type\":\"SearchAction\",\"target\":{\"@type\":\"EntryPoint\",\"urlTemplate\":\"https:\/\/riberasalud.com\/cardiosalus\/?s={search_term_string}\"},\"query-input\":{\"@type\":\"PropertyValueSpecification\",\"valueRequired\":true,\"valueName\":\"search_term_string\"}}],\"inLanguage\":\"es\"},{\"@type\":\"Organization\",\"@id\":\"https:\/\/riberasalud.com\/cardiosalus\/#organization\",\"name\":\"Ribera Cardiosalus\",\"url\":\"https:\/\/riberasalud.com\/cardiosalus\/\",\"logo\":{\"@type\":\"ImageObject\",\"inLanguage\":\"es\",\"@id\":\"https:\/\/riberasalud.com\/cardiosalus\/#\/schema\/logo\/image\/\",\"url\":\"https:\/\/riberasalud.com\/cardiosalus\/wp-content\/uploads\/2024\/05\/cropped-Logo-ribera-cardiosalus-4.png\",\"contentUrl\":\"https:\/\/riberasalud.com\/cardiosalus\/wp-content\/uploads\/2024\/05\/cropped-Logo-ribera-cardiosalus-4.png\",\"width\":1361,\"height\":272,\"caption\":\"Ribera Cardiosalus\"},\"image\":{\"@id\":\"https:\/\/riberasalud.com\/cardiosalus\/#\/schema\/logo\/image\/\"}}]}<\/script>\n<!-- \/ Yoast SEO plugin. -->","yoast_head_json":{"title":"App Ribera Cardiosalus - Ribera Cardiosalus","description":". Tu espacio privado y confidencial donde acceder de forma f\u00e1cil y c\u00f3moda a la gesti\u00f3n de tus citas m\u00e9dicas","robots":{"index":"index","follow":"follow","max-snippet":"max-snippet:-1","max-image-preview":"max-image-preview:large","max-video-preview":"max-video-preview:-1"},"canonical":"https:\/\/riberasalud.com\/cardiosalus\/app-ribera-cardiosalus\/","og_locale":"es_ES","og_type":"article","og_title":"App Ribera Cardiosalus - Ribera Cardiosalus","og_description":". Tu espacio privado y confidencial donde acceder de forma f\u00e1cil y c\u00f3moda a la gesti\u00f3n de tus citas m\u00e9dicas","og_url":"https:\/\/riberasalud.com\/cardiosalus\/app-ribera-cardiosalus\/","og_site_name":"Ribera Cardiosalus","article_modified_time":"2024-05-09T08:29:42+00:00","og_image":[{"url":"https:\/\/riberasalud.com\/cardiosalus\/wp-content\/uploads\/2024\/04\/movil_chica2-2-1024x739-1.jpg","type":"","width":"","height":""}],"twitter_card":"summary_large_image","twitter_misc":{"Tiempo de lectura":"3 minutos"},"schema":{"@context":"https:\/\/schema.org","@graph":[{"@type":"WebPage","@id":"https:\/\/riberasalud.com\/cardiosalus\/app-ribera-cardiosalus\/","url":"https:\/\/riberasalud.com\/cardiosalus\/app-ribera-cardiosalus\/","name":"App Ribera Cardiosalus - Ribera Cardiosalus","isPartOf":{"@id":"https:\/\/riberasalud.com\/cardiosalus\/#website"},"primaryImageOfPage":{"@id":"https:\/\/riberasalud.com\/cardiosalus\/app-ribera-cardiosalus\/#primaryimage"},"image":{"@id":"https:\/\/riberasalud.com\/cardiosalus\/app-ribera-cardiosalus\/#primaryimage"},"thumbnailUrl":"https:\/\/riberasalud.com\/cardiosalus\/wp-content\/uploads\/2024\/04\/movil_chica2-2-1024x739-1.jpg","datePublished":"2024-04-03T08:49:01+00:00","dateModified":"2024-05-09T08:29:42+00:00","description":". Tu espacio privado y confidencial donde acceder de forma f\u00e1cil y c\u00f3moda a la gesti\u00f3n de tus citas m\u00e9dicas","breadcrumb":{"@id":"https:\/\/riberasalud.com\/cardiosalus\/app-ribera-cardiosalus\/#breadcrumb"},"inLanguage":"es","potentialAction":[{"@type":"ReadAction","target":["https:\/\/riberasalud.com\/cardiosalus\/app-ribera-cardiosalus\/"]}]},{"@type":"ImageObject","inLanguage":"es","@id":"https:\/\/riberasalud.com\/cardiosalus\/app-ribera-cardiosalus\/#primaryimage","url":"https:\/\/riberasalud.com\/cardiosalus\/wp-content\/uploads\/2024\/04\/movil_chica2-2-1024x739-1.jpg","contentUrl":"https:\/\/riberasalud.com\/cardiosalus\/wp-content\/uploads\/2024\/04\/movil_chica2-2-1024x739-1.jpg","width":1024,"height":739,"caption":"App Ribera Cardiosalus"},{"@type":"BreadcrumbList","@id":"https:\/\/riberasalud.com\/cardiosalus\/app-ribera-cardiosalus\/#breadcrumb","itemListElement":[{"@type":"ListItem","position":1,"name":"Portada","item":"https:\/\/riberasalud.com\/cardiosalus\/"},{"@type":"ListItem","position":2,"name":"App Ribera Cardiosalus"}]},{"@type":"WebSite","@id":"https:\/\/riberasalud.com\/cardiosalus\/#website","url":"https:\/\/riberasalud.com\/cardiosalus\/","name":"Ribera Cardiosalus","description":"","publisher":{"@id":"https:\/\/riberasalud.com\/cardiosalus\/#organization"},"potentialAction":[{"@type":"SearchAction","target":{"@type":"EntryPoint","urlTemplate":"https:\/\/riberasalud.com\/cardiosalus\/?s={search_term_string}"},"query-input":{"@type":"PropertyValueSpecification","valueRequired":true,"valueName":"search_term_string"}}],"inLanguage":"es"},{"@type":"Organization","@id":"https:\/\/riberasalud.com\/cardiosalus\/#organization","name":"Ribera Cardiosalus","url":"https:\/\/riberasalud.com\/cardiosalus\/","logo":{"@type":"ImageObject","inLanguage":"es","@id":"https:\/\/riberasalud.com\/cardiosalus\/#\/schema\/logo\/image\/","url":"https:\/\/riberasalud.com\/cardiosalus\/wp-content\/uploads\/2024\/05\/cropped-Logo-ribera-cardiosalus-4.png","contentUrl":"https:\/\/riberasalud.com\/cardiosalus\/wp-content\/uploads\/2024\/05\/cropped-Logo-ribera-cardiosalus-4.png","width":1361,"height":272,"caption":"Ribera Cardiosalus"},"image":{"@id":"https:\/\/riberasalud.com\/cardiosalus\/#\/schema\/logo\/image\/"}}]}},"_links":{"self":[{"href":"https:\/\/riberasalud.com\/cardiosalus\/wp-json\/wp\/v2\/pages\/6729","targetHints":{"allow":["GET"]}}],"collection":[{"href":"https:\/\/riberasalud.com\/cardiosalus\/wp-json\/wp\/v2\/pages"}],"about":[{"href":"https:\/\/riberasalud.com\/cardiosalus\/wp-json\/wp\/v2\/types\/page"}],"author":[{"embeddable":true,"href":"https:\/\/riberasalud.com\/cardiosalus\/wp-json\/wp\/v2\/users\/1"}],"replies":[{"embeddable":true,"href":"https:\/\/riberasalud.com\/cardiosalus\/wp-json\/wp\/v2\/comments?post=6729"}],"version-history":[{"count":76,"href":"https:\/\/riberasalud.com\/cardiosalus\/wp-json\/wp\/v2\/pages\/6729\/revisions"}],"predecessor-version":[{"id":7218,"href":"https:\/\/riberasalud.com\/cardiosalus\/wp-json\/wp\/v2\/pages\/6729\/revisions\/7218"}],"wp:attachment":[{"href":"https:\/\/riberasalud.com\/cardiosalus\/wp-json\/wp\/v2\/media?parent=6729"}],"curies":[{"name":"wp","href":"https:\/\/api.w.org\/{rel}","templated":true}]}}