{"id":66,"date":"2021-06-21T06:44:29","date_gmt":"2021-06-21T06:44:29","guid":{"rendered":"https:\/\/riberasalud.com\/b2b\/?page_id=66"},"modified":"2021-11-09T08:19:33","modified_gmt":"2021-11-09T08:19:33","slug":"noticias","status":"publish","type":"page","link":"https:\/\/riberasalud.com\/b2b\/noticias\/","title":{"rendered":"Noticias"},"content":{"rendered":"\n<div class=\"wp-block-group backgroundbanner\"><div class=\"wp-block-group__inner-container is-layout-flow wp-block-group-is-layout-flow\">\n<p class=\"has-text-align-center\" style=\"font-size:40px\"><span style=\"color: #4b4a4a;\" class=\"ugb-highlight\">Noticias<\/span><\/p>\n<\/div><\/div>\n\n\n\n<div class=\"wp-block-group\"><div class=\"wp-block-group__inner-container is-layout-flow wp-block-group-is-layout-flow\">\n<div class=\"wp-block-stackable-posts stk-block-posts stk-block stk-280d019\" data-block-id=\"280d019\"><style>.stk-280d019-container .stk-img-wrapper img{transform:scale(1) !important}.stk-280d019-container .stk-img-wrapper{width:100% !important;height:240px !important}.stk-280d019-container .stk-img-wrapper img{border-radius:15px !important}.stk-280d019 .stk-block-posts__title a{color:#d11728 !important}<\/style><div class=\"stk-inner-blocks stk-content-align stk-280d019-column\"><div class=\"stk-block-posts__items\"><div class=\"stk-block-posts__item\"><div class=\"stk-container stk-280d019-container stk--no-background stk--no-padding\"><article><a href=\"https:\/\/riberasalud.com\/b2b\/2026\/02\/18\/cirujanos-del-hospital-universitario-del-vinalopo-testean-un-robot-quirurgico-endoscopico-lider-en-telecirugia\/\" class=\"stk-block-posts__image-link\"><figure class=\"stk-img-wrapper\"><img loading=\"lazy\" decoding=\"async\" width=\"800\" height=\"533\" src=\"https:\/\/riberasalud.com\/b2b\/wp-content\/uploads\/2026\/02\/NP-Robot-telecirugia-Hospital-Universitario-del-Vinalopo.jpg\" class=\"attachment-large size-large wp-post-image\" alt=\"Robot telecirugi\u0301a Hospital Universitario del Vinalopo\u0301\" srcset=\"https:\/\/riberasalud.com\/b2b\/wp-content\/uploads\/2026\/02\/NP-Robot-telecirugia-Hospital-Universitario-del-Vinalopo.jpg 800w, https:\/\/riberasalud.com\/b2b\/wp-content\/uploads\/2026\/02\/NP-Robot-telecirugia-Hospital-Universitario-del-Vinalopo-300x200.jpg 300w, https:\/\/riberasalud.com\/b2b\/wp-content\/uploads\/2026\/02\/NP-Robot-telecirugia-Hospital-Universitario-del-Vinalopo-768x512.jpg 768w\" sizes=\"auto, (max-width: 800px) 100vw, 800px\" \/><\/figure><\/a><h3 class=\"stk-block-posts__title has-text-color\"><a href='https:\/\/riberasalud.com\/b2b\/2026\/02\/18\/cirujanos-del-hospital-universitario-del-vinalopo-testean-un-robot-quirurgico-endoscopico-lider-en-telecirugia\/'>Cirujanos del Hospital Universitario del Vinalop\u00f3 testean un robot quir\u00fargico endosc\u00f3pico l\u00edder en telecirug\u00eda<\/a><\/h3><div class=\"stk-block-posts__excerpt\"><p>El sistema, dotado de cuatro brazos mec\u00e1nicos suspendidos, visi\u00f3n endosc\u00f3pica avanzada y control ergon\u00f3mico para el cirujano, fue expuesto en una demostraci\u00f3n abierta a profesionales sanitarios El centro hospitalario refuerza&hellip;<\/p>\n<\/div><a class=\"stk-block-posts__readmore\" href=\"https:\/\/riberasalud.com\/b2b\/2026\/02\/18\/cirujanos-del-hospital-universitario-del-vinalopo-testean-un-robot-quirurgico-endoscopico-lider-en-telecirugia\/\">Seguir leyendo<\/a><\/article><\/div><\/div><div class=\"stk-block-posts__item\"><div class=\"stk-container stk-280d019-container stk--no-background stk--no-padding\"><article><a href=\"https:\/\/riberasalud.com\/b2b\/2026\/01\/28\/ribera-hospital-de-molina-invierte-800-000-euros-en-un-nuevo-y-moderno-quirofano\/\" class=\"stk-block-posts__image-link\"><figure class=\"stk-img-wrapper\"><img loading=\"lazy\" decoding=\"async\" width=\"800\" height=\"533\" src=\"https:\/\/riberasalud.com\/b2b\/wp-content\/uploads\/2026\/01\/panel-quirofano.jpg\" class=\"attachment-large size-large wp-post-image\" alt=\"panel quiro\u0301fano\" srcset=\"https:\/\/riberasalud.com\/b2b\/wp-content\/uploads\/2026\/01\/panel-quirofano.jpg 800w, https:\/\/riberasalud.com\/b2b\/wp-content\/uploads\/2026\/01\/panel-quirofano-300x200.jpg 300w, https:\/\/riberasalud.com\/b2b\/wp-content\/uploads\/2026\/01\/panel-quirofano-768x512.jpg 768w\" sizes=\"auto, (max-width: 800px) 100vw, 800px\" \/><\/figure><\/a><h3 class=\"stk-block-posts__title has-text-color\"><a href='https:\/\/riberasalud.com\/b2b\/2026\/01\/28\/ribera-hospital-de-molina-invierte-800-000-euros-en-un-nuevo-y-moderno-quirofano\/'>Ribera Hospital de Molina invierte 800.000 euros en un nuevo y moderno quir\u00f3fano<\/a><\/h3><div class=\"stk-block-posts__excerpt\"><p>El quir\u00f3fano cuenta con columnas suspendidas y un panel multimedia central, incorporando tecnolog\u00eda de \u00faltima generaci\u00f3n que mejora la eficiencia y la movilidad del personal durante las cirug\u00edas. Tambi\u00e9n se&hellip;<\/p>\n<\/div><a class=\"stk-block-posts__readmore\" href=\"https:\/\/riberasalud.com\/b2b\/2026\/01\/28\/ribera-hospital-de-molina-invierte-800-000-euros-en-un-nuevo-y-moderno-quirofano\/\">Seguir leyendo<\/a><\/article><\/div><\/div><div class=\"stk-block-posts__item\"><div class=\"stk-container stk-280d019-container stk--no-background stk--no-padding\"><article><a href=\"https:\/\/riberasalud.com\/b2b\/2026\/01\/19\/el-hospital-publico-universitario-de-torrejon-pone-en-marcha-un-nuevo-sistema-de-dispensacion-de-medicamentos\/\" class=\"stk-block-posts__image-link\"><figure class=\"stk-img-wrapper\"><img loading=\"lazy\" decoding=\"async\" width=\"800\" height=\"533\" src=\"https:\/\/riberasalud.com\/b2b\/wp-content\/uploads\/2026\/01\/farmavenix.jpg\" class=\"attachment-large size-large wp-post-image\" alt=\"farmavenix\" srcset=\"https:\/\/riberasalud.com\/b2b\/wp-content\/uploads\/2026\/01\/farmavenix.jpg 800w, https:\/\/riberasalud.com\/b2b\/wp-content\/uploads\/2026\/01\/farmavenix-300x200.jpg 300w, https:\/\/riberasalud.com\/b2b\/wp-content\/uploads\/2026\/01\/farmavenix-768x512.jpg 768w\" sizes=\"auto, (max-width: 800px) 100vw, 800px\" \/><\/figure><\/a><h3 class=\"stk-block-posts__title has-text-color\"><a href='https:\/\/riberasalud.com\/b2b\/2026\/01\/19\/el-hospital-publico-universitario-de-torrejon-pone-en-marcha-un-nuevo-sistema-de-dispensacion-de-medicamentos\/'>El Hospital p\u00fablico Universitario de Torrej\u00f3n pone en marcha un nuevo sistema de dispensaci\u00f3n de medicamentos<\/a><\/h3><div class=\"stk-block-posts__excerpt\"><p>Esta nueva forma de recogida de medicaci\u00f3n para pacientes facilita el proceso y permite retirarla de forma c\u00f3moda, r\u00e1pida y segura sin depender del horario habitual de atenci\u00f3n. El punto&hellip;<\/p>\n<\/div><a class=\"stk-block-posts__readmore\" href=\"https:\/\/riberasalud.com\/b2b\/2026\/01\/19\/el-hospital-publico-universitario-de-torrejon-pone-en-marcha-un-nuevo-sistema-de-dispensacion-de-medicamentos\/\">Seguir leyendo<\/a><\/article><\/div><\/div><div class=\"stk-block-posts__item\"><div class=\"stk-container stk-280d019-container stk--no-background stk--no-padding\"><article><a href=\"https:\/\/riberasalud.com\/b2b\/2026\/01\/15\/el-hospital-ribera-polusa-incorpora-nuevos-equipos-de-electroestimulacion-a-su-unidad-de-rehabilitacion-de-dano-cerebral\/\" class=\"stk-block-posts__image-link\"><figure class=\"stk-img-wrapper\"><img loading=\"lazy\" decoding=\"async\" width=\"800\" height=\"533\" src=\"https:\/\/riberasalud.com\/b2b\/wp-content\/uploads\/2026\/01\/Dispositivo-Fesia-Walk.jpg\" class=\"attachment-large size-large wp-post-image\" alt=\"Dispositivo Fesia Graps aplicado a un paciente de la unidad de rehabilitaci\u00f3n de da\u00f1o cerebral del hospital Ribera Polusa.\" srcset=\"https:\/\/riberasalud.com\/b2b\/wp-content\/uploads\/2026\/01\/Dispositivo-Fesia-Walk.jpg 800w, https:\/\/riberasalud.com\/b2b\/wp-content\/uploads\/2026\/01\/Dispositivo-Fesia-Walk-300x200.jpg 300w, https:\/\/riberasalud.com\/b2b\/wp-content\/uploads\/2026\/01\/Dispositivo-Fesia-Walk-768x512.jpg 768w\" sizes=\"auto, (max-width: 800px) 100vw, 800px\" \/><\/figure><\/a><h3 class=\"stk-block-posts__title has-text-color\"><a href='https:\/\/riberasalud.com\/b2b\/2026\/01\/15\/el-hospital-ribera-polusa-incorpora-nuevos-equipos-de-electroestimulacion-a-su-unidad-de-rehabilitacion-de-dano-cerebral\/'>El hospital Ribera Polusa incorpora nuevos equipos de electroestimulaci\u00f3n a su unidad de rehabilitaci\u00f3n de da\u00f1o cerebral<\/a><\/h3><div class=\"stk-block-posts__excerpt\"><p>El Fesia Walk y el Fesia Graps est\u00e1n indicados para tratar a pacientes con d\u00e9ficit motores de origen neurol\u00f3gico. La unidad de da\u00f1o cerebral del hospital Ribera Polusa sigue mejorando&hellip;<\/p>\n<\/div><a class=\"stk-block-posts__readmore\" href=\"https:\/\/riberasalud.com\/b2b\/2026\/01\/15\/el-hospital-ribera-polusa-incorpora-nuevos-equipos-de-electroestimulacion-a-su-unidad-de-rehabilitacion-de-dano-cerebral\/\">Seguir leyendo<\/a><\/article><\/div><\/div><div class=\"stk-block-posts__item\"><div class=\"stk-container stk-280d019-container stk--no-background stk--no-padding\"><article><a href=\"https:\/\/riberasalud.com\/b2b\/2025\/08\/27\/centro-medico-assistens-en-matogrande-culmina-una-reforma-de-26-millones-de-euros-y-recibe-la-autorizacion-de-sus-nuevos-quirofanos\/\" class=\"stk-block-posts__image-link\"><figure class=\"stk-img-wrapper\"><img loading=\"lazy\" decoding=\"async\" width=\"800\" height=\"533\" src=\"https:\/\/riberasalud.com\/b2b\/wp-content\/uploads\/2025\/08\/quiro_1_BAJA.jpg\" class=\"attachment-large size-large wp-post-image\" alt=\"quir\u00f3fano assistens\" srcset=\"https:\/\/riberasalud.com\/b2b\/wp-content\/uploads\/2025\/08\/quiro_1_BAJA.jpg 800w, https:\/\/riberasalud.com\/b2b\/wp-content\/uploads\/2025\/08\/quiro_1_BAJA-300x200.jpg 300w, https:\/\/riberasalud.com\/b2b\/wp-content\/uploads\/2025\/08\/quiro_1_BAJA-768x512.jpg 768w\" sizes=\"auto, (max-width: 800px) 100vw, 800px\" \/><\/figure><\/a><h3 class=\"stk-block-posts__title has-text-color\"><a href='https:\/\/riberasalud.com\/b2b\/2025\/08\/27\/centro-medico-assistens-en-matogrande-culmina-una-reforma-de-26-millones-de-euros-y-recibe-la-autorizacion-de-sus-nuevos-quirofanos\/'>Centro M\u00e9dico Assistens, en Matogrande, culmina una reforma de 2,6 millones de euros y recibe la autorizaci\u00f3n de sus nuevos quir\u00f3fanos<\/a><\/h3><div class=\"stk-block-posts__excerpt\"><p>La Coru\u00f1a ya cuenta con los dos primeros quir\u00f3fanos de cirug\u00eda mayor ambulatoria de la ciudad\u00a0 La inversi\u00f3n en la reforma del centro asciende a 2,6 millones de euros\u00a0 El&hellip;<\/p>\n<\/div><a class=\"stk-block-posts__readmore\" href=\"https:\/\/riberasalud.com\/b2b\/2025\/08\/27\/centro-medico-assistens-en-matogrande-culmina-una-reforma-de-26-millones-de-euros-y-recibe-la-autorizacion-de-sus-nuevos-quirofanos\/\">Seguir leyendo<\/a><\/article><\/div><\/div><div class=\"stk-block-posts__item\"><div class=\"stk-container stk-280d019-container stk--no-background stk--no-padding\"><article><a href=\"https:\/\/riberasalud.com\/b2b\/2025\/07\/30\/el-hospital-ribera-polusa-incorpora-la-tecnologia-robotica-icare-a-su-unidad-de-dano-cerebral\/\" class=\"stk-block-posts__image-link\"><figure class=\"stk-img-wrapper\"><img loading=\"lazy\" decoding=\"async\" width=\"800\" height=\"533\" src=\"https:\/\/riberasalud.com\/b2b\/wp-content\/uploads\/2025\/07\/Ribera-PolusaxICare.jpg\" class=\"attachment-large size-large wp-post-image\" alt=\"Un paciente ejercit\u00e1ndose en el sistema ICARE con la asistencia de dos profesionales de la unidad.\" srcset=\"https:\/\/riberasalud.com\/b2b\/wp-content\/uploads\/2025\/07\/Ribera-PolusaxICare.jpg 800w, https:\/\/riberasalud.com\/b2b\/wp-content\/uploads\/2025\/07\/Ribera-PolusaxICare-300x200.jpg 300w, https:\/\/riberasalud.com\/b2b\/wp-content\/uploads\/2025\/07\/Ribera-PolusaxICare-768x512.jpg 768w\" sizes=\"auto, (max-width: 800px) 100vw, 800px\" \/><\/figure><\/a><h3 class=\"stk-block-posts__title has-text-color\"><a href='https:\/\/riberasalud.com\/b2b\/2025\/07\/30\/el-hospital-ribera-polusa-incorpora-la-tecnologia-robotica-icare-a-su-unidad-de-dano-cerebral\/'>El hospital Ribera Polusa incorpora la tecnolog\u00eda rob\u00f3tica ICARE a su Unidad de Da\u00f1o Cerebral<\/a><\/h3><div class=\"stk-block-posts__excerpt\"><p>\u00a0ICARE es un sistema robotizado para ejercitar los m\u00fasculos del tren inferior\u00a0ajustando\u00a0autom\u00e1ticamente\u00a0el apoyo que necesita el paciente en cada movimiento. La\u00a0Unidad de Da\u00f1o Cerebral se apoya cada vez m\u00e1s en&hellip;<\/p>\n<\/div><a class=\"stk-block-posts__readmore\" href=\"https:\/\/riberasalud.com\/b2b\/2025\/07\/30\/el-hospital-ribera-polusa-incorpora-la-tecnologia-robotica-icare-a-su-unidad-de-dano-cerebral\/\">Seguir leyendo<\/a><\/article><\/div><\/div><\/div><div class=\"stk-inner-blocks\"><\/div><\/div><\/div>\n\n\n\n<p><span style=\"color: #d11728;\" class=\"stk-highlight\"><a href=\"https:\/\/riberasalud.com\/b2b\/todas-las-noticias\" data-type=\"URL\" data-id=\"https:\/\/riberasalud.com\/b2b\/todas-las-noticias\">Ver todas \u2192<\/a><\/span><\/p>\n<\/div><\/div>\n","protected":false},"excerpt":{"rendered":"<p>Noticias Cirujanos del Hospital Universitario del Vinalop\u00f3 testean un robot quir\u00fargico endosc\u00f3pico l\u00edder en telecirug\u00eda El sistema, dotado de cuatro brazos mec\u00e1nicos suspendidos, visi\u00f3n endosc\u00f3pica avanzada y control ergon\u00f3mico para el cirujano, fue expuesto en una demostraci\u00f3n abierta a profesionales sanitarios El centro hospitalario refuerza&hellip; Seguir leyendo Ribera Hospital de Molina invierte 800.000 euros en &#8230; <a title=\"Noticias\" class=\"read-more\" href=\"https:\/\/riberasalud.com\/b2b\/noticias\/\" aria-label=\"Leer m\u00e1s sobre Noticias\">Leer m\u00e1s<\/a><\/p>\n","protected":false},"author":1,"featured_media":0,"parent":0,"menu_order":0,"comment_status":"closed","ping_status":"closed","template":"","meta":{"_coblocks_attr":"","_coblocks_dimensions":"","_coblocks_responsive_height":"","_coblocks_accordion_ie_support":"","_uag_custom_page_level_css":"","_monsterinsights_skip_tracking":false,"_monsterinsights_sitenote_active":false,"_monsterinsights_sitenote_note":"","_monsterinsights_sitenote_category":0,"_themeisle_gutenberg_block_has_review":false,"footnotes":""},"class_list":["post-66","page","type-page","status-publish"],"featured_image_urls_v2":{"full":"","thumbnail":"","medium":"","medium_large":"","large":"","1536x1536":"","2048x2048":""},"post_excerpt_stackable_v2":"<p>Noticias Cirujanos del Hospital Universitario del Vinalop\u00f3 testean un robot quir\u00fargico endosc\u00f3pico l\u00edder en telecirug\u00edaEl sistema, dotado de cuatro brazos mec\u00e1nicos suspendidos, visi\u00f3n endosc\u00f3pica avanzada y control ergon\u00f3mico para el cirujano, fue expuesto en una demostraci\u00f3n abierta a profesionales sanitarios El centro hospitalario refuerza&hellip; Seguir leyendoRibera Hospital de Molina invierte 800.000 euros en un nuevo y moderno quir\u00f3fanoEl quir\u00f3fano cuenta con columnas suspendidas y un panel multimedia central, incorporando tecnolog\u00eda de \u00faltima generaci\u00f3n que mejora la eficiencia y la movilidad del personal durante las cirug\u00edas. Tambi\u00e9n se&hellip; Seguir leyendoEl Hospital p\u00fablico Universitario de Torrej\u00f3n pone en marcha un nuevo sistema&hellip;<\/p>\n","category_list_v2":"","author_info_v2":{"name":"jorge@quois.com","url":"https:\/\/riberasalud.com\/b2b\/author\/jorgequois-com\/"},"comments_num_v2":"0 comentarios","pbg_featured_image_src":{"full":false,"thumbnail":false,"medium":false,"medium_large":false,"large":false,"1536x1536":false,"2048x2048":false},"pbg_author_info":{"display_name":"jorge@quois.com","author_link":"https:\/\/riberasalud.com\/b2b\/author\/jorgequois-com\/","author_img":"<img alt='jorge@quois.com' src='https:\/\/secure.gravatar.com\/avatar\/bca8cccf11ce6757dcdec6ce293d120c16d33c83aeb423357cce3f49f3abae94?s=128&#038;d=mm&#038;r=g' srcset='https:\/\/secure.gravatar.com\/avatar\/bca8cccf11ce6757dcdec6ce293d120c16d33c83aeb423357cce3f49f3abae94?s=256&#038;d=mm&#038;r=g 2x' class='avatar avatar-128 photo' height='128' width='128' loading='lazy' decoding='async'\/>"},"pbg_comment_info":" No Comments","pbg_excerpt":"Noticias Cirujanos del Hospital Universitario del Vinalop\u00f3 testean un robot quir\u00fargico endosc\u00f3pico l\u00edder en telecirug\u00eda El sistema, dotado de cuatro brazos mec\u00e1nicos suspendidos, visi\u00f3n endosc\u00f3pica avanzada y control ergon\u00f3mico para el cirujano, fue expuesto en una demostraci\u00f3n abierta a profesionales sanitarios El centro hospitalario refuerza&hellip; Seguir leyendo Ribera Hospital de Molina invierte 800.000 euros en&hellip;","uagb_featured_image_src":{"full":false,"thumbnail":false,"medium":false,"medium_large":false,"large":false,"1536x1536":false,"2048x2048":false},"uagb_author_info":{"display_name":"jorge@quois.com","author_link":"https:\/\/riberasalud.com\/b2b\/author\/jorgequois-com\/"},"uagb_comment_info":0,"uagb_excerpt":"Noticias Cirujanos del Hospital Universitario del Vinalop\u00f3 testean un robot quir\u00fargico endosc\u00f3pico l\u00edder en telecirug\u00eda El sistema, dotado de cuatro brazos mec\u00e1nicos suspendidos, visi\u00f3n endosc\u00f3pica avanzada y control ergon\u00f3mico para el cirujano, fue expuesto en una demostraci\u00f3n abierta a profesionales sanitarios El centro hospitalario refuerza&hellip; Seguir leyendo Ribera Hospital de Molina invierte 800.000 euros en&hellip;","_links":{"self":[{"href":"https:\/\/riberasalud.com\/b2b\/wp-json\/wp\/v2\/pages\/66","targetHints":{"allow":["GET"]}}],"collection":[{"href":"https:\/\/riberasalud.com\/b2b\/wp-json\/wp\/v2\/pages"}],"about":[{"href":"https:\/\/riberasalud.com\/b2b\/wp-json\/wp\/v2\/types\/page"}],"author":[{"embeddable":true,"href":"https:\/\/riberasalud.com\/b2b\/wp-json\/wp\/v2\/users\/1"}],"replies":[{"embeddable":true,"href":"https:\/\/riberasalud.com\/b2b\/wp-json\/wp\/v2\/comments?post=66"}],"version-history":[{"count":7,"href":"https:\/\/riberasalud.com\/b2b\/wp-json\/wp\/v2\/pages\/66\/revisions"}],"predecessor-version":[{"id":1634,"href":"https:\/\/riberasalud.com\/b2b\/wp-json\/wp\/v2\/pages\/66\/revisions\/1634"}],"wp:attachment":[{"href":"https:\/\/riberasalud.com\/b2b\/wp-json\/wp\/v2\/media?parent=66"}],"curies":[{"name":"wp","href":"https:\/\/api.w.org\/{rel}","templated":true}]}}