{"id":222,"date":"2022-09-20T08:43:55","date_gmt":"2022-09-20T08:43:55","guid":{"rendered":"https:\/\/riberasalud.com\/area-del-corazon\/?page_id=222"},"modified":"2022-09-28T11:07:13","modified_gmt":"2022-09-28T11:07:13","slug":"servicios","status":"publish","type":"page","link":"https:\/\/riberasalud.com\/area-del-corazon\/servicios\/","title":{"rendered":"Servicios"},"content":{"rendered":"\n<div class=\"wp-block-group hasbackgroundnaranja sliderlinea\"><div class=\"wp-block-group__inner-container is-layout-flow wp-block-group-is-layout-flow\">\n<p>SOMOS GRUPO SANITARIO RIBERA<\/p>\n\n\n\n<h1 class=\"wp-block-heading\">Servicios<\/h1>\n<\/div><\/div>\n\n\n\n<div style=\"height:50px\" aria-hidden=\"true\" class=\"wp-block-spacer\"><\/div>\n\n\n\n<div class=\"wp-block-group gruponomargin\"><div class=\"wp-block-group__inner-container is-layout-flow wp-block-group-is-layout-flow\">\n<div class=\"wp-block-columns columnanomargin is-layout-flex wp-container-core-columns-is-layout-9d6595d7 wp-block-columns-is-layout-flex\">\n<div class=\"wp-block-column first is-layout-flow wp-block-column-is-layout-flow\" id=\"cardio\">\n<figure class=\"wp-block-image size-full fotomodulo\"><img loading=\"lazy\" decoding=\"async\" width=\"800\" height=\"533\" src=\"https:\/\/riberasalud.com\/area-del-corazon\/wp-content\/uploads\/2022\/09\/cardiologia.jpg\" alt=\"\" class=\"wp-image-347\" srcset=\"https:\/\/riberasalud.com\/area-del-corazon\/wp-content\/uploads\/2022\/09\/cardiologia.jpg 800w, https:\/\/riberasalud.com\/area-del-corazon\/wp-content\/uploads\/2022\/09\/cardiologia-300x200.jpg 300w, https:\/\/riberasalud.com\/area-del-corazon\/wp-content\/uploads\/2022\/09\/cardiologia-768x512.jpg 768w\" sizes=\"auto, (max-width: 800px) 100vw, 800px\" \/><\/figure>\n\n\n\n<div class=\"wp-block-group grupomodulo\"><div class=\"wp-block-group__inner-container is-layout-flow wp-block-group-is-layout-flow\">\n<h3 class=\"wp-block-heading\">Cardiolog\u00eda<\/h3>\n\n\n\n<p>El servicio de Cardiolog\u00eda ofrece una atenci\u00f3n integral con una cobertura total de las necesidades de los pacientes con dolencias card\u00edacas.<\/p>\n<\/div><\/div>\n<\/div>\n\n\n\n<div class=\"wp-block-column first is-layout-flow wp-block-column-is-layout-flow\" id=\"cirugia\">\n<figure class=\"wp-block-image size-full fotomodulo\"><img loading=\"lazy\" decoding=\"async\" width=\"800\" height=\"533\" src=\"https:\/\/riberasalud.com\/area-del-corazon\/wp-content\/uploads\/2022\/09\/cirugia.jpg\" alt=\"\" class=\"wp-image-235\" srcset=\"https:\/\/riberasalud.com\/area-del-corazon\/wp-content\/uploads\/2022\/09\/cirugia.jpg 800w, https:\/\/riberasalud.com\/area-del-corazon\/wp-content\/uploads\/2022\/09\/cirugia-300x200.jpg 300w, https:\/\/riberasalud.com\/area-del-corazon\/wp-content\/uploads\/2022\/09\/cirugia-768x512.jpg 768w\" sizes=\"auto, (max-width: 800px) 100vw, 800px\" \/><\/figure>\n\n\n\n<div class=\"wp-block-group grupomodulo\"><div class=\"wp-block-group__inner-container is-layout-flow wp-block-group-is-layout-flow\">\n<h3 class=\"wp-block-heading\">Cirug\u00eda card\u00edaca<\/h3>\n\n\n\n<p>El \u00c1rea del Coraz\u00f3n cuenta con servicios de cirug\u00eda card\u00edaca en los hospitales de Torrej\u00f3n y Vinalop\u00f3 con resultados de excelencia.<\/p>\n<\/div><\/div>\n<\/div>\n\n\n\n<div class=\"wp-block-column first is-layout-flow wp-block-column-is-layout-flow\" id=\"arritmias\">\n<figure class=\"wp-block-image size-full fotomodulo\"><img loading=\"lazy\" decoding=\"async\" width=\"800\" height=\"534\" src=\"https:\/\/riberasalud.com\/area-del-corazon\/wp-content\/uploads\/2022\/09\/arritmias.jpg\" alt=\"\" class=\"wp-image-234\" srcset=\"https:\/\/riberasalud.com\/area-del-corazon\/wp-content\/uploads\/2022\/09\/arritmias.jpg 800w, https:\/\/riberasalud.com\/area-del-corazon\/wp-content\/uploads\/2022\/09\/arritmias-300x200.jpg 300w, https:\/\/riberasalud.com\/area-del-corazon\/wp-content\/uploads\/2022\/09\/arritmias-768x513.jpg 768w\" sizes=\"auto, (max-width: 800px) 100vw, 800px\" \/><\/figure>\n\n\n\n<div class=\"wp-block-group grupomodulo\"><div class=\"wp-block-group__inner-container is-layout-flow wp-block-group-is-layout-flow\">\n<h3 class=\"wp-block-heading\">Unidades de arritmias<\/h3>\n\n\n\n<p>Nuestras unidades de arritmias disponen de la m\u00e1s alta tecnolog\u00eda para diagnosticar y tratar de manera precisa las diferentes arritmias card\u00edacas.<\/p>\n<\/div><\/div>\n<\/div>\n<\/div>\n\n\n\n<div style=\"height:20px\" aria-hidden=\"true\" class=\"wp-block-spacer\"><\/div>\n\n\n\n<div class=\"wp-block-columns columnanomargin is-layout-flex wp-container-core-columns-is-layout-9d6595d7 wp-block-columns-is-layout-flex\">\n<div class=\"wp-block-column is-layout-flow wp-block-column-is-layout-flow\" id=\"rehab\">\n<figure class=\"wp-block-image size-full fotomodulo\"><img loading=\"lazy\" decoding=\"async\" width=\"800\" height=\"544\" src=\"https:\/\/riberasalud.com\/area-del-corazon\/wp-content\/uploads\/2022\/09\/rehabilitacion.jpg\" alt=\"\" class=\"wp-image-237\" srcset=\"https:\/\/riberasalud.com\/area-del-corazon\/wp-content\/uploads\/2022\/09\/rehabilitacion.jpg 800w, https:\/\/riberasalud.com\/area-del-corazon\/wp-content\/uploads\/2022\/09\/rehabilitacion-300x204.jpg 300w, https:\/\/riberasalud.com\/area-del-corazon\/wp-content\/uploads\/2022\/09\/rehabilitacion-768x522.jpg 768w\" sizes=\"auto, (max-width: 800px) 100vw, 800px\" \/><\/figure>\n\n\n\n<div class=\"wp-block-group grupomodulo\"><div class=\"wp-block-group__inner-container is-layout-flow wp-block-group-is-layout-flow\">\n<h3 class=\"wp-block-heading\">Rehabilitaci\u00f3n card\u00edaca<\/h3>\n\n\n\n<p>El objetivo de nuestro programa es limitar los efectos fisiol\u00f3gicos y psicol\u00f3gicos, estabilizar los s\u00edntomas y reducir el riesgo de problemas asociados a enfermedades card\u00edacas.<\/p>\n<\/div><\/div>\n<\/div>\n\n\n\n<div class=\"wp-block-column is-layout-flow wp-block-column-is-layout-flow\" id=\"hemo\">\n<figure class=\"wp-block-image size-full fotomodulo\"><img loading=\"lazy\" decoding=\"async\" width=\"800\" height=\"534\" src=\"https:\/\/riberasalud.com\/area-del-corazon\/wp-content\/uploads\/2022\/09\/hemodinamica.jpg\" alt=\"\" class=\"wp-image-236\" srcset=\"https:\/\/riberasalud.com\/area-del-corazon\/wp-content\/uploads\/2022\/09\/hemodinamica.jpg 800w, https:\/\/riberasalud.com\/area-del-corazon\/wp-content\/uploads\/2022\/09\/hemodinamica-300x200.jpg 300w, https:\/\/riberasalud.com\/area-del-corazon\/wp-content\/uploads\/2022\/09\/hemodinamica-768x513.jpg 768w\" sizes=\"auto, (max-width: 800px) 100vw, 800px\" \/><\/figure>\n\n\n\n<div class=\"wp-block-group grupomodulo\"><div class=\"wp-block-group__inner-container is-layout-flow wp-block-group-is-layout-flow\">\n<h3 class=\"wp-block-heading\">Hemodin\u00e1mica<\/h3>\n\n\n\n<p id=\"hola\">Nuestras salas de hemodin\u00e1mica est\u00e1n equipadas con tecnolog\u00eda de vanguardia para diagnosticar y tratar enfermedades coronarias cardiovasculares sin necesidad de cirug\u00eda.<\/p>\n<\/div><\/div>\n<\/div>\n\n\n\n<div class=\"wp-block-column is-layout-flow wp-block-column-is-layout-flow\" id=\"uci\">\n<figure class=\"wp-block-image size-full fotomodulo\"><img loading=\"lazy\" decoding=\"async\" width=\"800\" height=\"533\" src=\"https:\/\/riberasalud.com\/area-del-corazon\/wp-content\/uploads\/2022\/09\/uci.jpg\" alt=\"\" class=\"wp-image-348\" srcset=\"https:\/\/riberasalud.com\/area-del-corazon\/wp-content\/uploads\/2022\/09\/uci.jpg 800w, https:\/\/riberasalud.com\/area-del-corazon\/wp-content\/uploads\/2022\/09\/uci-300x200.jpg 300w, https:\/\/riberasalud.com\/area-del-corazon\/wp-content\/uploads\/2022\/09\/uci-768x512.jpg 768w\" sizes=\"auto, (max-width: 800px) 100vw, 800px\" \/><\/figure>\n\n\n\n<div class=\"wp-block-group grupomodulo\"><div class=\"wp-block-group__inner-container is-layout-flow wp-block-group-is-layout-flow\">\n<h3 class=\"wp-block-heading\">UCI y Servicio de Anestesiolog\u00eda y Reanimaci\u00f3n<\/h3>\n\n\n\n<p>Ambos servicios integran funcionalmente las unidades de cuidados intensivos, servicios de anestesia y reanimaci\u00f3n postquir\u00fargica de los 4 hospitales que la componen.<\/p>\n<\/div><\/div>\n<\/div>\n<\/div>\n<\/div><\/div>\n","protected":false},"excerpt":{"rendered":"<p>SOMOS GRUPO SANITARIO RIBERA Servicios Cardiolog\u00eda El servicio de Cardiolog\u00eda ofrece una atenci\u00f3n integral con una cobertura total de las necesidades de los pacientes con dolencias card\u00edacas. Cirug\u00eda card\u00edaca El \u00c1rea del Coraz\u00f3n cuenta con servicios de cirug\u00eda card\u00edaca en los hospitales de Torrej\u00f3n y Vinalop\u00f3 con resultados de excelencia. Unidades de arritmias Nuestras unidades &#8230; <a title=\"Servicios\" class=\"read-more\" href=\"https:\/\/riberasalud.com\/area-del-corazon\/servicios\/\" aria-label=\"Leer m\u00e1s sobre Servicios\">Leer m\u00e1s<\/a><\/p>\n","protected":false},"author":1,"featured_media":0,"parent":0,"menu_order":0,"comment_status":"closed","ping_status":"closed","template":"","meta":{"_mi_skip_tracking":false,"footnotes":""},"class_list":["post-222","page","type-page","status-publish"],"yoast_head":"<!-- This site is optimized with the Yoast SEO plugin v26.6 - https:\/\/yoast.com\/wordpress\/plugins\/seo\/ -->\n<title>Servicios - \u00c1rea del coraz\u00f3n<\/title>\n<meta name=\"robots\" content=\"index, follow, max-snippet:-1, max-image-preview:large, max-video-preview:-1\" \/>\n<link rel=\"canonical\" href=\"https:\/\/riberasalud.com\/area-del-corazon\/servicios\/\" \/>\n<meta property=\"og:locale\" content=\"es_ES\" \/>\n<meta property=\"og:type\" content=\"article\" \/>\n<meta property=\"og:title\" content=\"Servicios - \u00c1rea del coraz\u00f3n\" \/>\n<meta property=\"og:description\" content=\"SOMOS GRUPO SANITARIO RIBERA Servicios Cardiolog\u00eda El servicio de Cardiolog\u00eda ofrece una atenci\u00f3n integral con una cobertura total de las necesidades de los pacientes con dolencias card\u00edacas. Cirug\u00eda card\u00edaca El \u00c1rea del Coraz\u00f3n cuenta con servicios de cirug\u00eda card\u00edaca en los hospitales de Torrej\u00f3n y Vinalop\u00f3 con resultados de excelencia. Unidades de arritmias Nuestras unidades ... Leer m\u00e1s\" \/>\n<meta property=\"og:url\" content=\"https:\/\/riberasalud.com\/area-del-corazon\/servicios\/\" \/>\n<meta property=\"og:site_name\" content=\"\u00c1rea del coraz\u00f3n\" \/>\n<meta property=\"article:modified_time\" content=\"2022-09-28T11:07:13+00:00\" \/>\n<meta property=\"og:image\" content=\"https:\/\/riberasalud.com\/area-del-corazon\/wp-content\/uploads\/2022\/09\/cardiologia.jpg\" \/>\n<meta name=\"twitter:card\" content=\"summary_large_image\" \/>\n<meta name=\"twitter:label1\" content=\"Tiempo de lectura\" \/>\n\t<meta name=\"twitter:data1\" content=\"1 minuto\" \/>\n<script type=\"application\/ld+json\" class=\"yoast-schema-graph\">{\"@context\":\"https:\/\/schema.org\",\"@graph\":[{\"@type\":\"WebPage\",\"@id\":\"https:\/\/riberasalud.com\/area-del-corazon\/servicios\/\",\"url\":\"https:\/\/riberasalud.com\/area-del-corazon\/servicios\/\",\"name\":\"Servicios - \u00c1rea del coraz\u00f3n\",\"isPartOf\":{\"@id\":\"https:\/\/riberasalud.com\/area-del-corazon\/#website\"},\"primaryImageOfPage\":{\"@id\":\"https:\/\/riberasalud.com\/area-del-corazon\/servicios\/#primaryimage\"},\"image\":{\"@id\":\"https:\/\/riberasalud.com\/area-del-corazon\/servicios\/#primaryimage\"},\"thumbnailUrl\":\"https:\/\/riberasalud.com\/area-del-corazon\/wp-content\/uploads\/2022\/09\/cardiologia.jpg\",\"datePublished\":\"2022-09-20T08:43:55+00:00\",\"dateModified\":\"2022-09-28T11:07:13+00:00\",\"breadcrumb\":{\"@id\":\"https:\/\/riberasalud.com\/area-del-corazon\/servicios\/#breadcrumb\"},\"inLanguage\":\"es\",\"potentialAction\":[{\"@type\":\"ReadAction\",\"target\":[\"https:\/\/riberasalud.com\/area-del-corazon\/servicios\/\"]}]},{\"@type\":\"ImageObject\",\"inLanguage\":\"es\",\"@id\":\"https:\/\/riberasalud.com\/area-del-corazon\/servicios\/#primaryimage\",\"url\":\"https:\/\/riberasalud.com\/area-del-corazon\/wp-content\/uploads\/2022\/09\/cardiologia.jpg\",\"contentUrl\":\"https:\/\/riberasalud.com\/area-del-corazon\/wp-content\/uploads\/2022\/09\/cardiologia.jpg\"},{\"@type\":\"BreadcrumbList\",\"@id\":\"https:\/\/riberasalud.com\/area-del-corazon\/servicios\/#breadcrumb\",\"itemListElement\":[{\"@type\":\"ListItem\",\"position\":1,\"name\":\"Portada\",\"item\":\"https:\/\/riberasalud.com\/area-del-corazon\/\"},{\"@type\":\"ListItem\",\"position\":2,\"name\":\"Servicios\"}]},{\"@type\":\"WebSite\",\"@id\":\"https:\/\/riberasalud.com\/area-del-corazon\/#website\",\"url\":\"https:\/\/riberasalud.com\/area-del-corazon\/\",\"name\":\"\u00c1rea del coraz\u00f3n\",\"description\":\"\",\"publisher\":{\"@id\":\"https:\/\/riberasalud.com\/area-del-corazon\/#organization\"},\"potentialAction\":[{\"@type\":\"SearchAction\",\"target\":{\"@type\":\"EntryPoint\",\"urlTemplate\":\"https:\/\/riberasalud.com\/area-del-corazon\/?s={search_term_string}\"},\"query-input\":{\"@type\":\"PropertyValueSpecification\",\"valueRequired\":true,\"valueName\":\"search_term_string\"}}],\"inLanguage\":\"es\"},{\"@type\":\"Organization\",\"@id\":\"https:\/\/riberasalud.com\/area-del-corazon\/#organization\",\"name\":\"\u00c1rea del coraz\u00f3n\",\"url\":\"https:\/\/riberasalud.com\/area-del-corazon\/\",\"logo\":{\"@type\":\"ImageObject\",\"inLanguage\":\"es\",\"@id\":\"https:\/\/riberasalud.com\/area-del-corazon\/#\/schema\/logo\/image\/\",\"url\":\"https:\/\/riberasalud.com\/area-del-corazon\/wp-content\/uploads\/2022\/09\/cropped-Logotipo-Red-qgbhgk.png\",\"contentUrl\":\"https:\/\/riberasalud.com\/area-del-corazon\/wp-content\/uploads\/2022\/09\/cropped-Logotipo-Red-qgbhgk.png\",\"width\":5001,\"height\":1976,\"caption\":\"\u00c1rea del coraz\u00f3n\"},\"image\":{\"@id\":\"https:\/\/riberasalud.com\/area-del-corazon\/#\/schema\/logo\/image\/\"}}]}<\/script>\n<!-- \/ Yoast SEO plugin. -->","yoast_head_json":{"title":"Servicios - \u00c1rea del coraz\u00f3n","robots":{"index":"index","follow":"follow","max-snippet":"max-snippet:-1","max-image-preview":"max-image-preview:large","max-video-preview":"max-video-preview:-1"},"canonical":"https:\/\/riberasalud.com\/area-del-corazon\/servicios\/","og_locale":"es_ES","og_type":"article","og_title":"Servicios - \u00c1rea del coraz\u00f3n","og_description":"SOMOS GRUPO SANITARIO RIBERA Servicios Cardiolog\u00eda El servicio de Cardiolog\u00eda ofrece una atenci\u00f3n integral con una cobertura total de las necesidades de los pacientes con dolencias card\u00edacas. Cirug\u00eda card\u00edaca El \u00c1rea del Coraz\u00f3n cuenta con servicios de cirug\u00eda card\u00edaca en los hospitales de Torrej\u00f3n y Vinalop\u00f3 con resultados de excelencia. Unidades de arritmias Nuestras unidades ... Leer m\u00e1s","og_url":"https:\/\/riberasalud.com\/area-del-corazon\/servicios\/","og_site_name":"\u00c1rea del coraz\u00f3n","article_modified_time":"2022-09-28T11:07:13+00:00","og_image":[{"url":"https:\/\/riberasalud.com\/area-del-corazon\/wp-content\/uploads\/2022\/09\/cardiologia.jpg","type":"","width":"","height":""}],"twitter_card":"summary_large_image","twitter_misc":{"Tiempo de lectura":"1 minuto"},"schema":{"@context":"https:\/\/schema.org","@graph":[{"@type":"WebPage","@id":"https:\/\/riberasalud.com\/area-del-corazon\/servicios\/","url":"https:\/\/riberasalud.com\/area-del-corazon\/servicios\/","name":"Servicios - \u00c1rea del coraz\u00f3n","isPartOf":{"@id":"https:\/\/riberasalud.com\/area-del-corazon\/#website"},"primaryImageOfPage":{"@id":"https:\/\/riberasalud.com\/area-del-corazon\/servicios\/#primaryimage"},"image":{"@id":"https:\/\/riberasalud.com\/area-del-corazon\/servicios\/#primaryimage"},"thumbnailUrl":"https:\/\/riberasalud.com\/area-del-corazon\/wp-content\/uploads\/2022\/09\/cardiologia.jpg","datePublished":"2022-09-20T08:43:55+00:00","dateModified":"2022-09-28T11:07:13+00:00","breadcrumb":{"@id":"https:\/\/riberasalud.com\/area-del-corazon\/servicios\/#breadcrumb"},"inLanguage":"es","potentialAction":[{"@type":"ReadAction","target":["https:\/\/riberasalud.com\/area-del-corazon\/servicios\/"]}]},{"@type":"ImageObject","inLanguage":"es","@id":"https:\/\/riberasalud.com\/area-del-corazon\/servicios\/#primaryimage","url":"https:\/\/riberasalud.com\/area-del-corazon\/wp-content\/uploads\/2022\/09\/cardiologia.jpg","contentUrl":"https:\/\/riberasalud.com\/area-del-corazon\/wp-content\/uploads\/2022\/09\/cardiologia.jpg"},{"@type":"BreadcrumbList","@id":"https:\/\/riberasalud.com\/area-del-corazon\/servicios\/#breadcrumb","itemListElement":[{"@type":"ListItem","position":1,"name":"Portada","item":"https:\/\/riberasalud.com\/area-del-corazon\/"},{"@type":"ListItem","position":2,"name":"Servicios"}]},{"@type":"WebSite","@id":"https:\/\/riberasalud.com\/area-del-corazon\/#website","url":"https:\/\/riberasalud.com\/area-del-corazon\/","name":"\u00c1rea del coraz\u00f3n","description":"","publisher":{"@id":"https:\/\/riberasalud.com\/area-del-corazon\/#organization"},"potentialAction":[{"@type":"SearchAction","target":{"@type":"EntryPoint","urlTemplate":"https:\/\/riberasalud.com\/area-del-corazon\/?s={search_term_string}"},"query-input":{"@type":"PropertyValueSpecification","valueRequired":true,"valueName":"search_term_string"}}],"inLanguage":"es"},{"@type":"Organization","@id":"https:\/\/riberasalud.com\/area-del-corazon\/#organization","name":"\u00c1rea del coraz\u00f3n","url":"https:\/\/riberasalud.com\/area-del-corazon\/","logo":{"@type":"ImageObject","inLanguage":"es","@id":"https:\/\/riberasalud.com\/area-del-corazon\/#\/schema\/logo\/image\/","url":"https:\/\/riberasalud.com\/area-del-corazon\/wp-content\/uploads\/2022\/09\/cropped-Logotipo-Red-qgbhgk.png","contentUrl":"https:\/\/riberasalud.com\/area-del-corazon\/wp-content\/uploads\/2022\/09\/cropped-Logotipo-Red-qgbhgk.png","width":5001,"height":1976,"caption":"\u00c1rea del coraz\u00f3n"},"image":{"@id":"https:\/\/riberasalud.com\/area-del-corazon\/#\/schema\/logo\/image\/"}}]}},"_links":{"self":[{"href":"https:\/\/riberasalud.com\/area-del-corazon\/wp-json\/wp\/v2\/pages\/222","targetHints":{"allow":["GET"]}}],"collection":[{"href":"https:\/\/riberasalud.com\/area-del-corazon\/wp-json\/wp\/v2\/pages"}],"about":[{"href":"https:\/\/riberasalud.com\/area-del-corazon\/wp-json\/wp\/v2\/types\/page"}],"author":[{"embeddable":true,"href":"https:\/\/riberasalud.com\/area-del-corazon\/wp-json\/wp\/v2\/users\/1"}],"replies":[{"embeddable":true,"href":"https:\/\/riberasalud.com\/area-del-corazon\/wp-json\/wp\/v2\/comments?post=222"}],"version-history":[{"count":18,"href":"https:\/\/riberasalud.com\/area-del-corazon\/wp-json\/wp\/v2\/pages\/222\/revisions"}],"predecessor-version":[{"id":468,"href":"https:\/\/riberasalud.com\/area-del-corazon\/wp-json\/wp\/v2\/pages\/222\/revisions\/468"}],"wp:attachment":[{"href":"https:\/\/riberasalud.com\/area-del-corazon\/wp-json\/wp\/v2\/media?parent=222"}],"curies":[{"name":"wp","href":"https:\/\/api.w.org\/{rel}","templated":true}]}}