{"id":487,"date":"2021-04-01T13:27:30","date_gmt":"2021-04-01T13:27:30","guid":{"rendered":"https:\/\/riberasalud.com\/area-de-mama\/?page_id=487"},"modified":"2021-09-08T09:23:37","modified_gmt":"2021-09-08T09:23:37","slug":"cirugia-oncoplastica","status":"publish","type":"page","link":"https:\/\/riberasalud.com\/area-de-mama\/cirugia-oncoplastica\/","title":{"rendered":"Cirug\u00eda oncopl\u00e1stica"},"content":{"rendered":"\n<div class=\"backgroundbanner backgroundbanner backgroundbanner backgroundbanner backgroundbanner backgroundbanner backgroundbanner backgroundbanner backgroundbanner backgroundbanner wp-block-group backgroundbanner\"><div class=\"wp-block-group__inner-container is-layout-flow wp-block-group-is-layout-flow\">\n<p class=\"has-text-align-center\" style=\"font-size:40px\"><span class=\"ugb-highlight\" style=\"color: #4b4a4a;\">Cirug\u00eda oncopl\u00e1stica<\/span><\/p>\n<\/div><\/div>\n\n\n\n<div class=\"wp-block-group\"><div class=\"wp-block-group__inner-container is-layout-flow wp-block-group-is-layout-flow\">\n<div class=\"wp-block-columns is-layout-flex wp-container-core-columns-is-layout-9d6595d7 wp-block-columns-is-layout-flex\">\n<div class=\"wp-block-column is-layout-flow wp-block-column-is-layout-flow\" style=\"flex-basis:50%\">\n<p style=\"font-size:14px\">El \u00c1rea de la Mama del grupo sanitario Ribera pone a disposici\u00f3n de las pacientes <strong>t\u00e9cnicas de cirug\u00eda innovadoras<\/strong> que nos sit\u00faan en la vanguardia del tratamiento quir\u00fargico del c\u00e1ncer de mama, en un entorno seguro y humano.<\/p>\n\n\n\n<p style=\"font-size:14px\">La <strong>cirug\u00eda oncopl\u00e1stica<\/strong> es una nueva especialidad que aplica t\u00e9cnicas de cirug\u00eda pl\u00e1stica al tratamiento del c\u00e1ncer de mama, con el <strong>objetivo de minimizar la alteraci\u00f3n en la imagen corporal de la mujer y conseguir la mejor calidad de vida<\/strong> despu\u00e9s del tratamiento.<\/p>\n\n\n\n<p style=\"font-size:14px\">Apostamos por un tratamiento integral, incorporando todas las t\u00e9cnicas disponibles, como la nueva cirug\u00eda endosc\u00f3pica de la mama, la reconstrucci\u00f3n mamaria con tecnolog\u00eda innovadora o el tatuaje permanente para la reconstrucci\u00f3n de la areola y el pez\u00f3n.<\/p>\n<\/div>\n\n\n\n<div class=\"wp-block-column is-layout-flow wp-block-column-is-layout-flow\" style=\"flex-basis:50%\">\n<figure class=\"wp-block-embed is-type-video is-provider-youtube wp-block-embed-youtube wp-embed-aspect-16-9 wp-has-aspect-ratio\"><div class=\"wp-block-embed__wrapper\">\n<iframe loading=\"lazy\" title=\"Cirugi\u0301a Oncopla\u0301stica y Conservadora\" width=\"1200\" height=\"675\" src=\"https:\/\/www.youtube.com\/embed\/oNI47vPGMho?feature=oembed\" frameborder=\"0\" allow=\"accelerometer; autoplay; clipboard-write; encrypted-media; gyroscope; picture-in-picture\" allowfullscreen><\/iframe>\n<\/div><\/figure>\n<\/div>\n<\/div>\n\n\n\n<div class=\"wp-block-columns is-layout-flex wp-container-core-columns-is-layout-9d6595d7 wp-block-columns-is-layout-flex\">\n<div class=\"wp-block-column is-layout-flow wp-block-column-is-layout-flow\">\n<figure class=\"wp-block-image size-large\"><img loading=\"lazy\" decoding=\"async\" width=\"1000\" height=\"750\" src=\"https:\/\/riberasalud.com\/area-de-mama\/wp-content\/uploads\/2021\/05\/IMG-20210423-WA0015.jpg\" alt=\"\" class=\"wp-image-767\" srcset=\"https:\/\/riberasalud.com\/area-de-mama\/wp-content\/uploads\/2021\/05\/IMG-20210423-WA0015.jpg 1000w, https:\/\/riberasalud.com\/area-de-mama\/wp-content\/uploads\/2021\/05\/IMG-20210423-WA0015-300x225.jpg 300w, https:\/\/riberasalud.com\/area-de-mama\/wp-content\/uploads\/2021\/05\/IMG-20210423-WA0015-768x576.jpg 768w\" sizes=\"auto, (max-width: 1000px) 100vw, 1000px\" \/><\/figure>\n<\/div>\n\n\n\n<div class=\"wp-block-column is-layout-flow wp-block-column-is-layout-flow\">\n<p style=\"font-size:14px\">Las <strong>intervenciones quir\u00fargicas se realizan de modo personalizado<\/strong>, en funci\u00f3n de la forma y tama\u00f1o de las mamas, la localizaci\u00f3n del tumor y las preferencias de la paciente, siempre que sean compatibles con el criterio cl\u00ednico. Adem\u00e1s, son realizadas de modo conjunto por los cirujanos oncol\u00f3gicos y cirujanos pl\u00e1sticos, y planificadas en colaboraci\u00f3n con todo el equipo de radi\u00f3logos, pat\u00f3logos y onc\u00f3logos de nuestras unidades.<\/p>\n\n\n\n<p style=\"font-size:14px\">De este modo se consiguen cicatrices m\u00ednimamente visibles, sin asimetr\u00edas ni deformidades, y en los casos en los que se realiza una mastectom\u00eda, apostamos decididamente por la reconstrucci\u00f3n mamaria en el mismo acto quir\u00fargico.<\/p>\n\n\n\n<p style=\"font-size:14px\">Contamos con t\u00e9cnicas anest\u00e9sicas que nos permiten minimizar el dolor postoperatorio, de tal modo que muchas pacientes pueden ser dadas de alta el mismo d\u00eda de la intervenci\u00f3n, alterando lo menos posible su vida familiar. Nuestras consultas abiertas en las unidades de mama de los diferentes centros sanitarios del grupo Ribera est\u00e1n a disposici\u00f3n de las pacientes, para acudir libremente y trasladar todas las dudas que les pueden surgir durante el tratamiento.<\/p>\n<\/div>\n<\/div>\n<\/div><\/div>\n","protected":false},"excerpt":{"rendered":"<p>Cirug\u00eda oncopl\u00e1stica El \u00c1rea de la Mama del grupo sanitario Ribera pone a disposici\u00f3n de las pacientes t\u00e9cnicas de cirug\u00eda innovadoras que nos sit\u00faan en la vanguardia del tratamiento quir\u00fargico del c\u00e1ncer de mama, en un entorno seguro y humano. La cirug\u00eda oncopl\u00e1stica es una nueva especialidad que aplica t\u00e9cnicas de cirug\u00eda pl\u00e1stica al tratamiento &#8230; <a title=\"Cirug\u00eda oncopl\u00e1stica\" class=\"read-more\" href=\"https:\/\/riberasalud.com\/area-de-mama\/cirugia-oncoplastica\/\" aria-label=\"Leer m\u00e1s sobre Cirug\u00eda oncopl\u00e1stica\">Leer m\u00e1s<\/a><\/p>\n","protected":false},"author":1,"featured_media":0,"parent":0,"menu_order":0,"comment_status":"closed","ping_status":"closed","template":"","meta":{"_coblocks_attr":"","_coblocks_dimensions":"","_coblocks_responsive_height":"","_coblocks_accordion_ie_support":"","_uag_custom_page_level_css":"","advgb_blocks_editor_width":"","advgb_blocks_columns_visual_guide":"","_themeisle_gutenberg_block_has_review":false,"footnotes":""},"class_list":["post-487","page","type-page","status-publish"],"yoast_head":"<!-- This site is optimized with the Yoast SEO plugin v26.6 - https:\/\/yoast.com\/wordpress\/plugins\/seo\/ -->\n<title>\u25b7 Cirug\u00eda oncopl\u00e1stica - Ribera Salud \u00c1rea de Mama<\/title>\n<meta name=\"description\" content=\"lll\u1405 Cirug\u00eda oncopl\u00e1stica El \u00c1rea de la Mama del grupo sanitario Ribera pone a disposici\u00f3n de las pacientes t\u00e9cnicas de cirug\u00eda innovadoras que nos sit\u00faan en \u2705\" \/>\n<meta name=\"robots\" content=\"index, follow, max-snippet:-1, max-image-preview:large, max-video-preview:-1\" \/>\n<link rel=\"canonical\" href=\"https:\/\/riberasalud.com\/area-de-mama\/cirugia-oncoplastica\/\" \/>\n<meta property=\"og:locale\" content=\"es_ES\" \/>\n<meta property=\"og:type\" content=\"article\" \/>\n<meta property=\"og:title\" content=\"\u25b7 Cirug\u00eda oncopl\u00e1stica - Ribera Salud \u00c1rea de Mama\" \/>\n<meta property=\"og:description\" content=\"lll\u1405 Cirug\u00eda oncopl\u00e1stica El \u00c1rea de la Mama del grupo sanitario Ribera pone a disposici\u00f3n de las pacientes t\u00e9cnicas de cirug\u00eda innovadoras que nos sit\u00faan en \u2705\" \/>\n<meta property=\"og:url\" content=\"https:\/\/riberasalud.com\/area-de-mama\/cirugia-oncoplastica\/\" \/>\n<meta property=\"og:site_name\" content=\"Ribera Salud \u00c1rea de Mama\" \/>\n<meta property=\"article:modified_time\" content=\"2021-09-08T09:23:37+00:00\" \/>\n<meta property=\"og:image\" content=\"https:\/\/riberasalud.com\/area-de-mama\/wp-content\/uploads\/2021\/05\/IMG-20210423-WA0015.jpg\" \/>\n<meta name=\"twitter:card\" content=\"summary_large_image\" \/>\n<meta name=\"twitter:label1\" content=\"Tiempo de lectura\" \/>\n\t<meta name=\"twitter:data1\" content=\"2 minutos\" \/>\n<script type=\"application\/ld+json\" class=\"yoast-schema-graph\">{\"@context\":\"https:\/\/schema.org\",\"@graph\":[{\"@type\":\"WebPage\",\"@id\":\"https:\/\/riberasalud.com\/area-de-mama\/cirugia-oncoplastica\/\",\"url\":\"https:\/\/riberasalud.com\/area-de-mama\/cirugia-oncoplastica\/\",\"name\":\"\u25b7 Cirug\u00eda oncopl\u00e1stica - Ribera Salud \u00c1rea de Mama\",\"isPartOf\":{\"@id\":\"https:\/\/riberasalud.com\/area-de-mama\/#website\"},\"primaryImageOfPage\":{\"@id\":\"https:\/\/riberasalud.com\/area-de-mama\/cirugia-oncoplastica\/#primaryimage\"},\"image\":{\"@id\":\"https:\/\/riberasalud.com\/area-de-mama\/cirugia-oncoplastica\/#primaryimage\"},\"thumbnailUrl\":\"https:\/\/riberasalud.com\/area-de-mama\/wp-content\/uploads\/2021\/05\/IMG-20210423-WA0015.jpg\",\"datePublished\":\"2021-04-01T13:27:30+00:00\",\"dateModified\":\"2021-09-08T09:23:37+00:00\",\"description\":\"lll\u1405 Cirug\u00eda oncopl\u00e1stica El \u00c1rea de la Mama del grupo sanitario Ribera pone a disposici\u00f3n de las pacientes t\u00e9cnicas de cirug\u00eda innovadoras que nos sit\u00faan en \u2705\",\"breadcrumb\":{\"@id\":\"https:\/\/riberasalud.com\/area-de-mama\/cirugia-oncoplastica\/#breadcrumb\"},\"inLanguage\":\"es\",\"potentialAction\":[{\"@type\":\"ReadAction\",\"target\":[\"https:\/\/riberasalud.com\/area-de-mama\/cirugia-oncoplastica\/\"]}]},{\"@type\":\"ImageObject\",\"inLanguage\":\"es\",\"@id\":\"https:\/\/riberasalud.com\/area-de-mama\/cirugia-oncoplastica\/#primaryimage\",\"url\":\"https:\/\/riberasalud.com\/area-de-mama\/wp-content\/uploads\/2021\/05\/IMG-20210423-WA0015.jpg\",\"contentUrl\":\"https:\/\/riberasalud.com\/area-de-mama\/wp-content\/uploads\/2021\/05\/IMG-20210423-WA0015.jpg\",\"width\":1000,\"height\":750},{\"@type\":\"BreadcrumbList\",\"@id\":\"https:\/\/riberasalud.com\/area-de-mama\/cirugia-oncoplastica\/#breadcrumb\",\"itemListElement\":[{\"@type\":\"ListItem\",\"position\":1,\"name\":\"Portada\",\"item\":\"https:\/\/riberasalud.com\/area-de-mama\/\"},{\"@type\":\"ListItem\",\"position\":2,\"name\":\"Cirug\u00eda oncopl\u00e1stica\"}]},{\"@type\":\"WebSite\",\"@id\":\"https:\/\/riberasalud.com\/area-de-mama\/#website\",\"url\":\"https:\/\/riberasalud.com\/area-de-mama\/\",\"name\":\"Ribera Salud \u00c1rea de Mama\",\"description\":\"\",\"publisher\":{\"@id\":\"https:\/\/riberasalud.com\/area-de-mama\/#organization\"},\"potentialAction\":[{\"@type\":\"SearchAction\",\"target\":{\"@type\":\"EntryPoint\",\"urlTemplate\":\"https:\/\/riberasalud.com\/area-de-mama\/?s={search_term_string}\"},\"query-input\":{\"@type\":\"PropertyValueSpecification\",\"valueRequired\":true,\"valueName\":\"search_term_string\"}}],\"inLanguage\":\"es\"},{\"@type\":\"Organization\",\"@id\":\"https:\/\/riberasalud.com\/area-de-mama\/#organization\",\"name\":\"Ribera Salud \u00c1rea de Mama\",\"url\":\"https:\/\/riberasalud.com\/area-de-mama\/\",\"logo\":{\"@type\":\"ImageObject\",\"inLanguage\":\"es\",\"@id\":\"https:\/\/riberasalud.com\/area-de-mama\/#\/schema\/logo\/image\/\",\"url\":\"https:\/\/riberasalud.com\/area-de-mama\/wp-content\/uploads\/2021\/02\/cropped-Logotipo-White-1.png\",\"contentUrl\":\"https:\/\/riberasalud.com\/area-de-mama\/wp-content\/uploads\/2021\/02\/cropped-Logotipo-White-1.png\",\"width\":1200,\"height\":474,\"caption\":\"Ribera Salud \u00c1rea de Mama\"},\"image\":{\"@id\":\"https:\/\/riberasalud.com\/area-de-mama\/#\/schema\/logo\/image\/\"}}]}<\/script>\n<!-- \/ Yoast SEO plugin. -->","yoast_head_json":{"title":"\u25b7 Cirug\u00eda oncopl\u00e1stica - Ribera Salud \u00c1rea de Mama","description":"lll\u1405 Cirug\u00eda oncopl\u00e1stica El \u00c1rea de la Mama del grupo sanitario Ribera pone a disposici\u00f3n de las pacientes t\u00e9cnicas de cirug\u00eda innovadoras que nos sit\u00faan en \u2705","robots":{"index":"index","follow":"follow","max-snippet":"max-snippet:-1","max-image-preview":"max-image-preview:large","max-video-preview":"max-video-preview:-1"},"canonical":"https:\/\/riberasalud.com\/area-de-mama\/cirugia-oncoplastica\/","og_locale":"es_ES","og_type":"article","og_title":"\u25b7 Cirug\u00eda oncopl\u00e1stica - Ribera Salud \u00c1rea de Mama","og_description":"lll\u1405 Cirug\u00eda oncopl\u00e1stica El \u00c1rea de la Mama del grupo sanitario Ribera pone a disposici\u00f3n de las pacientes t\u00e9cnicas de cirug\u00eda innovadoras que nos sit\u00faan en \u2705","og_url":"https:\/\/riberasalud.com\/area-de-mama\/cirugia-oncoplastica\/","og_site_name":"Ribera Salud \u00c1rea de Mama","article_modified_time":"2021-09-08T09:23:37+00:00","og_image":[{"url":"https:\/\/riberasalud.com\/area-de-mama\/wp-content\/uploads\/2021\/05\/IMG-20210423-WA0015.jpg","type":"","width":"","height":""}],"twitter_card":"summary_large_image","twitter_misc":{"Tiempo de lectura":"2 minutos"},"schema":{"@context":"https:\/\/schema.org","@graph":[{"@type":"WebPage","@id":"https:\/\/riberasalud.com\/area-de-mama\/cirugia-oncoplastica\/","url":"https:\/\/riberasalud.com\/area-de-mama\/cirugia-oncoplastica\/","name":"\u25b7 Cirug\u00eda oncopl\u00e1stica - Ribera Salud \u00c1rea de Mama","isPartOf":{"@id":"https:\/\/riberasalud.com\/area-de-mama\/#website"},"primaryImageOfPage":{"@id":"https:\/\/riberasalud.com\/area-de-mama\/cirugia-oncoplastica\/#primaryimage"},"image":{"@id":"https:\/\/riberasalud.com\/area-de-mama\/cirugia-oncoplastica\/#primaryimage"},"thumbnailUrl":"https:\/\/riberasalud.com\/area-de-mama\/wp-content\/uploads\/2021\/05\/IMG-20210423-WA0015.jpg","datePublished":"2021-04-01T13:27:30+00:00","dateModified":"2021-09-08T09:23:37+00:00","description":"lll\u1405 Cirug\u00eda oncopl\u00e1stica El \u00c1rea de la Mama del grupo sanitario Ribera pone a disposici\u00f3n de las pacientes t\u00e9cnicas de cirug\u00eda innovadoras que nos sit\u00faan en \u2705","breadcrumb":{"@id":"https:\/\/riberasalud.com\/area-de-mama\/cirugia-oncoplastica\/#breadcrumb"},"inLanguage":"es","potentialAction":[{"@type":"ReadAction","target":["https:\/\/riberasalud.com\/area-de-mama\/cirugia-oncoplastica\/"]}]},{"@type":"ImageObject","inLanguage":"es","@id":"https:\/\/riberasalud.com\/area-de-mama\/cirugia-oncoplastica\/#primaryimage","url":"https:\/\/riberasalud.com\/area-de-mama\/wp-content\/uploads\/2021\/05\/IMG-20210423-WA0015.jpg","contentUrl":"https:\/\/riberasalud.com\/area-de-mama\/wp-content\/uploads\/2021\/05\/IMG-20210423-WA0015.jpg","width":1000,"height":750},{"@type":"BreadcrumbList","@id":"https:\/\/riberasalud.com\/area-de-mama\/cirugia-oncoplastica\/#breadcrumb","itemListElement":[{"@type":"ListItem","position":1,"name":"Portada","item":"https:\/\/riberasalud.com\/area-de-mama\/"},{"@type":"ListItem","position":2,"name":"Cirug\u00eda oncopl\u00e1stica"}]},{"@type":"WebSite","@id":"https:\/\/riberasalud.com\/area-de-mama\/#website","url":"https:\/\/riberasalud.com\/area-de-mama\/","name":"Ribera Salud \u00c1rea de Mama","description":"","publisher":{"@id":"https:\/\/riberasalud.com\/area-de-mama\/#organization"},"potentialAction":[{"@type":"SearchAction","target":{"@type":"EntryPoint","urlTemplate":"https:\/\/riberasalud.com\/area-de-mama\/?s={search_term_string}"},"query-input":{"@type":"PropertyValueSpecification","valueRequired":true,"valueName":"search_term_string"}}],"inLanguage":"es"},{"@type":"Organization","@id":"https:\/\/riberasalud.com\/area-de-mama\/#organization","name":"Ribera Salud \u00c1rea de Mama","url":"https:\/\/riberasalud.com\/area-de-mama\/","logo":{"@type":"ImageObject","inLanguage":"es","@id":"https:\/\/riberasalud.com\/area-de-mama\/#\/schema\/logo\/image\/","url":"https:\/\/riberasalud.com\/area-de-mama\/wp-content\/uploads\/2021\/02\/cropped-Logotipo-White-1.png","contentUrl":"https:\/\/riberasalud.com\/area-de-mama\/wp-content\/uploads\/2021\/02\/cropped-Logotipo-White-1.png","width":1200,"height":474,"caption":"Ribera Salud \u00c1rea de Mama"},"image":{"@id":"https:\/\/riberasalud.com\/area-de-mama\/#\/schema\/logo\/image\/"}}]}},"pbg_featured_image_src":{"full":false,"thumbnail":false,"medium":false,"medium_large":false,"large":false,"xl":false,"xxl":false,"xxxl":false,"xxxxl":false,"xxxxxl":false,"1536x1536":false,"2048x2048":false},"pbg_author_info":{"display_name":"jorge@quois.com","author_link":"https:\/\/riberasalud.com\/area-de-mama\/author\/jorgequois-com\/","author_img":"<img alt='jorge@quois.com' src='https:\/\/secure.gravatar.com\/avatar\/bca8cccf11ce6757dcdec6ce293d120c16d33c83aeb423357cce3f49f3abae94?s=128&#038;d=mm&#038;r=g' srcset='https:\/\/secure.gravatar.com\/avatar\/bca8cccf11ce6757dcdec6ce293d120c16d33c83aeb423357cce3f49f3abae94?s=256&#038;d=mm&#038;r=g 2x' class='avatar avatar-128 photo' height='128' width='128' loading='lazy' decoding='async'\/>"},"pbg_comment_info":" No Comments","pbg_excerpt":"Cirug\u00eda oncopl\u00e1stica El \u00c1rea de la Mama del grupo sanitario Ribera pone a disposici\u00f3n de las pacientes t\u00e9cnicas de cirug\u00eda innovadoras que nos sit\u00faan en la vanguardia del tratamiento quir\u00fargico del c\u00e1ncer de mama, en un entorno seguro y humano. La cirug\u00eda oncopl\u00e1stica es una nueva especialidad que aplica t\u00e9cnicas de cirug\u00eda pl\u00e1stica al tratamiento&hellip;","uagb_featured_image_src":{"full":false,"thumbnail":false,"medium":false,"medium_large":false,"large":false,"xl":false,"xxl":false,"xxxl":false,"xxxxl":false,"xxxxxl":false,"1536x1536":false,"2048x2048":false},"uagb_author_info":{"display_name":"jorge@quois.com","author_link":"https:\/\/riberasalud.com\/area-de-mama\/author\/jorgequois-com\/"},"uagb_comment_info":0,"uagb_excerpt":"Cirug\u00eda oncopl\u00e1stica El \u00c1rea de la Mama del grupo sanitario Ribera pone a disposici\u00f3n de las pacientes t\u00e9cnicas de cirug\u00eda innovadoras que nos sit\u00faan en la vanguardia del tratamiento quir\u00fargico del c\u00e1ncer de mama, en un entorno seguro y humano. La cirug\u00eda oncopl\u00e1stica es una nueva especialidad que aplica t\u00e9cnicas de cirug\u00eda pl\u00e1stica al tratamiento&hellip;","coauthors":[],"author_meta":{"author_link":"https:\/\/riberasalud.com\/area-de-mama\/author\/jorgequois-com\/","display_name":"jorge@quois.com"},"relative_dates":{"created":"Publicado 5 a\u00f1os hace","modified":"Actualizado 5 a\u00f1os hace"},"absolute_dates":{"created":"Publicado el 1 de abril de 2021","modified":"Actualizado el 8 de septiembre de 2021"},"absolute_dates_time":{"created":"Publicado el 1 de abril de 2021 13:27","modified":"Actualizado el 8 de septiembre de 2021 09:23"},"featured_img_caption":"","featured_img":false,"series_order":"","_links":{"self":[{"href":"https:\/\/riberasalud.com\/area-de-mama\/wp-json\/wp\/v2\/pages\/487","targetHints":{"allow":["GET"]}}],"collection":[{"href":"https:\/\/riberasalud.com\/area-de-mama\/wp-json\/wp\/v2\/pages"}],"about":[{"href":"https:\/\/riberasalud.com\/area-de-mama\/wp-json\/wp\/v2\/types\/page"}],"author":[{"embeddable":true,"href":"https:\/\/riberasalud.com\/area-de-mama\/wp-json\/wp\/v2\/users\/1"}],"replies":[{"embeddable":true,"href":"https:\/\/riberasalud.com\/area-de-mama\/wp-json\/wp\/v2\/comments?post=487"}],"version-history":[{"count":11,"href":"https:\/\/riberasalud.com\/area-de-mama\/wp-json\/wp\/v2\/pages\/487\/revisions"}],"predecessor-version":[{"id":813,"href":"https:\/\/riberasalud.com\/area-de-mama\/wp-json\/wp\/v2\/pages\/487\/revisions\/813"}],"wp:attachment":[{"href":"https:\/\/riberasalud.com\/area-de-mama\/wp-json\/wp\/v2\/media?parent=487"}],"curies":[{"name":"wp","href":"https:\/\/api.w.org\/{rel}","templated":true}]}}